{"id":18,"date":"2024-04-04T03:16:33","date_gmt":"2024-04-04T00:16:33","guid":{"rendered":"https:\/\/sisu.ut.ee\/robot\/52-nupp\/"},"modified":"2024-04-04T03:16:43","modified_gmt":"2024-04-04T00:16:43","slug":"52-nupp","status":"publish","type":"page","link":"https:\/\/sisu.ut.ee\/robot\/52-nupp\/","title":{"rendered":"5.2. Nupp"},"content":{"rendered":"<p><span>N\u00fc\u00fcd on sul olemas teoreetilised teadmised, kuidas k\u00e4ib andurite kasutamine. Seda reaalsete andurite peal l\u00e4bi proovida pole aga veel saanud. Edasi uurimegi mBot-i peal olevaid andureid: kuidas neid kasutatakse ja mis on nende rakendused.<\/span><\/p>\n<p>Alustada tuleb loomulikult lihtsamatest anduritest. K\u00f5ige lihtsam mBot-i peal olev andur on nupp. J\u00e4rgnevas videos \u00f5pid, miks nuppu saab lugeda anduriks. Lisaks uurime mBot-i nupu kasutamist ja erip\u00e4rasid.<\/p>\n<p><\/p><div class=\"ratio ratio-16x9 mb-3\"><div class=\"video-placeholder-wrapper video-placeholder-wrapper--16x9\">\n\t\t\t    <div class=\"video-placeholder d-flex justify-content-center align-items-center\">\n\t\t\t        <div class=\"overlay text-white p-2 w-100 text-center d-block justify-content-center align-items-center\">\n\t\t\t            <div>Kolmandate osapoolte sisu n\u00e4gemiseks palun n\u00f5ustu k\u00fcpsistega.<\/div>\n\t\t\t            <button class=\"btn btn-secondary btn-sm mt-1 consent-change\">Muuda n\u00f5usolekut<\/button>\n\t\t\t        <\/div>\n\t\t\t    <\/div>\n\t\t\t<\/div>\n<\/div>\n<p style=\"text-align: center\"><a style=\"background-color: #ffffff\" href=\"https:\/\/youtu.be\/igTKZl_7fHY\" target=\"_blank\" rel=\"noopener\">https:\/\/youtu.be\/igTKZl_7fHY<\/a><\/p>\n\n<div class=\"valem-m6tlekaasa\">\n<h3><img loading=\"lazy\" decoding=\"async\" width=\"40\" height=\"33\" class=\"alignnone wp-image-28\" src=\"https:\/\/sisu.ut.ee\/wp-content\/uploads\/sites\/198\/robot_motle.png\" title=\"robot_motle.png\" alt=\"robot_motle.png\">Tee kaasa!<\/h3>\n<p><strong>Kirjuta valmis programm, mis loeb nupu \u00fchendusviigu n\u00e4itu ja saadab selle Serial-i abil arvutisse. Uuri, mis on viigu v\u00e4\u00e4rtus, kui nuppu vajutada v\u00f5i mitte.<\/strong><\/p>\n<\/div>\n\n<div class=\"valem-m6tlekaasa\">\n<h3><img loading=\"lazy\" decoding=\"async\" width=\"40\" height=\"33\" class=\"alignnone wp-image-28\" src=\"https:\/\/sisu.ut.ee\/wp-content\/uploads\/sites\/198\/robot_motle.png\" title=\"robot_motle.png\" alt=\"robot_motle.png\">Pea meeles!<\/h3>\n<ul>\n<li><strong>mBot-i nupp on \u00fchendatud viigu \u201cA7\u201d k\u00fclge.<\/strong><\/li>\n<li><strong>mBot-i nupu lugemiseks tuleb kasutada funktsiooni \u201canalogRead(AADRESS);\u201d<\/strong><\/li>\n<\/ul>\n<\/div>\n<p><span id=\"docs-internal-guid-a6eeb87c-b219-17ac-06ad-00736a2a7aba\"><span>\u00a0<\/span><\/span><\/p>\n","protected":false},"excerpt":{"rendered":"<p>N\u00fc\u00fcd on sul olemas teoreetilised teadmised, kuidas k\u00e4ib andurite kasutamine. Seda reaalsete andurite peal l\u00e4bi proovida pole aga veel saanud. Edasi uurimegi mBot-i peal olevaid andureid: kuidas neid kasutatakse ja mis on nende rakendused. Alustada tuleb loomulikult lihtsamatest anduritest. K\u00f5ige &#8230;<\/p>\n","protected":false},"author":98,"featured_media":0,"parent":0,"menu_order":0,"comment_status":"closed","ping_status":"closed","template":"","meta":{"_acf_changed":false,"inline_featured_image":false,"footnotes":""},"class_list":["post-18","page","type-page","status-publish","hentry"],"acf":[],"_links":{"self":[{"href":"https:\/\/sisu.ut.ee\/robot\/wp-json\/wp\/v2\/pages\/18","targetHints":{"allow":["GET"]}}],"collection":[{"href":"https:\/\/sisu.ut.ee\/robot\/wp-json\/wp\/v2\/pages"}],"about":[{"href":"https:\/\/sisu.ut.ee\/robot\/wp-json\/wp\/v2\/types\/page"}],"author":[{"embeddable":true,"href":"https:\/\/sisu.ut.ee\/robot\/wp-json\/wp\/v2\/users\/98"}],"replies":[{"embeddable":true,"href":"https:\/\/sisu.ut.ee\/robot\/wp-json\/wp\/v2\/comments?post=18"}],"version-history":[{"count":1,"href":"https:\/\/sisu.ut.ee\/robot\/wp-json\/wp\/v2\/pages\/18\/revisions"}],"predecessor-version":[{"id":85,"href":"https:\/\/sisu.ut.ee\/robot\/wp-json\/wp\/v2\/pages\/18\/revisions\/85"}],"wp:attachment":[{"href":"https:\/\/sisu.ut.ee\/robot\/wp-json\/wp\/v2\/media?parent=18"}],"curies":[{"name":"wp","href":"https:\/\/api.w.org\/{rel}","templated":true}]}}