{"id":128,"date":"2024-04-12T13:48:17","date_gmt":"2024-04-12T10:48:17","guid":{"rendered":"https:\/\/sisu.ut.ee\/robot\/enesetest-5a\/"},"modified":"2024-04-12T13:48:17","modified_gmt":"2024-04-12T10:48:17","slug":"enesetest-5a","status":"publish","type":"page","link":"https:\/\/sisu.ut.ee\/robot\/enesetest-5a\/","title":{"rendered":"Enesetest 5A"},"content":{"rendered":"<div id=\"watupro_quiz\" class=\"quiz-area single-page-quiz\">\n<p id=\"submittingExam6\" style=\"display:none;text-align:center;\"><img loading=\"lazy\" decoding=\"async\" src=\"https:\/\/sisu.ut.ee\/wp-content\/plugins\/watupro\/img\/loading.gif\" width=\"16\" height=\"16\"><\/p>\n\n<div class=\"watupro-exam-description\" id=\"description-quiz-6\"><p><span id=\"docs-internal-guid-a6eeb87c-b1a1-f8e7-1ceb-6ab18cd76ad2\">J\u00e4rgneva enesetestiga saad kontrollida, kas omandasid andurite peat\u00fcki materjali piisaval tasemel. Head lahendamist!<\/span><\/p>\n<\/div>\n\n<form action=\"\" method=\"post\" class=\"quiz-form\" id=\"quiz-6\" enctype=\"multipart\/form-data\">\n<div class=\"watu-question \" id=\"question-1\" style=\";\"><div id=\"questionWrap-1\" class=\"  watupro-required-64 watupro-question-id-64\">\n\t\t\t<div class=\"question-content\"><div><p><span id=\"docs-internal-guid-a6eeb87c-b1a9-f566-ce74-34c326c25487\"><span>Keeruliste digitaalanduritega suhtlemine on raskem, kui selleks vajalikud teegid on ette antud.<\/span><\/span><\/p><\/div><input type=\"hidden\" name=\"question_id[]\" id=\"qID_1\" value=\"64\" class=\"watupro-question-id\"><input type=\"hidden\" id=\"answerType64\" class=\"answerTypeCnt1\" value=\"radio\"><input type=\"hidden\" id=\"watupro-required-question-64\"><!-- end question-content--><\/div><div class=\"question-choices watupro-choices-columns \" id=\"questionChoices64\"><div class=\"watupro-question-choice  \" dir=\"auto\"><input type=\"radio\" name=\"answer-64[]\" id=\"answer-id-209\" class=\"answer   answerof-64 \" value=\"209\"><label for=\"answer-id-209\" id=\"answer-label-209\" class=\" answer\"><span><p><span id=\"docs-internal-guid-a6eeb87c-b1aa-5ecb-5271-be48fc41de8e\"><span>Vale<\/span><\/span><\/p><\/span><\/label><\/div><div class=\"watupro-question-choice  \" dir=\"auto\"><input type=\"radio\" name=\"answer-64[]\" id=\"answer-id-208\" class=\"answer   answerof-64 \" value=\"208\"><label for=\"answer-id-208\" id=\"answer-label-208\" class=\" answer\"><span><p><span id=\"docs-internal-guid-a6eeb87c-b1aa-4693-8ef7-3424d7787e99\"><span>\u00d5ige<\/span><\/span><\/p><\/span><\/label><\/div><!-- end question-choices--><\/div><!-- end questionWrap--><\/div><\/div><div class=\"watu-question \" id=\"question-2\" style=\";\"><div id=\"questionWrap-2\" class=\"  watupro-required-59 watupro-question-id-59\">\n\t\t\t<div class=\"question-content\"><div><p><span id=\"docs-internal-guid-a6eeb87c-b1a5-55d4-eb27-1ca95805d167\"><span>Analooganduri n\u00e4idu lugemiseks kasutan funktsiooni:<\/span><\/span><\/p><\/div><input type=\"hidden\" name=\"question_id[]\" id=\"qID_2\" value=\"59\" class=\"watupro-question-id\"><input type=\"hidden\" id=\"answerType59\" class=\"answerTypeCnt2\" value=\"radio\"><input type=\"hidden\" id=\"watupro-required-question-59\"><!-- end question-content--><\/div><div class=\"question-choices watupro-choices-columns \" id=\"questionChoices59\"><div class=\"watupro-question-choice  \" dir=\"auto\"><input type=\"radio\" name=\"answer-59[]\" id=\"answer-id-191\" class=\"answer   answerof-59 \" value=\"191\"><label for=\"answer-id-191\" id=\"answer-label-191\" class=\" answer\"><span><p><span id=\"docs-internal-guid-a6eeb87c-b1a5-e232-f674-e4e094fb641a\"><span>pinMode(AADRESS, INPUT);<\/span><\/span><\/p><\/span><\/label><\/div><div class=\"watupro-question-choice  \" dir=\"auto\"><input type=\"radio\" name=\"answer-59[]\" id=\"answer-id-190\" class=\"answer   answerof-59 \" value=\"190\"><label for=\"answer-id-190\" id=\"answer-label-190\" class=\" answer\"><span><p><span id=\"docs-internal-guid-a6eeb87c-b1a5-ab84-ee4a-7a54a4fbdb0b\"><span>read(AADRESS);<\/span><\/span><\/p><\/span><\/label><\/div><div class=\"watupro-question-choice  \" dir=\"auto\"><input type=\"radio\" name=\"answer-59[]\" id=\"answer-id-192\" class=\"answer   answerof-59 \" value=\"192\"><label for=\"answer-id-192\" id=\"answer-label-192\" class=\" answer\"><span><p><span id=\"docs-internal-guid-a6eeb87c-b1a5-fb87-2a53-91306fa8046d\"><span>analogRead(AADRESS);<\/span><\/span><\/p><\/span><\/label><\/div><div class=\"watupro-question-choice  \" dir=\"auto\"><input type=\"radio\" name=\"answer-59[]\" id=\"answer-id-193\" class=\"answer   answerof-59 \" value=\"193\"><label for=\"answer-id-193\" id=\"answer-label-193\" class=\" answer\"><span><p><span id=\"docs-internal-guid-a6eeb87c-b1a6-2066-d7e4-bd377c3e0dd1\"><span>digitalRead(AADRESS);<\/span><\/span><\/p><\/span><\/label><\/div><!-- end question-choices--><\/div><!-- end questionWrap--><\/div><\/div><div class=\"watu-question \" id=\"question-3\" style=\";\"><div id=\"questionWrap-3\" class=\"  watupro-required-63 watupro-question-id-63\">\n\t\t\t<div class=\"question-content\"><div><p><span id=\"docs-internal-guid-a6eeb87c-b1a9-53b9-a82f-ecb759b968fd\"><span>Keerulisemad digitaalandurid kasutavad suhtlemiseks mitmesuguseid suhtlusprotokolle.<\/span><\/span><\/p><\/div><input type=\"hidden\" name=\"question_id[]\" id=\"qID_3\" value=\"63\" class=\"watupro-question-id\"><input type=\"hidden\" id=\"answerType63\" class=\"answerTypeCnt3\" value=\"radio\"><input type=\"hidden\" id=\"watupro-required-question-63\"><!-- end question-content--><\/div><div class=\"question-choices watupro-choices-columns \" id=\"questionChoices63\"><div class=\"watupro-question-choice  \" dir=\"auto\"><input type=\"radio\" name=\"answer-63[]\" id=\"answer-id-207\" class=\"answer   answerof-63 \" value=\"207\"><label for=\"answer-id-207\" id=\"answer-label-207\" class=\" answer\"><span><p><span id=\"docs-internal-guid-a6eeb87c-b1a9-b601-f584-62e2bcfdc667\"><span>Vale<\/span><\/span><\/p><\/span><\/label><\/div><div class=\"watupro-question-choice  \" dir=\"auto\"><input type=\"radio\" name=\"answer-63[]\" id=\"answer-id-206\" class=\"answer   answerof-63 \" value=\"206\"><label for=\"answer-id-206\" id=\"answer-label-206\" class=\" answer\"><span><p><span id=\"docs-internal-guid-a6eeb87c-b1a9-9da0-31b4-ca72e9fb076f\"><span>\u00d5ige<\/span><\/span><\/p><\/span><\/label><\/div><!-- end question-choices--><\/div><!-- end questionWrap--><\/div><\/div><div class=\"watu-question \" id=\"question-4\" style=\";\"><div id=\"questionWrap-4\" class=\"  watupro-required-60 watupro-question-id-60\">\n\t\t\t<div class=\"question-content\"><div><p><span id=\"docs-internal-guid-a6eeb87c-b1a6-627f-e846-30e4886ebae0\"><span>Arduino ADC on \u2026<\/span><\/span><\/p><\/div><input type=\"hidden\" name=\"question_id[]\" id=\"qID_4\" value=\"60\" class=\"watupro-question-id\"><input type=\"hidden\" id=\"answerType60\" class=\"answerTypeCnt4\" value=\"radio\"><input type=\"hidden\" id=\"watupro-required-question-60\"><!-- end question-content--><\/div><div class=\"question-choices watupro-choices-columns \" id=\"questionChoices60\"><div class=\"watupro-question-choice  \" dir=\"auto\"><input type=\"radio\" name=\"answer-60[]\" id=\"answer-id-196\" class=\"answer   answerof-60 \" value=\"196\"><label for=\"answer-id-196\" id=\"answer-label-196\" class=\" answer\"><span><p><span id=\"docs-internal-guid-a6eeb87c-b1a6-e84c-cf27-535ff2f4f677\"><span>12-bitine<\/span><\/span><\/p><\/span><\/label><\/div><div class=\"watupro-question-choice  \" dir=\"auto\"><input type=\"radio\" name=\"answer-60[]\" id=\"answer-id-194\" class=\"answer   answerof-60 \" value=\"194\"><label for=\"answer-id-194\" id=\"answer-label-194\" class=\" answer\"><span><p><span id=\"docs-internal-guid-a6eeb87c-b1a6-b1d3-8cfd-f0011b56b17f\"><span>8-bitine<\/span><\/span><\/p><\/span><\/label><\/div><div class=\"watupro-question-choice  \" dir=\"auto\"><input type=\"radio\" name=\"answer-60[]\" id=\"answer-id-197\" class=\"answer   answerof-60 \" value=\"197\"><label for=\"answer-id-197\" id=\"answer-label-197\" class=\" answer\"><span><p><span id=\"docs-internal-guid-a6eeb87c-b1a7-33cd-bf75-ce1604a289d2\"><span>20-bitine<\/span><\/span><\/p><\/span><\/label><\/div><div class=\"watupro-question-choice  \" dir=\"auto\"><input type=\"radio\" name=\"answer-60[]\" id=\"answer-id-195\" class=\"answer   answerof-60 \" value=\"195\"><label for=\"answer-id-195\" id=\"answer-label-195\" class=\" answer\"><span><p><span id=\"docs-internal-guid-a6eeb87c-b1a6-c906-f4b1-f01ea78d73a5\"><span>10-bitine<\/span><\/span><\/p><\/span><\/label><\/div><!-- end question-choices--><\/div><!-- end questionWrap--><\/div><\/div><div class=\"watu-question \" id=\"question-5\" style=\";\"><div id=\"questionWrap-5\" class=\"  watupro-required-58 watupro-question-id-58\">\n\t\t\t<div class=\"question-content\"><div><p><span id=\"docs-internal-guid-a6eeb87c-b1a4-764d-947e-c69b05aff021\"><span>Mbot-il on olemas j\u00e4rgnevad andurid:<\/span><\/span><\/p><\/div><input type=\"hidden\" name=\"question_id[]\" id=\"qID_5\" value=\"58\" class=\"watupro-question-id\"><input type=\"hidden\" id=\"answerType58\" class=\"answerTypeCnt5\" value=\"checkbox\"><input type=\"hidden\" id=\"watupro-required-question-58\"><!-- end question-content--><\/div><div class=\"question-choices watupro-choices-columns \" id=\"questionChoices58\"><div class=\"watupro-question-choice  \" dir=\"auto\"><input type=\"checkbox\" name=\"answer-58[]\" id=\"answer-id-187\" class=\"answer   answerof-58 \" value=\"187\"><label for=\"answer-id-187\" id=\"answer-label-187\" class=\" answer\"><span><p><span id=\"docs-internal-guid-a6eeb87c-b1a4-da25-e423-c4b1fec2ef17\"><span>Kaugusandur<\/span><\/span><\/p><\/span><\/label><\/div><div class=\"watupro-question-choice  \" dir=\"auto\"><input type=\"checkbox\" name=\"answer-58[]\" id=\"answer-id-189\" class=\"answer   answerof-58 \" value=\"189\"><label for=\"answer-id-189\" id=\"answer-label-189\" class=\" answer\"><span><p><span id=\"docs-internal-guid-a6eeb87c-b1a5-132f-a51b-4f7be80448e7\"><span>Puuteandur<\/span><\/span><\/p><\/span><\/label><\/div><div class=\"watupro-question-choice  \" dir=\"auto\"><input type=\"checkbox\" name=\"answer-58[]\" id=\"answer-id-188\" class=\"answer   answerof-58 \" value=\"188\"><label for=\"answer-id-188\" id=\"answer-label-188\" class=\" answer\"><span><p><span id=\"docs-internal-guid-a6eeb87c-b1a4-f4b2-1c5b-cee702ca8317\"><span>Valgusandur<\/span><\/span><\/p><\/span><\/label><\/div><div class=\"watupro-question-choice  \" dir=\"auto\"><input type=\"checkbox\" name=\"answer-58[]\" id=\"answer-id-186\" class=\"answer   answerof-58 \" value=\"186\"><label for=\"answer-id-186\" id=\"answer-label-186\" class=\" answer\"><span><p><span id=\"docs-internal-guid-a6eeb87c-b1a4-c174-dcc9-f9c9e95ab6b1\"><span>R\u00f5huandur<\/span><\/span><\/p><\/span><\/label><\/div><!-- end question-choices--><\/div><!-- end questionWrap--><\/div><\/div><div class=\"watu-question \" id=\"question-6\" style=\";\"><div id=\"questionWrap-6\" class=\"  watupro-required-57 watupro-question-id-57\">\n\t\t\t<div class=\"question-content\"><div><p><span id=\"docs-internal-guid-a6eeb87c-b1a3-7e08-088f-d9135ea72c32\"><span>Mis loomast on inspireeritud sonar?<\/span><\/span><\/p><\/div><input type=\"hidden\" name=\"question_id[]\" id=\"qID_6\" value=\"57\" class=\"watupro-question-id\"><input type=\"hidden\" id=\"answerType57\" class=\"answerTypeCnt6\" value=\"radio\"><input type=\"hidden\" id=\"watupro-required-question-57\"><!-- end question-content--><\/div><div class=\"question-choices watupro-choices-columns \" id=\"questionChoices57\"><div class=\"watupro-question-choice  \" dir=\"auto\"><input type=\"radio\" name=\"answer-57[]\" id=\"answer-id-182\" class=\"answer   answerof-57 \" value=\"182\"><label for=\"answer-id-182\" id=\"answer-label-182\" class=\" answer\"><span><p><span id=\"docs-internal-guid-a6eeb87c-b1a3-c87c-8821-f871e174fb38\"><span>Sinitihane<\/span><\/span><\/p><\/span><\/label><\/div><div class=\"watupro-question-choice  \" dir=\"auto\"><input type=\"radio\" name=\"answer-57[]\" id=\"answer-id-184\" class=\"answer   answerof-57 \" value=\"184\"><label for=\"answer-id-184\" id=\"answer-label-184\" class=\" answer\"><span><p><span id=\"docs-internal-guid-a6eeb87c-b1a3-f718-df21-e31107cb5d30\"><span>Pruunkaru<\/span><\/span><\/p><\/span><\/label><\/div><div class=\"watupro-question-choice  \" dir=\"auto\"><input type=\"radio\" name=\"answer-57[]\" id=\"answer-id-183\" class=\"answer   answerof-57 \" value=\"183\"><label for=\"answer-id-183\" id=\"answer-label-183\" class=\" answer\"><span><p><span id=\"docs-internal-guid-a6eeb87c-b1a3-df08-538a-7a2e869309a4\"><span>Nahkhiir<\/span><\/span><\/p><\/span><\/label><\/div><div class=\"watupro-question-choice  \" dir=\"auto\"><input type=\"radio\" name=\"answer-57[]\" id=\"answer-id-185\" class=\"answer   answerof-57 \" value=\"185\"><label for=\"answer-id-185\" id=\"answer-label-185\" class=\" answer\"><span><p><span id=\"docs-internal-guid-a6eeb87c-b1a4-14eb-5f3b-1f1b33015796\"><span>Kaheksajalg<\/span><\/span><\/p><\/span><\/label><\/div><!-- end question-choices--><\/div><!-- end questionWrap--><\/div><\/div><div class=\"watu-question \" id=\"question-7\" style=\";\"><div id=\"questionWrap-7\" class=\"  watupro-required-61 watupro-question-id-61\">\n\t\t\t<div class=\"question-content\"><div><p><span id=\"docs-internal-guid-a6eeb87c-b1a7-904c-96ae-b1d47947dd06\"><span>Analoogviigu tunnen \u00e4ra selle t\u00e4he j\u00e4rgi:<\/span><\/span><\/p><\/div><input type=\"hidden\" name=\"question_id[]\" id=\"qID_7\" value=\"61\" class=\"watupro-question-id\"><input type=\"hidden\" id=\"answerType61\" class=\"answerTypeCnt7\" value=\"radio\"><input type=\"hidden\" id=\"watupro-required-question-61\"><!-- end question-content--><\/div><div class=\"question-choices watupro-choices-columns \" id=\"questionChoices61\"><div class=\"watupro-question-choice  \" dir=\"auto\"><input type=\"radio\" name=\"answer-61[]\" id=\"answer-id-198\" class=\"answer   answerof-61 \" value=\"198\"><label for=\"answer-id-198\" id=\"answer-label-198\" class=\" answer\"><span><p>A<\/p><\/span><\/label><\/div><div class=\"watupro-question-choice  \" dir=\"auto\"><input type=\"radio\" name=\"answer-61[]\" id=\"answer-id-199\" class=\"answer   answerof-61 \" value=\"199\"><label for=\"answer-id-199\" id=\"answer-label-199\" class=\" answer\"><span><p>G<\/p><\/span><\/label><\/div><div class=\"watupro-question-choice  \" dir=\"auto\"><input type=\"radio\" name=\"answer-61[]\" id=\"answer-id-200\" class=\"answer   answerof-61 \" value=\"200\"><label for=\"answer-id-200\" id=\"answer-label-200\" class=\" answer\"><span><p>L<\/p><\/span><\/label><\/div><div class=\"watupro-question-choice  \" dir=\"auto\"><input type=\"radio\" name=\"answer-61[]\" id=\"answer-id-201\" class=\"answer   answerof-61 \" value=\"201\"><label for=\"answer-id-201\" id=\"answer-label-201\" class=\" answer\"><span><p>N<\/p><\/span><\/label><\/div><!-- end question-choices--><\/div><!-- end questionWrap--><\/div><\/div><div class=\"watu-question \" id=\"question-8\" style=\";\"><div id=\"questionWrap-8\" class=\"  watupro-required-62 watupro-question-id-62\">\n\t\t\t<div class=\"question-content\"><div><p><span id=\"docs-internal-guid-a6eeb87c-b1a8-4490-7095-3448c3112455\"><span>Lihtsa digitaalanduri n\u00e4idu lugemiseks kasutan funktsiooni:<\/span><\/span><\/p><\/div><input type=\"hidden\" name=\"question_id[]\" id=\"qID_8\" value=\"62\" class=\"watupro-question-id\"><input type=\"hidden\" id=\"answerType62\" class=\"answerTypeCnt8\" value=\"radio\"><input type=\"hidden\" id=\"watupro-required-question-62\"><!-- end question-content--><\/div><div class=\"question-choices watupro-choices-columns \" id=\"questionChoices62\"><div class=\"watupro-question-choice  \" dir=\"auto\"><input type=\"radio\" name=\"answer-62[]\" id=\"answer-id-204\" class=\"answer   answerof-62 \" value=\"204\"><label for=\"answer-id-204\" id=\"answer-label-204\" class=\" answer\"><span><p><span id=\"docs-internal-guid-a6eeb87c-b1a8-e859-78fd-68ffd183b7c9\"><span>analogRead(AADRESS);<\/span><\/span><\/p><\/span><\/label><\/div><div class=\"watupro-question-choice  \" dir=\"auto\"><input type=\"radio\" name=\"answer-62[]\" id=\"answer-id-202\" class=\"answer   answerof-62 \" value=\"202\"><label for=\"answer-id-202\" id=\"answer-label-202\" class=\" answer\"><span><p>read(AADRESS);<\/p><\/span><\/label><\/div><div class=\"watupro-question-choice  \" dir=\"auto\"><input type=\"radio\" name=\"answer-62[]\" id=\"answer-id-205\" class=\"answer   answerof-62 \" value=\"205\"><label for=\"answer-id-205\" id=\"answer-label-205\" class=\" answer\"><span><p>digitalRead(AADRESS);<\/p><\/span><\/label><\/div><div class=\"watupro-question-choice  \" dir=\"auto\"><input type=\"radio\" name=\"answer-62[]\" id=\"answer-id-203\" class=\"answer   answerof-62 \" value=\"203\"><label for=\"answer-id-203\" id=\"answer-label-203\" class=\" answer\"><span><p><span id=\"docs-internal-guid-a6eeb87c-b1a8-cbec-09c8-768bdd8bab10\"><span>pinMode(AADRESS, INPUT);<\/span><\/span><\/p><\/span><\/label><\/div><!-- end question-choices--><\/div><!-- end questionWrap--><\/div><\/div><div style=\"display:none\" id=\"question-9\">\n\t<div class=\"question-content\">\n\t\t<img loading=\"lazy\" decoding=\"async\" src=\"https:\/\/sisu.ut.ee\/wp-content\/plugins\/watupro\/img\/loading.gif\" width=\"16\" height=\"16\" alt=\"Loading...\" title=\"Loading...\">\u00a0Loading...\t<\/div>\n<\/div>\n\n<br>\n\t\n\t\t\t<div class=\"watupro_buttons flex \" id=\"watuPROButtons6\">\n\t\t  <div id=\"prev-question\" style=\"display:none;\"><input type=\"button\" value=\"&lt; Previous\" onclick=\"WatuPRO.nextQuestion(event, 'previous');\"><\/div>\t\t  \t\t  \t\t   \n\t\t   \t  \t\t<div><input type=\"button\" name=\"action\" class=\"watupro-submit-button\" onclick=\"WatuPRO.submitResult(event)\" id=\"action-button\" value=\"View Results\">\n\t\t<\/div>\n\t\t<\/div>\n\t\t\n\t<input type=\"hidden\" name=\"quiz_id\" value=\"6\" id=\"watuPROExamID\">\n\t<input type=\"hidden\" name=\"start_time\" id=\"startTime\" value=\"2026-04-10 22:34:22\">\n\t<input type=\"hidden\" name=\"start_timestamp\" id=\"startTimeStamp\" value=\"1775860462\">\n\t<input type=\"hidden\" name=\"question_ids\" value=\"\">\n\t<input type=\"hidden\" name=\"watupro_questions\" value=\"64:209,208 | 59:191,190,192,193 | 63:207,206 | 60:196,194,197,195 | 58:187,189,188,186 | 57:182,184,183,185 | 61:198,199,200,201 | 62:204,202,205,203\">\n\t<input type=\"hidden\" name=\"no_ajax\" value=\"0\">\t\t\t<\/form>\n\t<p>\u00a0<\/p>\n<\/div>\n\n<script type=\"text\/javascript\">\n\/\/jQuery(document).ready(function(){\ndocument.addEventListener(\"DOMContentLoaded\", function(event) { \t\nvar question_ids = \"64,59,63,60,58,57,61,62\";\nWatuPROSettings[6] = {};\nWatuPRO.qArr = question_ids.split(',');\nWatuPRO.exam_id = 6;\t    \nWatuPRO.post_id = 128;\nWatuPRO.store_progress = 0;\nWatuPRO.curCatPage = 1;\nWatuPRO.requiredIDs=\"0,64,59,63,60,58,57,61,62\".split(\",\");\nWatuPRO.hAppID = \"0.06342500 1775849662\";\nvar url = \"https:\/\/sisu.ut.ee\/wp-content\/plugins\/watupro\/show_exam.php\";\nWatuPRO.examMode = 1;\nWatuPRO.siteURL=\"https:\/\/sisu.ut.ee\/robot\/wp-admin\/admin-ajax.php\";\nWatuPRO.emailIsNotRequired = 0;\nWatuPRO.perDecade = 10;\nWatuPROIntel.init(6);\nWatuPRO.inCategoryPages=1;});    \t \n<\/script>\n\n","protected":false},"excerpt":{"rendered":"","protected":false},"author":9,"featured_media":0,"parent":0,"menu_order":0,"comment_status":"closed","ping_status":"closed","template":"","meta":{"_acf_changed":false,"inline_featured_image":false,"footnotes":""},"class_list":["post-128","page","type-page","status-publish","hentry"],"acf":[],"_links":{"self":[{"href":"https:\/\/sisu.ut.ee\/robot\/wp-json\/wp\/v2\/pages\/128","targetHints":{"allow":["GET"]}}],"collection":[{"href":"https:\/\/sisu.ut.ee\/robot\/wp-json\/wp\/v2\/pages"}],"about":[{"href":"https:\/\/sisu.ut.ee\/robot\/wp-json\/wp\/v2\/types\/page"}],"author":[{"embeddable":true,"href":"https:\/\/sisu.ut.ee\/robot\/wp-json\/wp\/v2\/users\/9"}],"replies":[{"embeddable":true,"href":"https:\/\/sisu.ut.ee\/robot\/wp-json\/wp\/v2\/comments?post=128"}],"version-history":[{"count":0,"href":"https:\/\/sisu.ut.ee\/robot\/wp-json\/wp\/v2\/pages\/128\/revisions"}],"wp:attachment":[{"href":"https:\/\/sisu.ut.ee\/robot\/wp-json\/wp\/v2\/media?parent=128"}],"curies":[{"name":"wp","href":"https:\/\/api.w.org\/{rel}","templated":true}]}}