{"id":13,"date":"2024-04-04T05:30:50","date_gmt":"2024-04-04T02:30:50","guid":{"rendered":"https:\/\/sisu.ut.ee\/rene\/team-1\/"},"modified":"2024-04-04T05:32:09","modified_gmt":"2024-04-04T02:32:09","slug":"team-1","status":"publish","type":"page","link":"https:\/\/sisu.ut.ee\/rene\/team-1\/","title":{"rendered":"Team"},"content":{"rendered":"<p style=\"margin-bottom:0.28cm\">\n\t<strong><span style=\"line-height:108%\">Vilma Dudonien\u0117<\/span><\/strong>\n<\/p>\n<p style=\"margin-bottom:0.28cm\">\n\t<span style=\"line-height:108%\">Assoc. Prof. Dr. Vilma Dudonien\u0117, Lithuanian Sports University (<font color=\"#0563c1\"><u><a href=\"https:\/\/www.lsu.lt\/en\/\">https:\/\/www.lsu.lt\/en\/<\/a><\/u><\/font>), Lithuania; Director of the Physiotherapy study program (I cycle), Editor-in-Chief of the journal Reabilitacijos mokslai: slauga, kineziterapija, ergoterapija (Eng. Rehabilitation Sciences: Nursing, Physiotherapy, Occupational Therapy, <\/span><span style=\"line-height:108%\"><font color=\"#0563c1\"><u><a href=\"https:\/\/journals.lsu.lt\/reabilitacijos-mokslai\/index\">https:\/\/journals.lsu.lt\/reabilitacijos-mokslai\/index<\/a><\/u><\/font>)<\/span>\n<\/p>\n<p style=\"margin-bottom:0.28cm\">\n\t<img loading=\"lazy\" decoding=\"async\" width=\"2560\" height=\"1707\" class=\"alignnone wp-image-52\" src=\"https:\/\/sisu.ut.ee\/wp-content\/uploads\/sites\/391\/img_8828-scaled.jpg\" title=\"img_8828.jpg\" alt=\"Vilma D\" srcset=\"https:\/\/sisu.ut.ee\/wp-content\/uploads\/sites\/391\/img_8828-scaled.jpg 2560w, https:\/\/sisu.ut.ee\/wp-content\/uploads\/sites\/391\/img_8828-300x200.jpg 300w, https:\/\/sisu.ut.ee\/wp-content\/uploads\/sites\/391\/img_8828-1024x683.jpg 1024w, https:\/\/sisu.ut.ee\/wp-content\/uploads\/sites\/391\/img_8828-768x512.jpg 768w, https:\/\/sisu.ut.ee\/wp-content\/uploads\/sites\/391\/img_8828-1536x1024.jpg 1536w, https:\/\/sisu.ut.ee\/wp-content\/uploads\/sites\/391\/img_8828-2048x1365.jpg 2048w, https:\/\/sisu.ut.ee\/wp-content\/uploads\/sites\/391\/img_8828-1920x1280.jpg 1920w\" sizes=\"auto, (max-width: 2560px) 100vw, 2560px\">\n<\/p>\n<p style=\"margin-bottom:0.28cm\">\n\t<strong>Anel\u0117 Gedmantait\u0117<\/strong>\n<\/p>\n<p style=\"margin-bottom:0.28cm\">\n\tAnel\u0117 Gedmantait\u0117, physiotherapist, 6 years expierence in rehabilitation, aqua therapy, massages with children and adolescents.\u00a0\u00a0Participated in different excange programs in Finland, UK, Lithuania and other.\u00a0\u00a0Currently 3rd year PhD student in Molecular Biology and Rehabilitation study program at Lithuanian sports university.\u00a0\u00a0\n<\/p>\n<p style=\"margin-bottom:0.28cm\">\n\t<img loading=\"lazy\" decoding=\"async\" width=\"1709\" height=\"2560\" class=\"alignnone wp-image-53\" src=\"https:\/\/sisu.ut.ee\/wp-content\/uploads\/sites\/391\/dsc_9962-scaled.jpg\" title=\"dsc_9962.jpg\" alt=\"Anele\" srcset=\"https:\/\/sisu.ut.ee\/wp-content\/uploads\/sites\/391\/dsc_9962-scaled.jpg 1709w, https:\/\/sisu.ut.ee\/wp-content\/uploads\/sites\/391\/dsc_9962-200x300.jpg 200w, https:\/\/sisu.ut.ee\/wp-content\/uploads\/sites\/391\/dsc_9962-684x1024.jpg 684w, https:\/\/sisu.ut.ee\/wp-content\/uploads\/sites\/391\/dsc_9962-768x1150.jpg 768w, https:\/\/sisu.ut.ee\/wp-content\/uploads\/sites\/391\/dsc_9962-1025x1536.jpg 1025w, https:\/\/sisu.ut.ee\/wp-content\/uploads\/sites\/391\/dsc_9962-1367x2048.jpg 1367w, https:\/\/sisu.ut.ee\/wp-content\/uploads\/sites\/391\/dsc_9962-1920x2876.jpg 1920w\" sizes=\"auto, (max-width: 1709px) 100vw, 1709px\"><\/p>\n","protected":false},"excerpt":{"rendered":"<p>Vilma Dudonien\u0117 Assoc. Prof. Dr. Vilma Dudonien\u0117, Lithuanian Sports University (https:\/\/www.lsu.lt\/en\/), Lithuania; Director of the Physiotherapy study program (I cycle), Editor-in-Chief of the journal Reabilitacijos mokslai: slauga, kineziterapija, ergoterapija (Eng. Rehabilitation Sciences: Nursing, Physiotherapy, Occupational Therapy, https:\/\/journals.lsu.lt\/reabilitacijos-mokslai\/index) Anel\u0117 Gedmantait\u0117 Anel\u0117 &#8230;<\/p>\n","protected":false},"author":203,"featured_media":0,"parent":0,"menu_order":0,"comment_status":"closed","ping_status":"closed","template":"","meta":{"_acf_changed":false,"inline_featured_image":false,"footnotes":""},"class_list":["post-13","page","type-page","status-publish","hentry"],"acf":[],"_links":{"self":[{"href":"https:\/\/sisu.ut.ee\/rene\/wp-json\/wp\/v2\/pages\/13","targetHints":{"allow":["GET"]}}],"collection":[{"href":"https:\/\/sisu.ut.ee\/rene\/wp-json\/wp\/v2\/pages"}],"about":[{"href":"https:\/\/sisu.ut.ee\/rene\/wp-json\/wp\/v2\/types\/page"}],"author":[{"embeddable":true,"href":"https:\/\/sisu.ut.ee\/rene\/wp-json\/wp\/v2\/users\/203"}],"replies":[{"embeddable":true,"href":"https:\/\/sisu.ut.ee\/rene\/wp-json\/wp\/v2\/comments?post=13"}],"version-history":[{"count":1,"href":"https:\/\/sisu.ut.ee\/rene\/wp-json\/wp\/v2\/pages\/13\/revisions"}],"predecessor-version":[{"id":163,"href":"https:\/\/sisu.ut.ee\/rene\/wp-json\/wp\/v2\/pages\/13\/revisions\/163"}],"wp:attachment":[{"href":"https:\/\/sisu.ut.ee\/rene\/wp-json\/wp\/v2\/media?parent=13"}],"curies":[{"name":"wp","href":"https:\/\/api.w.org\/{rel}","templated":true}]}}