{"id":35,"date":"2024-04-04T04:15:09","date_gmt":"2024-04-04T01:15:09","guid":{"rendered":"https:\/\/sisu.ut.ee\/ravimitest-maakeeli\/6-moodul-ravimite-kasutamise-abc\/"},"modified":"2024-04-04T04:15:35","modified_gmt":"2024-04-04T01:15:35","slug":"6-moodul-ravimite-kasutamise-abc","status":"publish","type":"page","link":"https:\/\/sisu.ut.ee\/ravimitest-maakeeli\/6-moodul-ravimite-kasutamise-abc\/","title":{"rendered":"6. moodul: Ravimite kasutamise ABC"},"content":{"rendered":"<p>Viimases moodulis saad \u00fclevaate nendest k\u00f5ige t\u00e4htsamatest p\u00f5him\u00f5tetest, mida Sina (v\u00f5i Sinu l\u00e4hedane) kui ravimitarbija teadma peaksid. P\u00e4rast mooduli l\u00e4bimist m\u00f5istad, miks on ravimid eriline kaup ja miks neid tohib osta vaid apteegist. Saad teada, mis on ravij\u00e4rgimus ning miks see oluline on. M\u00f5istad ravimi pakendis oleva infolehe olulisust ja tead, millele seal t\u00e4helepanu p\u00f6\u00f6rata. Samuti oskad kodus ravimeid \u00f5igesti s\u00e4ilitada ning tead, mida teha aegunud ravimitega. Oled teadlik, kuidas ravimitega reisitakse ning m\u00f5istad ravimireklaami erip\u00e4ra. Ja j\u00e4rgmisel korral, kui apteeki ravimit ostma l\u00e4hed, oled kindla peale teadlikum ning oskad apteekrilt juba ise ravimialast n\u00f5u k\u00fcsida.<\/p>\n<h5 style=\"text-align: center\">\n\t<div class=\"ratio ratio-16x9 mb-3\"><div class=\"video-placeholder-wrapper video-placeholder-wrapper--16x9\">\n\t\t\t    <div class=\"video-placeholder d-flex justify-content-center align-items-center\">\n\t\t\t        <div class=\"overlay text-white p-2 w-100 text-center d-block justify-content-center align-items-center\">\n\t\t\t            <div>Kolmandate osapoolte sisu n\u00e4gemiseks palun n\u00f5ustu k\u00fcpsistega.<\/div>\n\t\t\t            <button class=\"btn btn-secondary btn-sm mt-1 consent-change\">Muuda n\u00f5usolekut<\/button>\n\t\t\t        <\/div>\n\t\t\t    <\/div>\n\t\t\t<\/div>\n<\/div><br>\n<\/h5>\n<h5 style=\"text-align: center\">\n\t<span><span><span>Ravimite kasutamise ABC (Janne Sepp)<\/span><\/span><\/span><br>\n<\/h5>\n<h5 style=\"text-align: center\">\n\t<b id=\"docs-internal-guid-2d9be2c5-7fff-c257-5ae8-ebaffd815e80\"><a href=\"https:\/\/www.uttv.ee\/naita?id=28055\">https:\/\/www.uttv.ee\/naita?id=28055<\/a><\/b><br>\n<\/h5>\n<p>\n\t<\/p><div class=\"accordion mb-3\">\n        <div class=\"accordion-item accordion-item--white\">\n        <h2 class=\"accordion-header\" id=\"accordion-69df593819ce4-heading\">\n            <button class=\"accordion-button collapsed\" type=\"button\" data-bs-toggle=\"collapse\" data-bs-target=\"#accordion-69df593819ce4-collapse\" aria-expanded=\"true\" aria-controls=\"accordion-69df593819ce4-collapse\">Millest videos r\u00e4\u00e4giti?<\/button>\n        <\/h2>\n        <div id=\"accordion-69df593819ce4-collapse\" class=\"accordion-collapse collapse\" aria-labelledby=\"accordion-69df593819ce4-heading\">\n            <div class=\"accordion-body\">\n\n<p>\n\tSelleks, et tunda h\u00e4sti ravimeid, \u00f5pitakse \u00fclikoolis aastaid. Apteekrid, olgu nad siis proviisorid v\u00f5i farmatseudid, \u00f5pivad \u00fclikoolis mitu aastat ja lisaks praktiseerivad \u00f5ppe ajal veel ka apteegis, et saada omal erialal k\u00f5rgharitud spetsialistideks. Omandatud teadmised on v\u00e4ga p\u00f5hjalikud. Apteeker on spetsialist ravimite alal, nii nagu arst on ravimises. Seega tuleks terviseh\u00e4dade korral usaldusv\u00e4\u00e4rse n\u00f5u ja abi saamiseks p\u00f6\u00f6rduda just arsti v\u00f5i apteekri poole. Olgugi et Sul v\u00f5ib olla ahvatlus guugeldada, pole see alati m\u00f5istlik tegu \u2013 v\u00f5id kergesti kogu selles info virvarris sattuda igasuguse hookuspookuse ning v\u00e4\u00e4rinformatsiooni otsa. Ja kui seda uskuma j\u00e4\u00e4d, v\u00f5ivad tagaj\u00e4rjed tervisele olla p\u00f6\u00f6rdumatud. Internetiotsing on nagu loterii, kus Sinu v\u00f5iduv\u00f5imalused on juhuslikud. Seega usalda t\u00f5endusp\u00f5hist infot ja p\u00f6\u00f6rdu oma tervisek\u00fcsimustega ikka seda ala \u00f5ppinud inimeste poole \u2013 apteekrid, arstid.\n<\/p>\n\n<p dir=\"ltr\">\n\tSiiski on asju, mida peaksid ka ise ravimite kohta teadma.\n<\/p>\n<p dir=\"ltr\">\n\tRavimeid tohib ALATI osta AINULT APTEEGIST! Vaid siis saad kindel olla, et saad \u00f5ige ravimi, mille ohutus, kvaliteet ja t\u00f5husus on t\u00f5estatud.\n<\/p>\n<p dir=\"ltr\">\n\tDialoog apteekriga:\n<\/p>\n<p dir=\"ltr\">\n\t<strong>Patsient:<\/strong> K\u00e4isin just arstil, kes kirjutas mulle v\u00e4lja \u00fche retseptiravimi, tulin seda n\u00fc\u00fcd apteegist v\u00e4lja ostma. Siin on minu ID-kaart.\u00a0\n<\/p>\n<p dir=\"ltr\">\n\t<strong>Apteeker:<\/strong> Jah, digiretsept on olemas. Kas olete seda ravimit ka varem tarvitanud?\n<\/p>\n<p dir=\"ltr\">\n\t<strong>Patsient:<\/strong> Ei ole, mida ma peaksin selle ravimi kohta teadma?\u00a0\n<\/p>\n<p dir=\"ltr\">\n\t<strong>Apteeker:<\/strong>\u00a0 Tegemist on antibiootikumiga ja seda kasutatakse bakterite poolt p\u00f5hjustatud p\u00f5letiku raviks.\u00a0\n<\/p>\n<p dir=\"ltr\">\n\t<strong>Patsient:<\/strong> Olen kuulnud, et k\u00f5ikidel ravimitel on ka k\u00f5rvaltoimed. Millised on selle ravimi v\u00f5imalikud k\u00f5rvaltoimed, millega ma peaksin arvestama?\n<\/p>\n<p dir=\"ltr\">\n\t<strong>Apteeker:<\/strong> Iga ravimi kasutamisel v\u00f5ivad ilmneda k\u00f5rvaltoimed, aga see ei t\u00e4henda, et need alati k\u00f5ikidel inimestel avalduks. Kas teil varasemalt on m\u00f5ne antibiootikumi ravikuuri ajal ilmnenud k\u00f5rvaltoimeid?\n<\/p>\n<p dir=\"ltr\">\n\t<strong>Patsient:<\/strong> Ei ole.\n<\/p>\n<p dir=\"ltr\">\n\t<strong>Apteeker:<\/strong> Kui teil on kahtlus, et ravimi kasutamisel on tekkinud k\u00f5rvaltoime, peate kindlasti n\u00f5u pidama oma arsti v\u00f5i apteekriga. Ja lugege kindlasti pakendis olevat infolehte, seal on v\u00f5imalike k\u00f5rvaltoimete kohta oluline info olemas.\u00a0Sagedasemad k\u00f5rvaltoimed sellel ravimil on \u00fclitundlikkus, iiveldus ja arvestama peaksite sellega, et antibiootikum h\u00e4vitab ka organismis olevaid h\u00e4id baktereid ning seet\u00f5ttu v\u00f5ivad tekkida seedeh\u00e4ired, seep\u00e4rast soovitan teil ravi ajal lisaks tarvitada n\u00f6 h\u00e4id baktereid, mis aitavad neid h\u00e4dasid \u00e4ra hoida.\n<\/p>\n<p dir=\"ltr\">\n\t<strong>Patsient:<\/strong> Kuidas ma seda antibiootikumi kasutama peaksin? Arst r\u00e4\u00e4kis k\u00fcll, aga mul l\u00e4ks juba meelest. Ja kuidas neid h\u00e4id baktereid samaaegselt tarvitada?\n<\/p>\n<p dir=\"ltr\">\n\t<strong>Apteeker:<\/strong> Esmalt vaatame \u00fcle ravikuuri. Et ravikuur kenasti v\u00e4lja tuleks, on teile siin 2 karpi ravimit, kokku 24 tabletti. Arst m\u00e4\u00e4ras teile ravi 7 p\u00e4evaks, iga p\u00e4ev 3 tabletti. Seega peaksite iga 8 tunni j\u00e4rel 1 tableti v\u00f5tma. Neelake tablett koos veega tervelt alla. Toit selle ravimi imendumist ei m\u00f5juta, nii et v\u00f5ite ravimit manustada toiduaegadest s\u00f5ltumata. H\u00e4id baktereid v\u00f5tke 1 tablett p\u00e4evas, antibiootikumi manustamiskordade vahel, mitte koos antibiootikumiga.\n<\/p>\n<p dir=\"ltr\">\n\t<strong>Patsient:<\/strong> Aga sel juhul j\u00e4\u00e4b mul ju 3 antibiootikumi tabletti Kas ma pean kindlasti seda ravimit just 7 p\u00e4eva v\u00f5tma? \u00c4kki piisaks \u00fchest karbist, muidu j\u00e4\u00e4b ju tablette nii palju j\u00e4rgi? V\u00f5i siis v\u00f5in k\u00f5ik need tabletid \u00e4ra tarvitada?\n<\/p>\n<p dir=\"ltr\">\n\t<strong>Apteeker:<\/strong> Arst m\u00e4\u00e4ras kindla pikkusega ravikuuri ja on \u00e4\u00e4rmiselt oluline seda j\u00e4rgida. Sest kui ravikuur pooleli j\u00e4tta, siis n\u00e4iteks antibiootikumi puhul v\u00f5ib juhtuda lausa nii, et j\u00e4rgmisel korral sama ravim enam ei aita, kuna osad haigustekitajad (bakterid) j\u00e4id veel organismi ja harjusid selle ravimiga \u00e4ra (muutusid resistentseteks).\n<\/p>\n<p dir=\"ltr\">\n\t<strong>Patsient:<\/strong> Mida on \u00f5ige j\u00e4relej\u00e4\u00e4nud tablettidega teha?\n<\/p>\n<p dir=\"ltr\">\n\t<strong>Apteeker: <\/strong>Ravikuurist j\u00e4relej\u00e4\u00e4nud ravimid nagu ka aegunud ravimid tooge alati apteeki, kus apteek hoolitseb selle eest, et inimeste poolt toodud \u00fcleliigsed ja aegunud ravimid j\u00f5uaksid ohutult j\u00e4\u00e4tmejaama. Samuti v\u00f5tab j\u00e4\u00e4tmejaam ka elanikkonnalt tasuta \u00fcleliigseid ja aegunud ravimeid vastu.\n<\/p>\n<p dir=\"ltr\">\n\t<strong>Patsient:<\/strong> L\u00e4hen \u00fclehomme Hispaaniasse reisile, kas v\u00f5in \u00e4kki hoopis seal kohapeal need samad antibiootikumi endale osta, olen kuulnud, et seal maal polegi antibiootikumide ostmiseks retsepti vajagi? Nii ei peagi ma ravimeid kaasa pakkima.\n<\/p>\n<p dir=\"ltr\">\n\t<strong>Apteeker:<\/strong> Ei, see pole m\u00f5istlik. Kuna alustate ravi juba t\u00e4na, siis peate seda ka kindlasti vastavalt arsti ettekirjutusele j\u00e4rjepidevalt j\u00e4tkama. Ei ole garanteeritud, et teises riigis sama ravimi saate. Vajalikud ravimid v\u00f5tke ilmtingimata reisile kaasa ja pakkige need k\u00e4sipagasisse, et saaksite neid vajadusel tarvitada.\u00a0\n<\/p>\n<p dir=\"ltr\">\n\t<strong>Patsient:<\/strong> Kas ravimitega reisimiseks on ka mingeid piiranguid?\n<\/p>\n<p dir=\"ltr\">\n\t<strong>Apteeker:<\/strong> Osade retseptiravimite kaasa v\u00f5tmiseks on vaja Ravimiametilt luba. N\u00e4iteks unerohud v\u00f5i m\u00f5ni ps\u00fchhotroopne ravim. Teisi ravimeid v\u00f5ib\u00a0 reisile ilma loata kaasa v\u00f5tta kindlas koguses, kehtivate piirangute kohta leiate info ravimiameti veebilehelt.\n<\/p>\n<p dir=\"ltr\">\n\t<strong>Patsient:<\/strong> N\u00e4gin t\u00e4na hommikul \u00fches Facebooki grupis kuulutust, kus \u00fcks kasutaja pakkus soodsa hinnaga unerohtu. Kas v\u00f5iksin seda tema k\u00e4est osta, et \u00f6isel lennureisil ikka magada saaksin? Ja\u00a0 kas selle kohta annab ka Ravimiamet mulle loa kaasa?\u00a0\n<\/p>\n<p dir=\"ltr\">\n\t<strong>Apteeker:<\/strong> Seda \u00e4rge kindlasti tehke! Ravimite ostmine v\u00e4ljaspool \u00f5igusp\u00e4rast tarneahelat pole seaduslik ja v\u00f5ib olla v\u00e4ga ohtlik tervisele, kuna ravimi tegelik p\u00e4ritolu on teadmata, st selle ohutus, kvaliteet ja efektiivsus pole kontrollitud. Ja tuleb arvestada, et tegu v\u00f5ib olla ka v\u00f5ltsravimiga. Ravimeid v\u00f5ib internetist osta vaid seaduslikust internetiapteegist. Sellistest kuulutustest tuleb kindlasti teavitada j\u00e4relevalveasutusi (nt ravimiametit), sest selline tegevus pole lubatud.\u00a0Internetist v\u00f5ib ravimeid osta vaid seaduslikust internetiapteegist.\u00a0Kui on vajadus unerohu j\u00e4rele, siis p\u00f6\u00f6rduge oma arsti poole. Kui arst kirjutab retsepti, siis selle alusel apteegist v\u00e4ljastatud ravimi kohta v\u00e4ljastab Ravimiamet Schengeni loa.\n<\/p>\n<p dir=\"ltr\">\n\t<strong>Patsient: <\/strong>Tahaksin reisile igaks juhuks ka m\u00f5ne valuvaigisti kaasa v\u00f5tta. Kas teil Citramoni ja Analgini on, ma pole neid ravimeid ammu apteegis n\u00e4inud.\n<\/p>\n<p dir=\"ltr\">\n\t<strong>Apteeker: <\/strong>Neid ravimeid Eestis m\u00fc\u00fcgil pole. Selleks, et ravimit v\u00f5iks Eesti riigis m\u00fc\u00fca, peab sellel olema m\u00fc\u00fcgiluba. M\u00fc\u00fcgiloa saab ravimile taotleda ravimi tootja. Kuna aga Eesti turg on v\u00e4ga v\u00e4ike, siis pole igal tootjal huvi seda teha, kuna m\u00fc\u00fcgiloa taotlemine on pikk ja keerukas protsess, n\u00f5uab p\u00f5hjalikku dokumentatsiooni ja tootja peab tootma ka eestikeelse pakendi. Sellised seadused kehtivad kogu Euroopa Liidus ja nende eesm\u00e4rk on kaitsta rahva tervist.\u00a0\n<\/p>\n<p dir=\"ltr\">\n\t<strong>Patsient:<\/strong> Aga millist valuvaigistit siis v\u00f5iksin reisile kaasa v\u00f5tta? V\u00f5iks olla selline, mida saab terve pere v\u00f5tta, nii t\u00e4iskasvanud kui ka lapsed, 5aastane ja 1aastane.\n<\/p>\n<p dir=\"ltr\">\n\t<strong>Apteeker: <\/strong>Paratsetamool on selline valuvaigistav toimeaine, mis sobib nii lastele kui ka t\u00e4iskasvanutele. T\u00e4iskasvanutele sobivad tabletid. Lastele sobiks suukaudne lahus\/siirup ja on \u00fclioluline, et manustamisel j\u00e4rgiksite annuseid! Laste annused on toodud vastavalt kehakaalule, st 5aastasel ja 1aastasel on need erinevad ning seejuures peab v\u00e4ga t\u00e4helepanelik olema! Vajalik info on kirjas pakendis oleval infolehel.\u00a0\n<\/p>\n<p dir=\"ltr\">\n\t<strong>Patsient:<\/strong> Kas paratsetamoolil ja sellel antibiootikumil on omavahel ka koostoime?\n<\/p>\n<p dir=\"ltr\">\n\t<strong>Apteeker:<\/strong> Paljudel ravimitel on omavahel koostoimed. Paratsetamoolil ja amoksitsilliinil omavahelist koostoimet pole ning v\u00f5ite m\u00f5lemaid ravimeid samaaegselt tarvitada k\u00fcll. Ravimi koostoimed on kirjeldatud pakendis oleval infolehel.\n<\/p>\n<p dir=\"ltr\">\n\t<strong>Patsient:<\/strong> T\u00e4nan. N\u00fc\u00fcd on vist k\u00f5ik vajalik olemas, kui palju ma v\u00f5lgnen?\n<\/p>\n<p dir=\"ltr\">\n\t<strong>Apteeker:<\/strong> Ait\u00e4h, soovin Teile kiiret paranemist. K\u00f5ige head!\n<\/p>\n<p dir=\"ltr\">\n\tT\u00c4HELEPANU! TEGEMIST ON RAVIMIGA. ENNE TARVITAMIST LUGEGE T\u00c4HELEPANELIKULT PAKENDIS OLEVAT INFOLEHTE. KAEBUSTE P\u00dcSIMISE KORRAL V\u00d5I RAVIMI K\u00d5RVALTOIMETE TEKKIMISEL PIDAGE N\u00d5U ARSTI V\u00d5I APTEEKRIGA.\n<\/p>\n<p>\n\t<\/p><\/div>\n        <\/div>\n        <\/div>\n    <\/div>\n\n<p>\n\t\u00a0<\/p>\n","protected":false},"excerpt":{"rendered":"<p>Viimases moodulis saad \u00fclevaate nendest k\u00f5ige t\u00e4htsamatest p\u00f5him\u00f5tetest, mida Sina (v\u00f5i Sinu l\u00e4hedane) kui ravimitarbija teadma peaksid. P\u00e4rast mooduli l\u00e4bimist m\u00f5istad, miks on ravimid eriline kaup ja miks neid tohib osta vaid apteegist. Saad teada, mis on ravij\u00e4rgimus ning miks &#8230;<\/p>\n","protected":false},"author":142,"featured_media":0,"parent":0,"menu_order":0,"comment_status":"closed","ping_status":"closed","template":"","meta":{"_acf_changed":false,"inline_featured_image":false,"footnotes":""},"class_list":["post-35","page","type-page","status-publish","hentry"],"acf":[],"_links":{"self":[{"href":"https:\/\/sisu.ut.ee\/ravimitest-maakeeli\/wp-json\/wp\/v2\/pages\/35","targetHints":{"allow":["GET"]}}],"collection":[{"href":"https:\/\/sisu.ut.ee\/ravimitest-maakeeli\/wp-json\/wp\/v2\/pages"}],"about":[{"href":"https:\/\/sisu.ut.ee\/ravimitest-maakeeli\/wp-json\/wp\/v2\/types\/page"}],"author":[{"embeddable":true,"href":"https:\/\/sisu.ut.ee\/ravimitest-maakeeli\/wp-json\/wp\/v2\/users\/142"}],"replies":[{"embeddable":true,"href":"https:\/\/sisu.ut.ee\/ravimitest-maakeeli\/wp-json\/wp\/v2\/comments?post=35"}],"version-history":[{"count":1,"href":"https:\/\/sisu.ut.ee\/ravimitest-maakeeli\/wp-json\/wp\/v2\/pages\/35\/revisions"}],"predecessor-version":[{"id":192,"href":"https:\/\/sisu.ut.ee\/ravimitest-maakeeli\/wp-json\/wp\/v2\/pages\/35\/revisions\/192"}],"wp:attachment":[{"href":"https:\/\/sisu.ut.ee\/ravimitest-maakeeli\/wp-json\/wp\/v2\/media?parent=35"}],"curies":[{"name":"wp","href":"https:\/\/api.w.org\/{rel}","templated":true}]}}