{"id":26,"date":"2024-04-04T04:15:08","date_gmt":"2024-04-04T01:15:08","guid":{"rendered":"https:\/\/sisu.ut.ee\/ravimitest-maakeeli\/66-ravimireklaam\/"},"modified":"2024-04-04T04:15:35","modified_gmt":"2024-04-04T01:15:35","slug":"66-ravimireklaam","status":"publish","type":"page","link":"https:\/\/sisu.ut.ee\/ravimitest-maakeeli\/66-ravimireklaam\/","title":{"rendered":"6.6. Ravimireklaam"},"content":{"rendered":"<p dir=\"ltr\">\n\tNii nagu ravimid on eriline kaup, on ka ravimireklaam tavareklaamist erinev, kuna sellele kehtivad seadusest (reklaamiseadus ja ravimiseadus) tulenevad piirangud, mille eesm\u00e4rgiks on kaitsta inimeste tervist ja tagada, et ravimireklaam oleks s\u00f5ltumatu ja sisaldaks tasakaalustatud informatsiooni.\n<\/p>\n<table class=\"table table-hover\" align=\"center\">\n<colgroup>\n<col>\n<col>\n\t<\/colgroup>\n<tbody>\n<tr>\n<td style=\"width: 50%\">\n<p dir=\"ltr\">\n\t\t\t\t\t<strong>Kellele reklaam on suunatud?<\/strong>\n\t\t\t\t<\/p>\n<\/td>\n<td style=\"width: 20px\">\n\t\t\t\t\u00a0 \u00a0\n\t\t\t<\/td>\n<td>\n<p dir=\"ltr\">\n\t\t\t\t\t<strong>Milliseid ravimeid reklaamida tohib?<\/strong>\n\t\t\t\t<\/p>\n<\/td>\n<\/tr>\n<tr>\n<td>\n<p dir=\"ltr\">\n\t\t\t\t\t\u00fcldsusele (kodanikele)\n\t\t\t\t<\/p>\n<\/td>\n<td>\n\t\t\t\t\u00a0\n\t\t\t<\/td>\n<td>\n<p dir=\"ltr\">\n\t\t\t\t\tainult k\u00e4sim\u00fc\u00fcgiravimid\n\t\t\t\t<\/p>\n<\/td>\n<\/tr>\n<tr>\n<td>\n<p dir=\"ltr\">\n\t\t\t\t\travimite v\u00e4ljakirjutamise \u00f5igust omavatele isikutele (arst, osade ravimite puhul ka \u00e4mmaemand ja \u00f5de)\n\t\t\t\t<\/p>\n<\/td>\n<td>\n\t\t\t\t\u00a0\n\t\t\t<\/td>\n<td>\n<p dir=\"ltr\">\n\t\t\t\t\tk\u00e4sim\u00fc\u00fcgi- ja retseptiravimid\n\t\t\t\t<\/p>\n<\/td>\n<\/tr>\n<tr>\n<td>\n<p dir=\"ltr\">\n\t\t\t\t\tapteekritele\n\t\t\t\t<\/p>\n<\/td>\n<td>\n\t\t\t\t\u00a0\n\t\t\t<\/td>\n<td>\n<p dir=\"ltr\">\n\t\t\t\t\tk\u00e4sim\u00fc\u00fcgi- ja retseptiravimid\n\t\t\t\t<\/p>\n<\/td>\n<\/tr>\n<\/tbody>\n<\/table>\n<p dir=\"ltr\">\n\t\u00dcldsusele tohib reklaamida ainult k\u00e4sim\u00fc\u00fcgiravimeid. Retseptiravimite reklaam kodanikele on keelatud. Erandiks\u00a0on vaid vaktsineerimise edendamiseks suunatud kampaaniad, mis on eelnevalt Ravimiameti ja Terviseametiga koosk\u00f5lastatud. \u00dcldsusele m\u00f5eldud ravimireklaamis peab olema selgelt v\u00e4ljendatud, et reklaamitakse ravimit. Reklaamis esitatud teave peab olema asjakohane ja arusaadav, samuti sisaldama infot selle kohta, kuidas ravimit \u00f5igesti ja ohutult kasutada. K\u00f5ik \u00fcldsusele tehtavad ravimireklaamid peavad sisaldama hoiatusteksti:\u00a0\n<\/p>\n<table class=\"table table-hover\" border=\"0\" cellpadding=\"10\" cellspacing=\"1\">\n<tbody>\n<tr>\n<td>\n<p>\n\t\t\t\t\t<strong>T\u00e4helepanu! Tegemist on ravimiga. Enne tarvitamist lugege t\u00e4helepanelikult pakendis olevat infolehte. Kaebuste p\u00fcsimise korral v\u00f5i ravimi k\u00f5rvaltoimete tekkimisel pidage n\u00f5u arsti v\u00f5i apteekriga.<\/strong>\n\t\t\t\t<\/p>\n<\/td>\n<\/tr>\n<\/tbody>\n<\/table>\n<p dir=\"ltr\">\n\tRavimiameti poolt kinnitatud ravimiomaduste kokkuv\u00f5te (SPC), pakendi infoleht (PIL) ja ravimipakendi m\u00e4rgistus ei ole reklaamid, need on patsiendile s\u00f5ltumatu teabe allikad.\n<\/p>\n<p dir=\"ltr\">\n\tRetseptiravimeid v\u00f5ib reklaamida ravimite v\u00e4ljakirjutamise \u00f5igust omavatele isikutele (arst, osade ravimite puhul ka \u00e4mmaemand ja \u00f5de) ja apteekritele. \u00dcheks selliseks reklaamiks on ka ravimin\u00e4idised. Ravimin\u00e4idise v\u00f5ib patsiendile edasi anda ainult arst v\u00f5i teised v\u00e4ljakirjutamise \u00f5igust omavad isikud ja ainult siis, kui see on meditsiiniliselt p\u00f5hjendatud. Ravimi m\u00fc\u00fcgiedu suurendamiseks ei tohi jagada ravimiga seotud esemeid, korraldada ravimiga seotud loosimisi ega pakkuda ravimi ostuga seoses tasuta v\u00f5i allahindlusega teisi ravimeid, muid kaupu v\u00f5i teenuseid.\n<\/p>\n<p dir=\"ltr\">\n\tRavimireklaami seadusp\u00e4rase toimimise eest peab j\u00e4relevalvet Ravimiamet.<\/p>\n","protected":false},"excerpt":{"rendered":"<p>Nii nagu ravimid on eriline kaup, on ka ravimireklaam tavareklaamist erinev, kuna sellele kehtivad seadusest (reklaamiseadus ja ravimiseadus) tulenevad piirangud, mille eesm\u00e4rgiks on kaitsta inimeste tervist ja tagada, et ravimireklaam oleks s\u00f5ltumatu ja sisaldaks tasakaalustatud informatsiooni. Kellele reklaam on suunatud? &#8230;<\/p>\n","protected":false},"author":142,"featured_media":0,"parent":0,"menu_order":0,"comment_status":"closed","ping_status":"closed","template":"","meta":{"_acf_changed":false,"inline_featured_image":false,"footnotes":""},"class_list":["post-26","page","type-page","status-publish","hentry"],"acf":[],"_links":{"self":[{"href":"https:\/\/sisu.ut.ee\/ravimitest-maakeeli\/wp-json\/wp\/v2\/pages\/26","targetHints":{"allow":["GET"]}}],"collection":[{"href":"https:\/\/sisu.ut.ee\/ravimitest-maakeeli\/wp-json\/wp\/v2\/pages"}],"about":[{"href":"https:\/\/sisu.ut.ee\/ravimitest-maakeeli\/wp-json\/wp\/v2\/types\/page"}],"author":[{"embeddable":true,"href":"https:\/\/sisu.ut.ee\/ravimitest-maakeeli\/wp-json\/wp\/v2\/users\/142"}],"replies":[{"embeddable":true,"href":"https:\/\/sisu.ut.ee\/ravimitest-maakeeli\/wp-json\/wp\/v2\/comments?post=26"}],"version-history":[{"count":1,"href":"https:\/\/sisu.ut.ee\/ravimitest-maakeeli\/wp-json\/wp\/v2\/pages\/26\/revisions"}],"predecessor-version":[{"id":201,"href":"https:\/\/sisu.ut.ee\/ravimitest-maakeeli\/wp-json\/wp\/v2\/pages\/26\/revisions\/201"}],"wp:attachment":[{"href":"https:\/\/sisu.ut.ee\/ravimitest-maakeeli\/wp-json\/wp\/v2\/media?parent=26"}],"curies":[{"name":"wp","href":"https:\/\/api.w.org\/{rel}","templated":true}]}}