{"id":24,"date":"2024-04-04T04:15:08","date_gmt":"2024-04-04T01:15:08","guid":{"rendered":"https:\/\/sisu.ut.ee\/ravimitest-maakeeli\/64-kuidas-ravimeid-sailitada\/"},"modified":"2025-10-03T11:47:53","modified_gmt":"2025-10-03T08:47:53","slug":"64-kuidas-ravimeid-sailitada","status":"publish","type":"page","link":"https:\/\/sisu.ut.ee\/ravimitest-maakeeli\/64-kuidas-ravimeid-sailitada\/","title":{"rendered":"6.4. Kuidas ravimeid s\u00e4ilitada?"},"content":{"rendered":"<h4 dir=\"ltr\">\u00c4ra kasuta aegunud ravimeid, sest see on Sinu tervisele ohtlik!<\/h4>\n<p dir=\"ltr\">Ravimid on igas m\u00f5ttes v\u00e4ga erilised, ka nende \u00f5ige s\u00e4ilitamine on v\u00e4ga oluline. Valede s\u00e4ilitamistingimuste valikul, ei pruugi ravim olla enam t\u00f5hus, sest toimeaine muutub ja ravim v\u00f5ib tervisele ohtlikuks muutuda. Nii nagu igas etapis ravimi tootmisest tema j\u00f5udmiseni l\u00f5pptarbijani, on oluline, et j\u00e4rgitud oleks kindlaid n\u00f5uded, pead ka Sina, kui ravimi tarbija neid n\u00f5udeid silmas pidama, et ravim oleks ka selle kasutamise ajal kvaliteetne, t\u00f5hus ja ohutu. \u00dcks tegur, mis seda tagab, on ravimi \u00f5ige s\u00e4ilitamine \u2013 seda nii kodus olles kui ka reisil viibides. Iga ravimi pakendis oleval infolehel on kirjas, kuidas seda ravimit s\u00e4ilitama peab. Apteeker saab ravimi \u00f5igele s\u00e4ilitamisele t\u00e4helepanu juhtida, kuid oma koduapteegi eest vastutad ikka Sina ise. Kuidas siis oleks \u00f5ige ravimit s\u00e4ilitada ja millele t\u00e4helepanu p\u00f6\u00f6rata? Kuldreegel on see: loe alati pakendis olevat infolehte ja pane t\u00e4hele, et osasid ravimeid tuleb hoida k\u00fclmkapis, osade ravimite kasutamise aeg on p\u00e4rast pakendi avamist piiratud (nt 1 kuu jooksul, 4 kuu jooksul jne). Alati tuleb ravimid hoida lastele k\u00e4ttesaamatus kohas!<\/p>\n<p dir=\"ltr\">Ravikuurist j\u00e4relej\u00e4\u00e4nud ravimid ja aegunud ravimid vii alati apteeki v\u00f5i j\u00e4\u00e4tmejaama.<\/p>\n<h2 dir=\"ltr\">Mida teha aegunud ravimitega ja ravimitega mida enam ei kasutata?<\/h2>\n<p dir=\"ltr\">Kui ravimid on aegunud, k\u00f5lbmatuks muutunud v\u00f5i neid m\u00f5nel muul p\u00f5hjusel enam ei kasutata, on Sul kaks v\u00f5imalust, kuidas ravimitest keskkonda ja tervist kahjustamata vabaneda:<\/p>\n<ol dir=\"ltr\">\n<li>viia ravimid apteeki;<\/li>\n<li>\u00a0viia ravimid kohalikku ohtlike j\u00e4\u00e4tmete vastuv\u00f5tupunkti.<\/li>\n<\/ol>\n<p dir=\"ltr\">M\u00f5lemal juhul v\u00f5etakse eraisikutelt\/elanikelt ravimid vastu tasuta.<\/p>\n<p dir=\"ltr\">Apteekidel on kohustus elanikelt k\u00f5lbmatud ravimid vastu v\u00f5tta ja suunata h\u00e4vitamisele. Kuid ei ole kohustust vastu v\u00f5tta teisi j\u00e4\u00e4tmeid, mida\u00a0esmapilgul on keeruline\u00a0ravimitest eristada \u2013\u00a0toidulisandeid, loodustooteid, meditsiiniseadmeid jms.\u00a0 Need v\u00f5id koos muude koduste j\u00e4\u00e4tmetega viia ohtlike j\u00e4\u00e4tmete vastuv\u00f5tupunkti.<\/p>\n<h2 dir=\"ltr\">Kas tegu on ravimiga?<\/h2>\n<p dir=\"ltr\">V\u00f5ib juhtuda, et Sul on koduapteegis tooteid, mille puhul Sa ei tea, kas tegemist on ravimiga v\u00f5i mitte. Sel puhul on kindlaim viis selle kontrollimiseks <a title=\"\" href=\"https:\/\/www.ravimiregister.ee\/\" target=\"_blank\" rel=\"noopener\" data-url=\"https:\/\/www.ravimiregister.ee\/\">Ravimiregister<\/a>. Kui leiad otsitava toote Ravimiregistrist, on tegu ravimiga, kui mitte, siis ei ole tegu ravimiga.<\/p>\n<p dir=\"ltr\"><span style=\"color: #428bca;\"><strong>J\u00c4TA\u00a0 MEELDE!<\/strong><\/span><\/p>\n<table class=\"table table-hover\" style=\"width: 100%;\" border=\"0\" cellspacing=\"1\" cellpadding=\"10\">\n<tbody>\n<tr>\n<td style=\"width: 70px;\"><img loading=\"lazy\" decoding=\"async\" class=\"alignnone wp-image-83\" src=\"https:\/\/sisu.ut.ee\/wp-content\/uploads\/sites\/272\/tahtis2.png\" alt=\"tahtis2.png\" width=\"60\" height=\"69\"><\/td>\n<td>\n<p dir=\"ltr\">Kui viid ravimid apteeki<\/p>\n<ul dir=\"ltr\">\n<li>\u00e4ra v\u00f5ta neid originaalpakenditest v\u00e4lja<\/li>\n<li>\u00e4ra v\u00f5ta neid pakendist v\u00e4lja, olgu selleks purk v\u00f5i blisterpakend vm<\/li>\n<li>\u00e4ra vala \u00fcmber vedelikke<\/li>\n<\/ul>\n<\/td>\n<\/tr>\n<\/tbody>\n<\/table>\n<p dir=\"ltr\">Ohtlike j\u00e4\u00e4tmete vastuv\u00f5tupunkti\/ j\u00e4\u00e4tmejaama viimisel uuri k\u00f5igepealt, kas seal ravimeid vastu v\u00f5etakse. Eraisikutele suunatud teenuste kohta saad teavet ka veebist, kas kohaliku omavalitsuse v\u00f5i konkreetse j\u00e4\u00e4tmejaama kodulehelt.<\/p>\n<h2 dir=\"ltr\">Miks ei tohi k\u00f5lbmatuid ravimeid niisama \u00e4ra visata?<\/h2>\n<p dir=\"ltr\">K\u00f5lbmatud ravimid ei p\u00f5hjusta riske mitte ainult tervisele vaid ka keskkonnale. Ravimid sisaldavad toimeaineid, mille m\u00f5ju keskkonnale v\u00f5ib avalduda ka v\u00e4ga v\u00e4ikestes kogustes. M\u00f5ned n\u00e4ited:<\/p>\n<ul dir=\"ltr\">\n<li>Hormoonpreparaadid v\u00f5ivad avaldada otsest kahjulikku m\u00f5ju veeorganismidele, p\u00f5hjustades kaladel ja kahepaiksetel looteeas soomuutusi, tulemuseks sigimisv\u00f5imetus.<\/li>\n<li>Mitmed ravimid ei ole biolagunevad ja v\u00f5ivad seet\u00f5ttu j\u00f5uda joogivette.<\/li>\n<li>Ravimid v\u00f5ivad saastada pinna- ja p\u00f5hjavett v\u00f5i koguneda setetesse.<\/li>\n<li>Haiglate heitvees ja ka linnade reoveepuhastites v\u00f5ib esineda korralik ravimij\u00e4\u00e4kide \u201ekokteil\u201c. Kui selles sisalduvad antibiootikumid, siis pikapeale tekib mikroorganismidel resistentsus \u2013 nad harjuvad madalates annustes antibiootikumide k\u00f5rval ellu j\u00e4\u00e4ma ja hiljem, inimese v\u00f5i looma organismis haigust p\u00f5hjustades, enam raviks m\u00f5eldud antibiootikumravi k\u00e4igus h\u00e4vineda.<\/li>\n<li>Koduste olmej\u00e4\u00e4tmete hulka ravimite viskamisel saastavad need keskkonda ja pole v\u00e4listatud, et lapsed v\u00f5i koduloomad need sealt avastavad.<\/li>\n<\/ul>\n<p style=\"text-align: center;\"><img loading=\"lazy\" decoding=\"async\" width=\"1201\" height=\"604\" class=\"alignnone wp-image-86\" title=\"Mida teha ravimij\u00e4\u00e4kidega, et need ei kahjustaks meid \u00fcmbritsevat keskkonda?\" src=\"https:\/\/sisu.ut.ee\/wp-content\/uploads\/sites\/272\/ravimijaagid1_0.jpg\" alt=\"Ravimij\u00e4\u00e4gid\" srcset=\"https:\/\/sisu.ut.ee\/wp-content\/uploads\/sites\/272\/ravimijaagid1_0.jpg 1201w, https:\/\/sisu.ut.ee\/wp-content\/uploads\/sites\/272\/ravimijaagid1_0-300x151.jpg 300w, https:\/\/sisu.ut.ee\/wp-content\/uploads\/sites\/272\/ravimijaagid1_0-1024x515.jpg 1024w, https:\/\/sisu.ut.ee\/wp-content\/uploads\/sites\/272\/ravimijaagid1_0-768x386.jpg 768w\" sizes=\"auto, (max-width: 1201px) 100vw, 1201px\"><\/p>\n<p dir=\"ltr\" style=\"text-align: center;\">Allikas: Ravimiamet<\/p>\n<p dir=\"ltr\"><span style=\"color: #428bca;\"><strong>PRAKTILINE\u00a0 \u00dcLESANNE:<\/strong><\/span><\/p>\n<table class=\"table table-hover\" style=\"width: 100%;\" cellspacing=\"1\" cellpadding=\"10\">\n<tbody>\n<tr>\n<td style=\"width: 70px;\"><img loading=\"lazy\" decoding=\"async\" class=\"alignnone wp-image-82\" src=\"https:\/\/sisu.ut.ee\/wp-content\/uploads\/sites\/272\/kysimus2.png\" alt=\"kysimus2.png\" width=\"60\" height=\"69\"><\/td>\n<td>\n<ol dir=\"ltr\">\n<li>Tee oma ravimivarudes p\u00f5hjalik kontroll \u2013 sorteeri v\u00e4lja k\u00f5ik ravimid, mille kehtivus on l\u00f5ppenud. J\u00e4relej\u00e4\u00e4nud ravimite puhul loe pakendi infolehest, kas oled ravimeid s\u00e4ilitanud \u00f5igesti. Need ravimid, mida oled s\u00e4ilitanud valesti, on k\u00f5lbmatud. Lisaks vaata ka, kas Sinu ravimivarudes on m\u00f5nest l\u00f5ppenud retseptiravimikuurist j\u00e4rele j\u00e4\u00e4nud ravimeid (n\u00e4iteks antibiootikume), ka neid pole Sul vaja.<\/li>\n<li>Vii n\u00fc\u00fcd k\u00f5ik aegunud, valesti s\u00e4ilitatud ja retseptiravi \u00fclej\u00e4\u00e4gid apteeki v\u00f5i j\u00e4\u00e4tmejaama, kuna nende tarvitamine on ohtlik Sinu tervisele. Kui leidsid m\u00f5ne aegunud ravimi oma igap\u00e4evaselt kasutatavate ravimite seast, siis k\u00e4sim\u00fc\u00fcgiravimite puhul osta endale apteegist kohe v\u00e4rskem ravim asemele ning retseptiravimi puhul r\u00e4\u00e4gi oma murest arstiga ning vajadusel palu tal endale uus digiretsept v\u00e4lja kirjutada, et saaksid apteegist uue ravimikarbi osta.<\/li>\n<li>Kontrolli, et Sinu ravimid oleksid lastele ja koduloomadele k\u00e4ttesaamatus kohas!<\/li>\n<\/ol>\n<\/td>\n<\/tr>\n<\/tbody>\n<\/table>\n<p dir=\"ltr\"><span style=\"color: #428bca;\"><strong>LOE\u00a0 LISAKS:<\/strong><\/span><\/p>\n<table class=\"table table-hover\" style=\"width: 100%;\" cellspacing=\"1\" cellpadding=\"10\">\n<tbody>\n<tr>\n<td style=\"width: 70px;\"><img loading=\"lazy\" decoding=\"async\" class=\"alignnone wp-image-83\" src=\"https:\/\/sisu.ut.ee\/wp-content\/uploads\/sites\/272\/tahtis2.png\" alt=\"tahtis2.png\" width=\"60\" height=\"69\"><\/td>\n<td>\n<ul dir=\"ltr\">\n<li>Ravimij\u00e4\u00e4tmed (Ravimiamet) <a title=\"\" href=\"https:\/\/www.ravimiamet.ee\/ravimijaatmed\" target=\"_blank\" rel=\"noopener\" data-url=\"http:\/\/www.terviseuudised.ee\/uudised\/2017\/10\/05\/aastas-jouab-laanemerre-2200-tonni-ravimijaake\">https:\/\/www.ravimiamet.ee\/ravimijaatmed<\/a><\/li>\n<li>Ettev\u00f5tluses tekkinud ravimij\u00e4\u00e4gid (Ravimiamet) <a href=\"https:\/\/www.ravimiamet.ee\/ettevotluses-tekkinud-ravimijaagid#juhis-ettevottes-te\">https:\/\/www.ravimiamet.ee\/ettevotluses-tekkinud-ravimijaagid#juhis-ettevottes-te<\/a><\/li>\n<\/ul>\n<\/td>\n<\/tr>\n<\/tbody>\n<\/table>\n<p dir=\"ltr\">\n<\/p>","protected":false},"excerpt":{"rendered":"<p>\u00c4ra kasuta aegunud ravimeid, sest see on Sinu tervisele ohtlik! Ravimid on igas m\u00f5ttes v\u00e4ga erilised, ka nende \u00f5ige s\u00e4ilitamine on v\u00e4ga oluline. Valede s\u00e4ilitamistingimuste valikul, ei pruugi ravim olla enam t\u00f5hus, sest toimeaine muutub ja ravim v\u00f5ib tervisele ohtlikuks &#8230;<\/p>\n","protected":false},"author":142,"featured_media":0,"parent":0,"menu_order":0,"comment_status":"closed","ping_status":"closed","template":"","meta":{"_acf_changed":false,"inline_featured_image":false,"footnotes":""},"class_list":["post-24","page","type-page","status-publish","hentry"],"acf":[],"_links":{"self":[{"href":"https:\/\/sisu.ut.ee\/ravimitest-maakeeli\/wp-json\/wp\/v2\/pages\/24","targetHints":{"allow":["GET"]}}],"collection":[{"href":"https:\/\/sisu.ut.ee\/ravimitest-maakeeli\/wp-json\/wp\/v2\/pages"}],"about":[{"href":"https:\/\/sisu.ut.ee\/ravimitest-maakeeli\/wp-json\/wp\/v2\/types\/page"}],"author":[{"embeddable":true,"href":"https:\/\/sisu.ut.ee\/ravimitest-maakeeli\/wp-json\/wp\/v2\/users\/142"}],"replies":[{"embeddable":true,"href":"https:\/\/sisu.ut.ee\/ravimitest-maakeeli\/wp-json\/wp\/v2\/comments?post=24"}],"version-history":[{"count":4,"href":"https:\/\/sisu.ut.ee\/ravimitest-maakeeli\/wp-json\/wp\/v2\/pages\/24\/revisions"}],"predecessor-version":[{"id":629,"href":"https:\/\/sisu.ut.ee\/ravimitest-maakeeli\/wp-json\/wp\/v2\/pages\/24\/revisions\/629"}],"wp:attachment":[{"href":"https:\/\/sisu.ut.ee\/ravimitest-maakeeli\/wp-json\/wp\/v2\/media?parent=24"}],"curies":[{"name":"wp","href":"https:\/\/api.w.org\/{rel}","templated":true}]}}