{"id":12,"date":"2024-04-04T04:15:07","date_gmt":"2024-04-04T01:15:07","guid":{"rendered":"https:\/\/sisu.ut.ee\/ravimitest-maakeeli\/3-moodul-ravimite-koostis\/"},"modified":"2024-04-04T04:15:35","modified_gmt":"2024-04-04T01:15:35","slug":"3-moodul-ravimite-koostis","status":"publish","type":"page","link":"https:\/\/sisu.ut.ee\/ravimitest-maakeeli\/3-moodul-ravimite-koostis\/","title":{"rendered":"3. moodul: Ravimite koostis"},"content":{"rendered":"<p>\n\tEelmises moodulis said \u00fclevaate, mis on ravim ja ravimpreparaat ning sulle tutvustati l\u00fchidalt ravimvormi m\u00f5istet. Lisaks said teada, milliseid uuringuid peab tegema, et uus ravim apteeki j\u00f5uaks. K\u00e4esolevas moodulis j\u00e4tkub sama teema, aga saad teada juba konkreetsemaid n\u00e4iteid erinevatest ravimvormidest ja ravimpreparaatidest ning nende valmistamisest. Saad teada, et ravimite valmistamise juures ja ravimite soovitud toime saavutamiseks on eriti oluline tagada ravimite kvaliteet. Mooduli l\u00f5ppedes tead, mis on ravimvorm, miks on vaja hinnata ravimite kvaliteeti, kas ravimid on ohutud, kuidas ravimid endale nime saavad ning mis on geneerilised ja originaalravimid.\n<\/p>\n<p>\n\tVajadusel vaata uuesti eelmise mooduli videot.<\/p>\n","protected":false},"excerpt":{"rendered":"<p>Eelmises moodulis said \u00fclevaate, mis on ravim ja ravimpreparaat ning sulle tutvustati l\u00fchidalt ravimvormi m\u00f5istet. Lisaks said teada, milliseid uuringuid peab tegema, et uus ravim apteeki j\u00f5uaks. K\u00e4esolevas moodulis j\u00e4tkub sama teema, aga saad teada juba konkreetsemaid n\u00e4iteid erinevatest ravimvormidest &#8230;<\/p>\n","protected":false},"author":142,"featured_media":0,"parent":0,"menu_order":0,"comment_status":"closed","ping_status":"closed","template":"","meta":{"_acf_changed":false,"inline_featured_image":false,"footnotes":""},"class_list":["post-12","page","type-page","status-publish","hentry"],"acf":[],"_links":{"self":[{"href":"https:\/\/sisu.ut.ee\/ravimitest-maakeeli\/wp-json\/wp\/v2\/pages\/12","targetHints":{"allow":["GET"]}}],"collection":[{"href":"https:\/\/sisu.ut.ee\/ravimitest-maakeeli\/wp-json\/wp\/v2\/pages"}],"about":[{"href":"https:\/\/sisu.ut.ee\/ravimitest-maakeeli\/wp-json\/wp\/v2\/types\/page"}],"author":[{"embeddable":true,"href":"https:\/\/sisu.ut.ee\/ravimitest-maakeeli\/wp-json\/wp\/v2\/users\/142"}],"replies":[{"embeddable":true,"href":"https:\/\/sisu.ut.ee\/ravimitest-maakeeli\/wp-json\/wp\/v2\/comments?post=12"}],"version-history":[{"count":1,"href":"https:\/\/sisu.ut.ee\/ravimitest-maakeeli\/wp-json\/wp\/v2\/pages\/12\/revisions"}],"predecessor-version":[{"id":215,"href":"https:\/\/sisu.ut.ee\/ravimitest-maakeeli\/wp-json\/wp\/v2\/pages\/12\/revisions\/215"}],"wp:attachment":[{"href":"https:\/\/sisu.ut.ee\/ravimitest-maakeeli\/wp-json\/wp\/v2\/media?parent=12"}],"curies":[{"name":"wp","href":"https:\/\/api.w.org\/{rel}","templated":true}]}}