{"id":9,"date":"2024-04-04T03:59:22","date_gmt":"2024-04-04T00:59:22","guid":{"rendered":"https:\/\/sisu.ut.ee\/ranne\/5-kogukondade-loimimine\/"},"modified":"2024-04-04T04:00:20","modified_gmt":"2024-04-04T01:00:20","slug":"5-kogukondade-loimimine","status":"publish","type":"page","link":"https:\/\/sisu.ut.ee\/ranne\/5-kogukondade-loimimine\/","title":{"rendered":"5. Kogukondade l\u00f5imimise t\u00f6\u00f6r\u00fchm:"},"content":{"rendered":"<table class=\"table table-hover\" style=\"height: 300px;width: 700px\" border=\"0\">\n<tbody>\n<tr>\n<td>\n\t\t\t\t<img loading=\"lazy\" decoding=\"async\" src=\"\/wp-content\/uploads\/sites\/265\/small_marko-uibu.jpg\" width=\"90\" height=\"90\">\n\t\t\t<\/td>\n<td>\n<p>\n\t\t\t\t\tMarko Uibu, Tartu \u00dclikooli \u00fchiskonnateaduste instituudi lektor\n\t\t\t\t<\/p>\n<p>\n\t\t\t\t\tmarko.uibu@ut.ee \u00a0\u00a0\u00a0\u00a0\u00a0\u00a0\u00a0\u00a0\u00a0\u00a0\u00a0\u00a0\u00a0\u00a0\u00a0\u00a0\u00a0\u00a0\u00a0\n\t\t\t\t<\/p>\n<\/td>\n<\/tr>\n<tr>\n<td>\n\t\t\t\t<img loading=\"lazy\" decoding=\"async\" src=\"\/wp-content\/uploads\/sites\/265\/small_dagmar_narusson_0.jpg\" width=\"90\" height=\"90\">\n\t\t\t<\/td>\n<td>\n<p>\n\t\t\t\t\tDagmar Narusson, Tartu \u00dclikooli \u00fchiskonnateaduste instituudi lektor\n\t\t\t\t<\/p>\n<p>\n\t\t\t\t\tdagmar.narusson@ut.ee\n\t\t\t\t<\/p>\n<\/td>\n<\/tr>\n<tr>\n<td>\n\t\t\t\t<img loading=\"lazy\" decoding=\"async\" src=\"\/wp-content\/uploads\/sites\/265\/small_mare-ainsaar.png\" width=\"90\" height=\"90\">\n\t\t\t<\/td>\n<td>\n<p>\n\t\t\t\t\tMare Ainsaar, Tartu \u00dclikooli sotsioloogia ja sotsiaalpoliitika kaasprofessor\n\t\t\t\t<\/p>\n<p>\n\t\t\t\t\tmare.ainsaar@ut.ee\n\t\t\t\t<\/p>\n<\/td>\n<\/tr>\n<tr>\n<td>\n\t\t\t\t<img loading=\"lazy\" decoding=\"async\" src=\"\/wp-content\/uploads\/sites\/265\/small_triin_vihalemm.jpg\" width=\"90\" height=\"90\">\n\t\t\t<\/td>\n<td>\n<p>\n\t\t\t\t\tTriin Vihalemm, Tartu \u00dclikooli kommunikatsiooniuuringute professor\n\t\t\t\t<\/p>\n<p>\n\t\t\t\t\ttriin.vihalemm@ut.ee\n\t\t\t\t<\/p>\n<\/td>\n<\/tr>\n<tr>\n<td>\n\t\t\t\t<img loading=\"lazy\" decoding=\"async\" width=\"512\" height=\"512\" class=\"alignnone wp-image-81\" src=\"https:\/\/sisu.ut.ee\/wp-content\/uploads\/sites\/265\/ave_roots.jpg\" title=\"ave_roots.jpg\" alt=\"Ave\" srcset=\"https:\/\/sisu.ut.ee\/wp-content\/uploads\/sites\/265\/ave_roots.jpg 512w, https:\/\/sisu.ut.ee\/wp-content\/uploads\/sites\/265\/ave_roots-300x300.jpg 300w, https:\/\/sisu.ut.ee\/wp-content\/uploads\/sites\/265\/ave_roots-150x150.jpg 150w\" sizes=\"auto, (max-width: 512px) 100vw, 512px\">\n\t\t\t<\/td>\n<td>\n<p>\n\t\t\t\t\tAve Roots, Tartu \u00dclikooli \u00fchiskonnateaduste instituudi lektor\n\t\t\t\t<\/p>\n<p>\n\t\t\t\t\tave.roots@ut.ee\n\t\t\t\t<\/p>\n<\/td>\n<\/tr>\n<tr>\n<td>\n\t\t\t\t<img loading=\"lazy\" decoding=\"async\" width=\"225\" height=\"225\" class=\"alignnone wp-image-82\" src=\"https:\/\/sisu.ut.ee\/wp-content\/uploads\/sites\/265\/oliver_nahkur.jpg\" title=\"oliver_nahkur.jpg\" alt=\"Oliver\" srcset=\"https:\/\/sisu.ut.ee\/wp-content\/uploads\/sites\/265\/oliver_nahkur.jpg 225w, https:\/\/sisu.ut.ee\/wp-content\/uploads\/sites\/265\/oliver_nahkur-150x150.jpg 150w\" sizes=\"auto, (max-width: 225px) 100vw, 225px\">\n\t\t\t<\/td>\n<td>\n<p>\n\t\t\t\t\tOliver Nahkur, Tartu \u00dclikooli sotsiaalse heaolu uuringute teadur\n\t\t\t\t<\/p>\n<p>\n\t\t\t\t\toliver.nahkur@ut.ee\n\t\t\t\t<\/p>\n<\/td>\n<\/tr>\n<tr>\n<td>\n\t\t\t\t<img loading=\"lazy\" decoding=\"async\" width=\"566\" height=\"560\" class=\"alignnone wp-image-83\" src=\"https:\/\/sisu.ut.ee\/wp-content\/uploads\/sites\/265\/helina_maasing.jpg\" title=\"helina_maasing.jpg\" alt=\"Helina\" srcset=\"https:\/\/sisu.ut.ee\/wp-content\/uploads\/sites\/265\/helina_maasing.jpg 566w, https:\/\/sisu.ut.ee\/wp-content\/uploads\/sites\/265\/helina_maasing-300x297.jpg 300w\" sizes=\"auto, (max-width: 566px) 100vw, 566px\">\n\t\t\t<\/td>\n<td>\n<p>\n\t\t\t\t\tHelina Maasing, Politsei- ja Piirivalveameti juhtivanal\u00fc\u00fctik, Tartu \u00dclikooli \u00fchiskonnateaduste instituudi doktorant\n\t\t\t\t<\/p>\n<p>\n\t\t\t\t\thelina.maasing@ppa.ee\n\t\t\t\t<\/p>\n<\/td>\n<\/tr>\n<tr>\n<td>\n\t\t\t\t<img loading=\"lazy\" decoding=\"async\" width=\"512\" height=\"512\" class=\"alignnone wp-image-84\" src=\"https:\/\/sisu.ut.ee\/wp-content\/uploads\/sites\/265\/sander_salvet.jpg\" title=\"sander_salvet.jpg\" alt=\"Sander\" srcset=\"https:\/\/sisu.ut.ee\/wp-content\/uploads\/sites\/265\/sander_salvet.jpg 512w, https:\/\/sisu.ut.ee\/wp-content\/uploads\/sites\/265\/sander_salvet-300x300.jpg 300w, https:\/\/sisu.ut.ee\/wp-content\/uploads\/sites\/265\/sander_salvet-150x150.jpg 150w\" sizes=\"auto, (max-width: 512px) 100vw, 512px\">\n\t\t\t<\/td>\n<td>\n<p>\n\t\t\t\t\tSander Salvet, Tallinna Tehnika\u00fclikooli anal\u00fc\u00fctik, Tartu \u00dclikooli \u00fchiskonnateaduste instituudi doktorant\n\t\t\t\t<\/p>\n<p>\n\t\t\t\t\tsander.salvet@ut.ee\n\t\t\t\t<\/p>\n<\/td>\n<\/tr>\n<\/tbody>\n<\/table>\n","protected":false},"excerpt":{"rendered":"<p>Marko Uibu, Tartu \u00dclikooli \u00fchiskonnateaduste instituudi lektor marko.uibu@ut.ee \u00a0\u00a0\u00a0\u00a0\u00a0\u00a0\u00a0\u00a0\u00a0\u00a0\u00a0\u00a0\u00a0\u00a0\u00a0\u00a0\u00a0\u00a0\u00a0 Dagmar Narusson, Tartu \u00dclikooli \u00fchiskonnateaduste instituudi lektor dagmar.narusson@ut.ee Mare Ainsaar, Tartu \u00dclikooli sotsioloogia ja sotsiaalpoliitika kaasprofessor mare.ainsaar@ut.ee Triin Vihalemm, Tartu \u00dclikooli kommunikatsiooniuuringute professor triin.vihalemm@ut.ee Ave Roots, Tartu \u00dclikooli \u00fchiskonnateaduste instituudi lektor &#8230;<\/p>\n","protected":false},"author":138,"featured_media":0,"parent":0,"menu_order":0,"comment_status":"closed","ping_status":"closed","template":"","meta":{"_acf_changed":false,"inline_featured_image":false,"footnotes":""},"class_list":["post-9","page","type-page","status-publish","hentry"],"acf":[],"_links":{"self":[{"href":"https:\/\/sisu.ut.ee\/ranne\/wp-json\/wp\/v2\/pages\/9","targetHints":{"allow":["GET"]}}],"collection":[{"href":"https:\/\/sisu.ut.ee\/ranne\/wp-json\/wp\/v2\/pages"}],"about":[{"href":"https:\/\/sisu.ut.ee\/ranne\/wp-json\/wp\/v2\/types\/page"}],"author":[{"embeddable":true,"href":"https:\/\/sisu.ut.ee\/ranne\/wp-json\/wp\/v2\/users\/138"}],"replies":[{"embeddable":true,"href":"https:\/\/sisu.ut.ee\/ranne\/wp-json\/wp\/v2\/comments?post=9"}],"version-history":[{"count":1,"href":"https:\/\/sisu.ut.ee\/ranne\/wp-json\/wp\/v2\/pages\/9\/revisions"}],"predecessor-version":[{"id":444,"href":"https:\/\/sisu.ut.ee\/ranne\/wp-json\/wp\/v2\/pages\/9\/revisions\/444"}],"wp:attachment":[{"href":"https:\/\/sisu.ut.ee\/ranne\/wp-json\/wp\/v2\/media?parent=9"}],"curies":[{"name":"wp","href":"https:\/\/api.w.org\/{rel}","templated":true}]}}