{"id":6,"date":"2024-04-04T03:59:22","date_gmt":"2024-04-04T00:59:22","guid":{"rendered":"https:\/\/sisu.ut.ee\/ranne\/kultuuriline-mitmekesisus-inimesed\/"},"modified":"2024-04-04T04:00:20","modified_gmt":"2024-04-04T01:00:20","slug":"kultuuriline-mitmekesisus-inimesed","status":"publish","type":"page","link":"https:\/\/sisu.ut.ee\/ranne\/kultuuriline-mitmekesisus-inimesed\/","title":{"rendered":"4. Kultuurilise mitmekesisuse t\u00f6\u00f6r\u00fchm:"},"content":{"rendered":"<table class=\"table table-hover\" style=\"height: 300px;width: 700px\" border=\"0\">\n<tbody>\n<tr>\n<td><img loading=\"lazy\" decoding=\"async\" src=\"\/wp-content\/uploads\/sites\/265\/small_marek_tamm.jpg\" width=\"90\" height=\"90\"><\/td>\n<td>\n<p>Marek Tamm,\u00a0Tallinna \u00dclikooli humanitaarteaduste instituudi professor\u00a0\u00a0\u00a0\u00a0\u00a0\u00a0\u00a0\u00a0\u00a0\u00a0\u00a0\u00a0\u00a0\u00a0\u00a0\u00a0\u00a0\u00a0\u00a0\u00a0\u00a0\u00a0\u00a0\u00a0\u00a0\u00a0\u00a0\u00a0\u00a0\u00a0\u00a0\u00a0\u00a0<\/p>\n<p>marek.tamm@tlu.ee\u00a0 \u00a0\u00a0\u00a0\u00a0\u00a0\u00a0\u00a0\u00a0\u00a0\u00a0\u00a0\u00a0\u00a0\u00a0\u00a0\u00a0\u00a0\u00a0\u00a0\u00a0\u00a0\u00a0\u00a0\u00a0\u00a0\u00a0\u00a0\u00a0\u00a0\u00a0\u00a0\u00a0<\/p>\n<\/td>\n<\/tr>\n<tr>\n<td><img loading=\"lazy\" decoding=\"async\" src=\"\/wp-content\/uploads\/sites\/265\/small_rein-raud.jpg\" width=\"90\" height=\"90\"><\/td>\n<td>\n<p>Rein Raud, Tallinna \u00dclikooli humanitaarteaduste instituudi professor<\/p>\n<p>rein.raud@tlu.ee<\/p>\n<\/td>\n<\/tr>\n<tr>\n<td><img loading=\"lazy\" decoding=\"async\" src=\"\/wp-content\/uploads\/sites\/265\/small_martin_ehala.jpg\" width=\"90\" height=\"90\"><\/td>\n<td>\n<p>Martin Ehala, Tartu \u00dclikooli emakeele\u00f5petuse professor<\/p>\n<p>martin.ehala@ut.ee<\/p>\n<\/td>\n<\/tr>\n<tr>\n<td><img loading=\"lazy\" decoding=\"async\" src=\"\/wp-content\/uploads\/sites\/265\/small_mare-oja.jpg\" width=\"90\" height=\"90\"><\/td>\n<td>\n<p>Mare Oja, Tallinna \u00dclikooli humanitaarteaduste instituudi lektor<\/p>\n<p>mare.oja@tlu.ee<\/p>\n<\/td>\n<\/tr>\n<\/tbody>\n<\/table>\n","protected":false},"excerpt":{"rendered":"<p>Marek Tamm,\u00a0Tallinna \u00dclikooli humanitaarteaduste instituudi professor\u00a0\u00a0\u00a0\u00a0\u00a0\u00a0\u00a0\u00a0\u00a0\u00a0\u00a0\u00a0\u00a0\u00a0\u00a0\u00a0\u00a0\u00a0\u00a0\u00a0\u00a0\u00a0\u00a0\u00a0\u00a0\u00a0\u00a0\u00a0\u00a0\u00a0\u00a0\u00a0\u00a0 marek.tamm@tlu.ee\u00a0 \u00a0\u00a0\u00a0\u00a0\u00a0\u00a0\u00a0\u00a0\u00a0\u00a0\u00a0\u00a0\u00a0\u00a0\u00a0\u00a0\u00a0\u00a0\u00a0\u00a0\u00a0\u00a0\u00a0\u00a0\u00a0\u00a0\u00a0\u00a0\u00a0\u00a0\u00a0\u00a0 Rein Raud, Tallinna \u00dclikooli humanitaarteaduste instituudi professor rein.raud@tlu.ee Martin Ehala, Tartu \u00dclikooli emakeele\u00f5petuse professor martin.ehala@ut.ee Mare Oja, Tallinna \u00dclikooli humanitaarteaduste instituudi lektor mare.oja@tlu.ee<\/p>\n","protected":false},"author":138,"featured_media":0,"parent":0,"menu_order":0,"comment_status":"closed","ping_status":"closed","template":"","meta":{"_acf_changed":false,"inline_featured_image":false,"footnotes":""},"class_list":["post-6","page","type-page","status-publish","hentry"],"acf":[],"_links":{"self":[{"href":"https:\/\/sisu.ut.ee\/ranne\/wp-json\/wp\/v2\/pages\/6","targetHints":{"allow":["GET"]}}],"collection":[{"href":"https:\/\/sisu.ut.ee\/ranne\/wp-json\/wp\/v2\/pages"}],"about":[{"href":"https:\/\/sisu.ut.ee\/ranne\/wp-json\/wp\/v2\/types\/page"}],"author":[{"embeddable":true,"href":"https:\/\/sisu.ut.ee\/ranne\/wp-json\/wp\/v2\/users\/138"}],"replies":[{"embeddable":true,"href":"https:\/\/sisu.ut.ee\/ranne\/wp-json\/wp\/v2\/comments?post=6"}],"version-history":[{"count":1,"href":"https:\/\/sisu.ut.ee\/ranne\/wp-json\/wp\/v2\/pages\/6\/revisions"}],"predecessor-version":[{"id":445,"href":"https:\/\/sisu.ut.ee\/ranne\/wp-json\/wp\/v2\/pages\/6\/revisions\/445"}],"wp:attachment":[{"href":"https:\/\/sisu.ut.ee\/ranne\/wp-json\/wp\/v2\/media?parent=6"}],"curies":[{"name":"wp","href":"https:\/\/api.w.org\/{rel}","templated":true}]}}