{"id":52,"date":"2024-04-04T03:59:25","date_gmt":"2024-04-04T00:59:25","guid":{"rendered":"https:\/\/sisu.ut.ee\/ranne\/teaduspublikatsioonid\/"},"modified":"2024-04-04T04:00:19","modified_gmt":"2024-04-04T01:00:19","slug":"teaduspublikatsioonid","status":"publish","type":"page","link":"https:\/\/sisu.ut.ee\/ranne\/teaduspublikatsioonid\/","title":{"rendered":"Teaduspublikatsioonid"},"content":{"rendered":"<blockquote>\n<p>\n\t\t2020\n\t<\/p>\n<\/blockquote>\n<p>\n\t<a data-url=\"http:\/\/www.kirj.ee\/public\/trames_pdf\/2020\/issue_1\/Trames-1-2020-27-51.pdf\" href=\"http:\/\/www.kirj.ee\/public\/trames_pdf\/2020\/issue_1\/Trames-1-2020-27-51.pdf\" target=\"_blank\" title=\"\" rel=\"noopener\">Laura Kirss, U\u0308lle Sa\u0308a\u0308lik, Margus Pedaste, A\u0308li Leijen (2020). A Synthesis of Theoretical Frameworks on Multilingual Education for School Leaders. Trames, 24(74\/69), 1, 27\u201351<\/a>\n<\/p>\n<hr>\n<blockquote>\n<p>\n\t\t2019\n\t<\/p>\n<\/blockquote>\n<hr>\n<p>\n\t<a data-url=\"https:\/\/sisu.ut.ee\/wp-content\/uploads\/sites\/265\/eesti_ja_soome_vaheline_ranne_loplik.pdf\" href=\"https:\/\/sisu.ut.ee\/wp-content\/uploads\/sites\/265\/eesti_ja_soome_vaheline_ranne_loplik.pdf\" target=\"_blank\" title=\"\" rel=\"noopener\">Tiit Tammaru, Anneli K\u00e4hrik, Karin Kangur \u201cEesti ja Soome vaheline r\u00e4nne: kas peagi on oodata r\u00e4ndep\u00f6\u00f6ret?\u201d<\/a>\n<\/p>\n<hr>\n<p>\n\t<a data-url=\"https:\/\/sisu.ut.ee\/wp-content\/uploads\/sites\/265\/eestisse_tagasiranne_loplik.pdf\" href=\"https:\/\/sisu.ut.ee\/wp-content\/uploads\/sites\/265\/eestisse_tagasiranne_loplik.pdf\" target=\"_blank\" title=\"\" rel=\"noopener\">Tiit Tammaru, Kristi Anniste, Karin Kanguri artikkel \u201cEestlased Soomes ja Eestisse tagasir\u00e4nde kavatsused\u201d\u00a0geograafia 100. aastap\u00e4eva teadust\u00f6\u00f6de kogumikus (ilmumine 2019 aasta l\u00f5pus).<\/a>\n<\/p>\n<hr>\n<p><a data-url=\"https:\/\/sisu.ut.ee\/wp-content\/uploads\/sites\/265\/gg_100_annelinna_elanikkond_muutumises_kalm.pdf\" href=\"https:\/\/sisu.ut.ee\/wp-content\/uploads\/sites\/265\/gg_100_annelinna_elanikkond_muutumises_kalm.pdf\" target=\"_blank\" title=\"\" rel=\"noopener\">Kadi Kalm artikkel \u201cAnnelinna elanikkond muutumises\u201d geograafia 100. aastap\u00e4eva teadust\u00f6\u00f6de kogumikus (ilmumine 2019 aasta l\u00f5pus).<\/a><\/p>\n<hr>\n<p>\n\t<a data-url=\"https:\/\/dspace.ut.ee\/bitstream\/handle\/10062\/63702\/kukk_kristiina.pdf?sequence=1&amp;isAllowed=y\" href=\"https:\/\/dspace.ut.ee\/bitstream\/handle\/10062\/63702\/kukk_kristiina.pdf?sequence=1&amp;isAllowed=y\" target=\"_blank\" title=\"\" rel=\"noopener\">Kristiina Kuke doktorit\u00f6\u00f6 teemal \u201cSegregatsiooni n\u00f5iaring ning vaba aja tegevuste roll selles\u201d<\/a>\n<\/p>\n<hr>\n<p>\n\t<a data-url=\"https:\/\/sisu.ut.ee\/wp-content\/uploads\/sites\/265\/petuhhova_magistritoo_.pdf\" href=\"https:\/\/sisu.ut.ee\/wp-content\/uploads\/sites\/265\/petuhhova_magistritoo_.pdf\" target=\"_blank\" title=\"\" rel=\"noopener\">Jekaterina Petuhhova magistrit\u00f6\u00f6 teemal \u201d M\u00e4ngustatud koost\u00f6\u00f6tegevuste m\u00f5ju eesti ja eestivene noorte vastastikustele hoiakutele\u201d juhendaja Mare Kitsnik, Tartu 2019<\/a>\n<\/p>\n<hr>\n<p>\n\t<a data-url=\"http:\/\/kjk.eki.ee\/ee\/issues\/2019\/1-2\/1130\" href=\"http:\/\/kjk.eki.ee\/ee\/issues\/2019\/1-2\/1130\" target=\"_blank\" title=\"\" rel=\"noopener\">Mare Kitsnik 2019 \u201cEesti keele kui teise keele \u00f5ppimine \u2013 kas raske t\u00f6\u00f6 v\u00f5i kerge l\u00f5bu?\u201d<\/a>\n<\/p>\n<hr>\n<p>\n\t<a data-url=\"https:\/\/onlinelibrary.wiley.com\/doi\/full\/10.1111\/tesg.12307\" href=\"https:\/\/onlinelibrary.wiley.com\/doi\/full\/10.1111\/tesg.12307\" target=\"_blank\" title=\"\" rel=\"noopener\">\u201cEthniCity of leisure: A domains approach to ethnic integration during free time activities\u201d K. Kukk, M. Van Ham, T. Tammaru 2019, teadusartikkel ajakirjas Tijdschrift voor economische en sociale geografie.<\/a>\n<\/p>\n<hr>\n<p>\n\t<a data-url=\"https:\/\/journals.sagepub.com\/doi\/full\/10.1177\/0042098018807628\" href=\"https:\/\/journals.sagepub.com\/doi\/full\/10.1177\/0042098018807628\" target=\"_blank\" title=\"\" rel=\"noopener\">\u201cDoes segregation reduce socio-spatial mobility? Evidence from four European countries with different inequality and segregation contexts\u201d J. Nieuwenhuis, T. Tammaru, M. Van Ham, L. Hedman, D. Manley 2019, teadusartikkel ajakirjas Urban Studies<\/a>\n<\/p>\n<hr>\n<p>\n\t<a data-url=\"https:\/\/scholar.google.com\/scholar?oi=bibs&amp;cluster=13407280981448605303&amp;btnI=1&amp;hl=en\" href=\"https:\/\/scholar.google.com\/scholar?oi=bibs&amp;cluster=13407280981448605303&amp;btnI=1&amp;hl=en\" target=\"_blank\" title=\"\" rel=\"noopener\">\u201cThe Role of Neighbourhood and Workplace Ethnic Contexts in the Formation of Inter-ethnic Partnerships: A Native Majority Perspective\u201d L. Rahnu, A. Puur, T. Kleinepier, T. Tammaru 2019, teadusartikkel ajakirjas European Journal of Population<\/a>\n<\/p>\n<hr>\n<blockquote>\n<p>\n\t\t2018\n\t<\/p>\n<\/blockquote>\n<p>\n\t<a href=\"https:\/\/sisu.ut.ee\/wp-content\/uploads\/sites\/265\/cres_a_1540035.pdf\" target=\"_blank\" rel=\"noopener\">\u00a0\u201cRelationship between income inequality and residential segregation of socioeconomic groups\u201d T.Tammaru et al. 2018, teadusartikkel ajakirjas Regional Studies<\/a>\n<\/p>\n<hr>\n<p>\n\t<a data-url=\"http:\/\/kjk.eki.ee\/ee\/issues\/2018\/8-9\/1080\" href=\"http:\/\/kjk.eki.ee\/ee\/issues\/2018\/8-9\/1080\" target=\"_blank\" title=\"\" rel=\"noopener\">Mare Kitsnik 2018 \u201cKuidas areneb eesti \u00f5ppijakeel ja miks just nii \u2013 kas \u00f5ppijakeele korpus annab neile k\u00fcsimustele vastused?\u201d<\/a>\n<\/p>\n<hr>\n<p>\n\t<a data-url=\"https:\/\/dspace.ut.ee\/bitstream\/handle\/10062\/62408\/pungas_enel.pdf?sequence=1&amp;isAllowed=y\" href=\"https:\/\/dspace.ut.ee\/bitstream\/handle\/10062\/62408\/pungas_enel.pdf?sequence=1&amp;isAllowed=y\" target=\"_blank\" title=\"\" rel=\"noopener\">Enel Pungase doktorit\u00f6\u00f6 teemal \u201cRahvus ja haridus r\u00e4ndekavatsuste m\u00f5juritena Eesti\u00a0n\u00e4itel\u201d<\/a>\n<\/p>\n<hr>\n<p>\n\t<a data-url=\"https:\/\/dspace.ut.ee\/bitstream\/handle\/10062\/62344\/magi_kadi.pdf?sequence=1&amp;isAllowed=y\" href=\"https:\/\/dspace.ut.ee\/bitstream\/handle\/10062\/62344\/magi_kadi.pdf?sequence=1&amp;isAllowed=y\" target=\"_blank\" title=\"\" rel=\"noopener\">Kadi M\u00e4gi doktorit\u00f6\u00f6 teemal \u201cVenekeelse elanikkonna elukohasegregatsioon ja integratsioon Eestis\u201d<\/a>\n<\/p>\n<hr>\n<p>\n\t\u00a0\n<\/p>\n<p>\n\t<span style=\"font-size:16px\">RITA-R\u00e4nne teadurid meedias <\/span>\n<\/p>\n<p>\n\t<a href=\"https:\/\/pohjarannik.postimees.ee\/6792514\/teadlased-eesmark-on-uhtne-eesti-kool-aastaks-2035\" target=\"_blank\" title=\"\" rel=\"noopener\">Tiit Tammaru jt. ettekanded Narva L\u00f5imFestil 2019. Artikkel Postimehes 3.10.2019 \u201cTeadlased: eesm\u00e4rk on \u00fchtne eesti kool aastaks 2035.<\/a>\n<\/p>\n<hr>\n<p>\n\t<span style=\"color:#6495ed\"><a href=\"https:\/\/arvamus.postimees.ee\/6474917\/birute-klaas-lang-lati-keelepoliitika-oppetunnid\" target=\"_blank\" rel=\"noopener\"><span style=\"color:#6495ed\"><span><span>Birute Klaas-Lang 2019.\u00a0L\u00e4ti keelepoliitika \u00f5ppetunnid<\/span><\/span><\/span><\/a><\/span>\n<\/p>\n<hr>\n<p>\n\t<span style=\"color:#6495ed\"><a href=\"https:\/\/rito.riigikogu.ee\/wordpress\/wp-content\/uploads\/2018\/06\/Eamets.pdf\" target=\"_blank\" rel=\"noopener\"><span style=\"color:#6495ed\">R. Eamets 2018. Mis suunas areneb tulevikumajandus ja mis oskusi siis vajatakse?<\/span><\/a><\/span>\n<\/p>\n<hr>\n<p>\n\t<span style=\"color:#6495ed\"><a href=\"https:\/\/arvamus.postimees.ee\/4445097\/raul-eamets-tiit-tammaru-tark-sisserandepoliitika-eestile\" target=\"_blank\" rel=\"noopener\"><span style=\"color:#6495ed\">R. Eamets ja T. Tammaru 2018. Tark sisser\u00e4ndepoliitika Eestile<\/span><\/a><\/span>\n<\/p>\n<hr>\n<p>\n\t<span style=\"color:#6495ed\"><a href=\"http:\/\/arhiiv.rakenduslingvistika.ee\/ajakirjad\/index.php\/lahivordlusi\/article\/view\/LV28.03\" target=\"_blank\" rel=\"noopener\"><span style=\"Helvetica,sans-serif;color:#6495ed\">Birute Klaas-Lang ja Kristiina Praakli 2018.\u00a0\u00a0Riigikeele oskusest, kasutamisest ja v\u00e4\u00e4rtustamisest Soome ja eesti muukeelsete noorte n\u00e4itel<\/span><\/a><\/span>\n<\/p>\n<hr>\n<p>\n\t<span style=\"color:#6495ed\"><span><a href=\"https:\/\/sirp.ee\/s1-artiklid\/varia\/eesti-keelekeskkond-tana-25-aastat-edasi\/\" target=\"_blank\" rel=\"noopener\"><span style=\"color:#6495ed\">Martin Ehala ja Birute Klaas-Lang 2018.\u00a0Eesti keelekeskkond t\u00e4na 25 aastat edasi<\/span><\/a><\/span><\/span>\n<\/p>\n<hr>\n<p>\n\t<span style=\"Helvetica,sans-serif;color:#6495ed\"><a href=\"https:\/\/arvamus.postimees.ee\/6012924\/mare-kitsnik-uhtne-eesti-kool-aitaks-parandada-inimestevahelisi-suhteid-ja-luua-uhtsemat-uhiskonda\" target=\"_blank\" rel=\"noopener\"><span style=\"color:#6495ed\"><span>Mare Kitsnik 2018.\u00a0\u00dchtne Eesti kool aitaks parandada inimestevahelisi suhteid ja luua \u00fchtsemat \u00fchiskonda<\/span><\/span><\/a><\/span>\n<\/p>\n<p>\u00a0<\/p>\n<hr>\n","protected":false},"excerpt":{"rendered":"<p>2020 Laura Kirss, U\u0308lle Sa\u0308a\u0308lik, Margus Pedaste, A\u0308li Leijen (2020). A Synthesis of Theoretical Frameworks on Multilingual Education for School Leaders. Trames, 24(74\/69), 1, 27\u201351 2019 Tiit Tammaru, Anneli K\u00e4hrik, Karin Kangur \u201cEesti ja Soome vaheline r\u00e4nne: kas peagi on &#8230;<\/p>\n","protected":false},"author":138,"featured_media":0,"parent":0,"menu_order":0,"comment_status":"closed","ping_status":"closed","template":"","meta":{"_acf_changed":false,"inline_featured_image":false,"footnotes":""},"class_list":["post-52","page","type-page","status-publish","hentry"],"acf":[],"_links":{"self":[{"href":"https:\/\/sisu.ut.ee\/ranne\/wp-json\/wp\/v2\/pages\/52","targetHints":{"allow":["GET"]}}],"collection":[{"href":"https:\/\/sisu.ut.ee\/ranne\/wp-json\/wp\/v2\/pages"}],"about":[{"href":"https:\/\/sisu.ut.ee\/ranne\/wp-json\/wp\/v2\/types\/page"}],"author":[{"embeddable":true,"href":"https:\/\/sisu.ut.ee\/ranne\/wp-json\/wp\/v2\/users\/138"}],"replies":[{"embeddable":true,"href":"https:\/\/sisu.ut.ee\/ranne\/wp-json\/wp\/v2\/comments?post=52"}],"version-history":[{"count":1,"href":"https:\/\/sisu.ut.ee\/ranne\/wp-json\/wp\/v2\/pages\/52\/revisions"}],"predecessor-version":[{"id":425,"href":"https:\/\/sisu.ut.ee\/ranne\/wp-json\/wp\/v2\/pages\/52\/revisions\/425"}],"wp:attachment":[{"href":"https:\/\/sisu.ut.ee\/ranne\/wp-json\/wp\/v2\/media?parent=52"}],"curies":[{"name":"wp","href":"https:\/\/api.w.org\/{rel}","templated":true}]}}