{"id":51,"date":"2024-04-04T03:59:25","date_gmt":"2024-04-04T00:59:25","guid":{"rendered":"https:\/\/sisu.ut.ee\/ranne\/muud-projektiga-seotud-analuusid\/"},"modified":"2024-04-04T04:00:19","modified_gmt":"2024-04-04T01:00:19","slug":"muud-projektiga-seotud-analuusid","status":"publish","type":"page","link":"https:\/\/sisu.ut.ee\/ranne\/muud-projektiga-seotud-analuusid\/","title":{"rendered":"Muud projektiga seotud anal\u00fc\u00fcsid"},"content":{"rendered":"<blockquote>\n<p>\n\t\t2020\n\t<\/p>\n<\/blockquote>\n<hr>\n<p>\n\t<a data-url=\"https:\/\/sisu.ut.ee\/wp-content\/uploads\/sites\/265\/oppematerjalide_koostamine_teemakokkuvote.pdf\" href=\"https:\/\/sisu.ut.ee\/wp-content\/uploads\/sites\/265\/oppematerjalide_koostamine_teemakokkuvote.pdf\" target=\"_blank\" title=\"\" rel=\"noopener\">\u201cEesti keele kui teise keele \u00f5ppematerjalide koostamise ja hindamise juhend\u201d teemakokkuv\u00f5te 12.2020<\/a>\n<\/p>\n<p>\n\t<a href=\"https:\/\/sisu.ut.ee\/wp-content\/uploads\/sites\/265\/oppem_koostamise_juhend.pdf\" target=\"_blank\" title=\"\" rel=\"noopener\">Eesti keele kui teise keele \u00f5ppematerjalide koostamise ja hindamise juhend<\/a>\n<\/p>\n<hr>\n<p>\n\t<a data-url=\"https:\/\/sisu.ut.ee\/wp-content\/uploads\/sites\/265\/rita_mitmeperspektiivse_ajalooopetuse_metoodiline_juhend.pdf\" href=\"https:\/\/sisu.ut.ee\/wp-content\/uploads\/sites\/265\/rita_mitmeperspektiivse_ajalooopetuse_metoodiline_juhend.pdf\" target=\"_blank\" title=\"\" rel=\"noopener\">\u201cMitmeperspektiivse ajaloo\u00f5ppe juhend\u201d 12.2020 <\/a>\n<\/p>\n<hr>\n<p>\n\t<a data-url=\"https:\/\/sisu.ut.ee\/wp-content\/uploads\/sites\/265\/eesti_keele_kui_teise_keele_infokogu.pdf\" href=\"https:\/\/sisu.ut.ee\/wp-content\/uploads\/sites\/265\/eesti_keele_kui_teise_keele_infokogu.pdf\" target=\"_blank\" title=\"\" rel=\"noopener\">\u201cEesti keele kui teise keele infokogu\u201d 12.2020<\/a>\n<\/p>\n<hr>\n<p>\n\t<a data-url=\"https:\/\/sisu.ut.ee\/wp-content\/uploads\/sites\/265\/kasiraamat_mitmekeelne_erivajadusega_opilane_koolis.pdf\" href=\"https:\/\/sisu.ut.ee\/wp-content\/uploads\/sites\/265\/kasiraamat_mitmekeelne_erivajadusega_opilane_koolis.pdf\" target=\"_blank\" title=\"\" rel=\"noopener\">K\u00e4siraamat \u201cMitmekeelne erivajadusega \u00f5pilane koolis\u201d 2020<\/a>\n<\/p>\n<hr>\n<p>\n\t<a data-url=\"https:\/\/sisu.ut.ee\/wp-content\/uploads\/sites\/265\/taiskasvanud_uussisserandajate_eesti_keele_opitee_mudel_redel.pdf\" href=\"https:\/\/sisu.ut.ee\/wp-content\/uploads\/sites\/265\/taiskasvanud_uussisserandajate_eesti_keele_opitee_mudel_redel.pdf\" target=\"_blank\" title=\"\" rel=\"noopener\">\u201cT\u00e4iskasvanud uussisser\u00e4ndajate eesti keele \u00f5pitee mudel REDEL\u201d 12.2020<\/a>\n<\/p>\n<hr>\n<p>\n\t<a data-url=\"https:\/\/sisu.ut.ee\/wp-content\/uploads\/sites\/265\/tp5_soovitused_riik_kov.pdf\" href=\"https:\/\/sisu.ut.ee\/wp-content\/uploads\/sites\/265\/tp5_soovitused_riik_kov.pdf\" target=\"_blank\" title=\"\" rel=\"noopener\">\u201cKogukonnad, l\u00f5imumine ja hargmaisus; konflikt ja radikaliseerumine: uuringute p\u00f5hitulemused ja soovitused riigi ja KOVi tasandil\u201c 12.2020 RITA-r\u00e4nne projekti teemakokkuv\u00f5te<\/a>\n<\/p>\n<hr>\n<p>\n\t<a data-url=\"https:\/\/sisu.ut.ee\/wp-content\/uploads\/sites\/265\/tp5_soovitused_kool.pdf\" href=\"https:\/\/sisu.ut.ee\/wp-content\/uploads\/sites\/265\/tp5_soovitused_kool.pdf\" target=\"_blank\" title=\"\" rel=\"noopener\">\u201cKoolikogukonna tugi uussisser\u00e4ndajatele: soovitused koolidele\u201c 12.2020 RITA-r\u00e4nne projekti teemakokkuv\u00f5te <\/a>\n<\/p>\n<hr>\n<p>\n\t<a data-url=\"https:\/\/sisu.ut.ee\/wp-content\/uploads\/sites\/265\/rande_tulu-kulu_mudeli_tutvustus.pdf\" href=\"https:\/\/sisu.ut.ee\/wp-content\/uploads\/sites\/265\/rande_tulu-kulu_mudeli_tutvustus.pdf\" target=\"_blank\" title=\"\" rel=\"noopener\">\u201cR\u00e4nde tulu-kulu mudeli tutvustus\u201d 11.2020<\/a>\n<\/p>\n<hr>\n<p>\n\t<a data-url=\"https:\/\/sisu.ut.ee\/wp-content\/uploads\/sites\/265\/rita_teemakokkuvote_ajalooopetus_eesti_koolides.pdf\" href=\"https:\/\/sisu.ut.ee\/wp-content\/uploads\/sites\/265\/rita_teemakokkuvote_ajalooopetus_eesti_koolides.pdf\" target=\"_blank\" title=\"\" rel=\"noopener\">\u201cMitmeperspektiivne ja kultuuritundlik ajaloo\u00f5petus Eesti koolides\u201d 12.2020 RITA-r\u00e4nne projekti uuringu kokkuv\u00f5te<\/a>\n<\/p>\n<hr>\n<p>\n\t<a data-url=\"https:\/\/sisu.ut.ee\/wp-content\/uploads\/sites\/265\/rita_teemakokkuvote_rootsi_haridussusteem.pdf\" href=\"https:\/\/sisu.ut.ee\/wp-content\/uploads\/sites\/265\/rita_teemakokkuvote_rootsi_haridussusteem.pdf\" target=\"_blank\" title=\"\" rel=\"noopener\">\u201cMitmekultuurilisuse poliitika Rootsi ja Norra hariduss\u00fcsteemis\u201d 12.2020 RITA-r\u00e4nne projekti teemakokkuv\u00f5te<\/a>\n<\/p>\n<hr>\n<p>\n\t<a data-url=\"https:\/\/sisu.ut.ee\/wp-content\/uploads\/sites\/265\/aarmuslik_vagivald_ja_radikaliseerumine_koolis_juhend_opetajatele.pdf\" href=\"https:\/\/sisu.ut.ee\/wp-content\/uploads\/sites\/265\/aarmuslik_vagivald_ja_radikaliseerumine_koolis_juhend_opetajatele.pdf\" target=\"_blank\" title=\"\" rel=\"noopener\">\u201c\u00c4\u00e4rmuslik v\u00e4givald ja radikaliseerumine koolis \u2013 10 vastust, mida \u00f5petaja peab teadma\u201d 11.2020 RITA-r\u00e4nne projekti teemakokkuv\u00f5te<\/a>\n<\/p>\n<hr>\n<p>\n\t<a data-url=\"https:\/\/sisu.ut.ee\/wp-content\/uploads\/sites\/265\/etnilise_konflikti_riski_indeksist_ee_21.05.2020.pdf\" href=\"https:\/\/sisu.ut.ee\/wp-content\/uploads\/sites\/265\/etnilise_konflikti_riski_indeksist_ee_21.05.2020.pdf\" target=\"_blank\" title=\"\" rel=\"noopener\">\u201cEtnilise konflikti riski anal\u00fc\u00fcs\u201d 05.2020 RITA-r\u00e4nne projekti toimetis<\/a>\n<\/p>\n<hr>\n<p>\n\t<a data-url=\"https:\/\/sisu.ut.ee\/wp-content\/uploads\/sites\/265\/uuring_hoiakud_online_kk.pdf\" href=\"https:\/\/sisu.ut.ee\/wp-content\/uploads\/sites\/265\/uuring_hoiakud_online_kk.pdf\" target=\"_blank\" title=\"\" rel=\"noopener\">\u201cHoiakud r\u00e4nde ja migrantide suhtes eestikeelsetes sotsiaalmeediapostitustes\u201d 04.2020 RITA-r\u00e4nne projekti teemakokkuv\u00f5te<\/a>\n<\/p>\n<hr>\n<p>\n\t<a data-url=\"https:\/\/sisu.ut.ee\/wp-content\/uploads\/sites\/265\/metoodika_online_kk.pdf\" href=\"https:\/\/sisu.ut.ee\/wp-content\/uploads\/sites\/265\/metoodika_online_kk.pdf\" target=\"_blank\" title=\"\" rel=\"noopener\">\u201cKuidas koguda ja anal\u00fc\u00fcsida Facebooki postitusi. Online kogukondade hoiakute kaardistamise juhend\u201d 04.2020 RITA-r\u00e4nne projekti teemakokkuv\u00f5te<\/a>\n<\/p>\n<hr>\n<blockquote>\n<p>\n\t\t2019\n\t<\/p>\n<\/blockquote>\n<p>\n\t<a data-url=\"https:\/\/sisu.ut.ee\/wp-content\/uploads\/sites\/265\/rita_ranne_teemakokkuvote_oppereisid_juuni2019.pdf\" href=\"https:\/\/sisu.ut.ee\/wp-content\/uploads\/sites\/265\/rita_ranne_teemakokkuvote_oppereisid_juuni2019.pdf\" target=\"_blank\" title=\"\" rel=\"noopener\">\u201cMitmekeelne ja mitmekultuuriline kool: n\u00e4iteid rahvusvahelistest praktikatest Euroopas\u201d 06.2019 RITA-r\u00e4nne teemakokkuv\u00f5te<\/a>\n<\/p>\n<hr>\n<p>\n\t<a data-url=\"https:\/\/sisu.ut.ee\/wp-content\/uploads\/sites\/265\/rita-teemakokkuvote-euroopa-kool-juuni_2019.pdf\" href=\"https:\/\/sisu.ut.ee\/wp-content\/uploads\/sites\/265\/rita-teemakokkuvote-euroopa-kool-juuni_2019.pdf\" target=\"_blank\" title=\"\" rel=\"noopener\">\u201cEuroopa kool \u2013 n\u00e4ide kultuuriliselt ja keeleliselt mitmekesisest koolist\u201d 06.2019 RITA-r\u00e4nne teemakokkuv\u00f5te<\/a>\n<\/p>\n<hr>\n<p>\n\t<a href=\"https:\/\/sisu.ut.ee\/wp-content\/uploads\/sites\/265\/tp6_tu_ja_tlu_eripedagoogika_oppekavade_analuus.pdf\" target=\"_blank\" rel=\"noopener\">\u201cTartu \u00dclikooli ja Tallinna \u00dclikooli eripedagoogika \u00f5ppekavade anal\u00fc\u00fcs\u201d 02.2019 RITA-r\u00e4nne teemakokkuv\u00f5te<\/a>\n<\/p>\n<hr>\n<p><a data-url=\"https:\/\/sisu.ut.ee\/wp-content\/uploads\/sites\/265\/jarv_kirss_kultuuritundlikku_opetamist_toetav_materjal_opetajale_2019_rita-ranne.pdf\" href=\"https:\/\/sisu.ut.ee\/wp-content\/uploads\/sites\/265\/jarv_kirss_kultuuritundlikku_opetamist_toetav_materjal_opetajale_2019_rita-ranne.pdf\" target=\"_blank\" title=\"\" rel=\"noopener\">\u201cKultuuritundlikku \u00f5petamist toetav materjal \u00f5petajale\u201d 2019<\/a><\/p>\n<hr>\n<blockquote>\n<p>\n\t\t2018\n\t<\/p>\n<\/blockquote>\n<p>\n\t<a href=\"https:\/\/sisu.ut.ee\/wp-content\/uploads\/sites\/265\/tp6_eesti_keele_kui_teise_keele_kasutamine.pdf\" target=\"_blank\" rel=\"noopener\">\u201cEesti keele kui teise keele tundide ja eestikeelsete ainetundide\u00f5ppemetoodika \u00fcldhariduskoolis\u201d 12.2018 RITA-r\u00e4nne teemakokkuv\u00f5te<\/a>\n<\/p>\n<hr>\n<p>\n\t<a href=\"https:\/\/sisu.ut.ee\/wp-content\/uploads\/sites\/265\/tp5_kogukonda_loimumise_projektide_ulevaade.pdf\" target=\"_blank\" rel=\"noopener\">\u201c\u00dcle-Eestiliste l\u00f5imumise projektide kaardistus l\u00e4htuvalt kogukondlike ja sotsiaalsete suhete kujundamise potsentsiaalist\u201d 12.2018<\/a>\n<\/p>\n<hr>\n<p>\n\t<a href=\"https:\/\/sisu.ut.ee\/wp-content\/uploads\/sites\/265\/tp5_noorsootoo_ja_loimumine.pdf\" target=\"_blank\" rel=\"noopener\">\u201cNoorsoot\u00f6\u00f6 v\u00f5imalused kogukondade l\u00f5imumisel sisser\u00e4nde taustaga inimeste toetamiseks\u201d 12.2018<\/a>\n<\/p>\n<hr>\n<p><a href=\"https:\/\/sisu.ut.ee\/wp-content\/uploads\/sites\/265\/tp5_meema_uuring_07.12.pdf\" target=\"_blank\" rel=\"noopener\">\u201c(Im)mobiilsete elaniker\u00fchmade sotsiaalmeediakasutus ja identiteet\u201d 12.2018 RITA-r\u00e4nne projekti uuringu \u00fclevaade<\/a><\/p>\n<hr>\n<p>\n\t<a href=\"https:\/\/sisu.ut.ee\/wp-content\/uploads\/sites\/265\/tp5_online_kogukond_kokkuvote_07.12.pdf\" target=\"_blank\" rel=\"noopener\">\u201cOnline kogukondade roll r\u00e4ndemustrite kujunemisel\u201d 12.2018 RITA-r\u00e4nne projekti kirjandus\u00fclevaate kokkuv\u00f5te (7 lk)<\/a>\n<\/p>\n<hr>\n<p>\n\t<a href=\"https:\/\/sisu.ut.ee\/wp-content\/uploads\/sites\/265\/tp5_online_kogukond_kirjandusylevaade_07.12.pdf\" target=\"_blank\" rel=\"noopener\">\u201cOnline kogukondade roll r\u00e4ndemustrite kujunemisel\u201d 12.2018 RITA-r\u00e4nne projekti kirjandus\u00fclevaade (19 lk)<\/a>\n<\/p>\n<hr>\n<p>\n\t<a data-url=\"https:\/\/sisu.ut.ee\/wp-content\/uploads\/sites\/265\/austraalia_kanada_usa_randepoliitikad.pdf\" href=\"https:\/\/sisu.ut.ee\/wp-content\/uploads\/sites\/265\/austraalia_kanada_usa_randepoliitikad.pdf\" target=\"_blank\" title=\"\" rel=\"noopener\">\u201cAustraalia, USA ja Kanada r\u00e4ndepoliitikad\u201d 12.2018 RITA-r\u00e4nne projekti teema\u00fclevaade<\/a>\n<\/p>\n<hr>\n<p>\n\t<a href=\"https:\/\/sisu.ut.ee\/wp-content\/uploads\/sites\/265\/tp5_polariseerumise_ja_radikaliseerumise_ulevaade_ritaii071218.pdf\" target=\"_blank\" rel=\"noopener\">\u201cPolariseerumise ja radikaliseerumise ennetamine \u2013 kohaliku omavalitsuse koost\u00f6\u00f6 kogukondadega ja kooliga\u201d 12.2018 RITA-r\u00e4nne projekti kirjandus\u00fclevaade<\/a>\n<\/p>\n<hr>\n<p>\n\t<a href=\"https:\/\/sisu.ut.ee\/wp-content\/uploads\/sites\/265\/rita-ranne_tp5_moisted_ja_tegevus_7.7.18.pdf\" target=\"_blank\" rel=\"noopener\">\u201cKogukondade l\u00f5imumine\u201d 07.2018 RITA-r\u00e4nne projekti teoreetiline kokkuv\u00f5te<\/a>\n<\/p>\n<hr>\n<p>\n\t<a data-url=\"https:\/\/sisu.ut.ee\/wp-content\/uploads\/sites\/265\/rita_hoive_ja_rahvastik_15_12_20.pdf\" href=\"https:\/\/sisu.ut.ee\/wp-content\/uploads\/sites\/265\/rita_hoive_ja_rahvastik_15_12_20.pdf\" target=\"_blank\" title=\"\" rel=\"noopener\">Allan Puur, Magnus Piirits, Luule Sakkeus, Martin Klesment, Raul Eamets \u201cH\u00f5ivatud h\u00f5ivestsenaariumide ja EIA rahvastikuprognoosi taustal\u201d 06.2018 RITA-r\u00e4nne projekti uuring<\/a>\n<\/p>\n<hr>\n<p>\n\t<a data-url=\"https:\/\/sisu.ut.ee\/wp-content\/uploads\/sites\/265\/rita_tooturu_ulevaade_15_12_20.pdf\" href=\"https:\/\/sisu.ut.ee\/wp-content\/uploads\/sites\/265\/rita_tooturu_ulevaade_15_12_20.pdf\" target=\"_blank\" title=\"\" rel=\"noopener\">Magnus Piirits, Kristi Anniste, M\u00e4rt Masso, Kirsti Melesk, Liina Osila, Aleksandr Michelson \u201cEesti t\u00f6\u00f6turg: hetkeolukord ja tulevikuv\u00e4ljavaated\u201d 06.2018 RITA-r\u00e4nne projekti uuring<\/a>\n<\/p>\n<hr>\n","protected":false},"excerpt":{"rendered":"<p>2020 \u201cEesti keele kui teise keele \u00f5ppematerjalide koostamise ja hindamise juhend\u201d teemakokkuv\u00f5te 12.2020 Eesti keele kui teise keele \u00f5ppematerjalide koostamise ja hindamise juhend \u201cMitmeperspektiivse ajaloo\u00f5ppe juhend\u201d 12.2020 \u201cEesti keele kui teise keele infokogu\u201d 12.2020 K\u00e4siraamat \u201cMitmekeelne erivajadusega \u00f5pilane koolis\u201d 2020 &#8230;<\/p>\n","protected":false},"author":138,"featured_media":0,"parent":0,"menu_order":0,"comment_status":"closed","ping_status":"closed","template":"","meta":{"_acf_changed":false,"inline_featured_image":false,"footnotes":""},"class_list":["post-51","page","type-page","status-publish","hentry"],"acf":[],"_links":{"self":[{"href":"https:\/\/sisu.ut.ee\/ranne\/wp-json\/wp\/v2\/pages\/51","targetHints":{"allow":["GET"]}}],"collection":[{"href":"https:\/\/sisu.ut.ee\/ranne\/wp-json\/wp\/v2\/pages"}],"about":[{"href":"https:\/\/sisu.ut.ee\/ranne\/wp-json\/wp\/v2\/types\/page"}],"author":[{"embeddable":true,"href":"https:\/\/sisu.ut.ee\/ranne\/wp-json\/wp\/v2\/users\/138"}],"replies":[{"embeddable":true,"href":"https:\/\/sisu.ut.ee\/ranne\/wp-json\/wp\/v2\/comments?post=51"}],"version-history":[{"count":1,"href":"https:\/\/sisu.ut.ee\/ranne\/wp-json\/wp\/v2\/pages\/51\/revisions"}],"predecessor-version":[{"id":426,"href":"https:\/\/sisu.ut.ee\/ranne\/wp-json\/wp\/v2\/pages\/51\/revisions\/426"}],"wp:attachment":[{"href":"https:\/\/sisu.ut.ee\/ranne\/wp-json\/wp\/v2\/media?parent=51"}],"curies":[{"name":"wp","href":"https:\/\/api.w.org\/{rel}","templated":true}]}}