{"id":36,"date":"2024-04-04T03:59:24","date_gmt":"2024-04-04T00:59:24","guid":{"rendered":"https:\/\/sisu.ut.ee\/ranne\/projekti-kirjeldus\/"},"modified":"2024-04-04T04:00:19","modified_gmt":"2024-04-04T01:00:19","slug":"projekti-kirjeldus","status":"publish","type":"page","link":"https:\/\/sisu.ut.ee\/ranne\/projekti-kirjeldus\/","title":{"rendered":"RITA-r\u00e4nne projekt &#8211; muutuvast t\u00f6\u00f6turust ja r\u00e4ndest tulenevad v\u00f5imalused ja v\u00e4ljakutsed haridus-, t\u00f6\u00f6turu ja sotsiaals\u00fcsteemis"},"content":{"rendered":"<p>\n\tEestis nagu kogu Euroopas on tekkinud madalast s\u00fcndimusest ja sellega seotud rahvaarvu kahanemisest tingitud r\u00e4ndes\u00f5ltuvus, mis on eriti tuntav t\u00f6\u00f6turul. Sisser\u00e4ndega kaasnevad pikaajalised l\u00f5imumisega seotud probleemid. Nende ennetamiseks t\u00f6\u00f6tame v\u00e4lja:\u00a0\n<\/p>\n<ol style=\"list-style-type: lower-alpha\">\n<li>\n\t\tinnovaatilise r\u00e4nde punktis\u00fcsteemil p\u00f5hineva ning nii t\u00f6\u00f6turu kui l\u00f5imumise probleeme arvestava sisser\u00e4ndepoliitika alused\n\t<\/li>\n<li>\n\t\tt\u00f6\u00f6tame v\u00e4lja uuendusliku r\u00e4ndekalkulaatori r\u00e4nde l\u00fchi- ja pikaajaliste t\u00f6\u00f6turu ja rahvastikuarengu m\u00f5jude hindamiseks\n\t<\/li>\n<li>\n\t\tr\u00e4nde tulu-kulu mudeli ning\n\t<\/li>\n<li>\n\t\tmitmekultuurilise kooli mudeli\n\t<\/li>\n<\/ol>\n<p>\n\tning t\u00f6\u00f6vahendid ja sekkumismehhanismid l\u00f5imumisega seotud probleemide ennetamiseks ja lahendamiseks koolides ja nendega seotud kogukondades.\n<\/p>\n<p>\n\t\u00a0\n<\/p>\n<p>\n\tProjekti <strong>kontseptuaalne eesm\u00e4rk<\/strong> on luua raamistik t\u00f6\u00f6vahenditele ja sekkumismehhanismidele, mis aitavad paremini toime tulla n\u00f5ukogude aja sisser\u00e4nde negatiivsete m\u00f5jude ning uussisser\u00e4ndega seotud v\u00f5imalike sotsiaalsete probleemidega kogukondades ja hariduss\u00fcsteemis.\n<\/p>\n<p>\n\t<strong>Anal\u00fc\u00fctiline eesm\u00e4rk<\/strong> on selgitada ja prognoosida r\u00e4ndega seotud v\u00f5imalusi ja v\u00e4ljakutseid demograafiliste ja t\u00f6\u00f6turu muutustega seotud probleemide lahendamiseks kogukondades, t\u00f6\u00f6turul ja hariduss\u00fcsteemis.\n<\/p>\n<p>\n\t<strong>Rakenduslik eesm\u00e4rk<\/strong> on pakkuda t\u00f5endusp\u00f5hiseid lahendusi hariduslikele, t\u00f6\u00f6turu, sotsiaalsetele ja kultuurilistele probleemidele praktiliselt kasutatavate mudelite, meetmete ja \u00f5ppevahendite toel.Koostame r\u00e4nde tulu-kulu mudeli ning t\u00f6\u00f6tame v\u00e4lja l\u00f5imumise sekkumismehhanismid hariduses, t\u00f6\u00f6turul ja kogukondades ebav\u00f5rdsuse v\u00e4hendamiseks ja \u00fchiskonna sidususe suurendamiseks.\n<\/p>\n<p>\n\t<strong>Projektis otsitakse vastuseid kahele p\u00f5hik\u00fcsimusele.<\/strong>\n<\/p>\n<ol>\n<li>\n\t\tKuidas leevendada r\u00e4nde abil Eesti t\u00f6\u00f6ealiste inimeste arvu v\u00e4henemist tulevikus nii, et see vastaks nii t\u00f6\u00f6andjate kui ka riigi huvidele?\n\t<\/li>\n<li>\n\t\tKuidas saavutada sisser\u00e4nnanute v\u00f5imalikult valutu l\u00f5imumine, arvestades \u00fchelt poolt t\u00f6\u00f6andjate vajadusi uute t\u00f6\u00f6tajate j\u00e4rele ning teiselt poolt saabujate, hariduss\u00fcsteemi ja kohalike kogukonda l\u00f5imumisv\u00f5imekust?\n\t<\/li>\n<\/ol>\n<p>\n\t<strong>Projekt l\u00e4htub kahest p\u00f5hieeldusest.<\/strong>\n<\/p>\n<ol>\n<li>\n\t\tSelleks, et Eesti rahvaarv ja t\u00f6\u00f6ealine elanikkond p\u00fcsiks pikaajalises perspektiivis stabiilsena on vaja nii s\u00fcndimuse kasvu kui ka sisser\u00e4nnet. Eesti arengus on tekkinud r\u00e4ndes\u00f5ltuvus.\n\t<\/li>\n<li>\n\t\tL\u00f5imumise eelduseks on \u00fchtne, eesti keelel p\u00f5hinev, kuid samas Eesti kultuurilist ja keelelist mitmekesisust v\u00e4\u00e4rtustav hariduss\u00fcsteem. Praegune eesti ja vene keele p\u00f5hjal eristatud haridusss\u00fcsteem s\u00fcvendab segregatsiooni, mitte ei aita kaasa l\u00f5imumisele ja sidusama \u00fchiskonna tekkele.\n\t<\/li>\n<\/ol>\n<p>\n\tProjekti edukaks elluviimiseks oleme loonud j\u00e4rgmised toopaketid, mille leiad <span style=\"text-decoration: underline\"><strong><a href=\"https:\/\/sisu.ut.ee\/ranne\/t%C3%B6%C3%B6paketid\" target=\"_blank\" rel=\"noopener\">siit.<\/a><\/strong><\/span>\n<\/p>\n<hr>\n<p>\n\t<em><span lang=\"ET\">Uuringu l\u00e4biviimist toetab Euroopa Liit Euroopa Regionaalarengu Fondi kaudu<\/span>. Toetussumma 1 500 000 \u20ac<\/em>\n<\/p>\n<p>\n\t\u00a0<\/p>\n","protected":false},"excerpt":{"rendered":"<p>Eestis nagu kogu Euroopas on tekkinud madalast s\u00fcndimusest ja sellega seotud rahvaarvu kahanemisest tingitud r\u00e4ndes\u00f5ltuvus, mis on eriti tuntav t\u00f6\u00f6turul. Sisser\u00e4ndega kaasnevad pikaajalised l\u00f5imumisega seotud probleemid. Nende ennetamiseks t\u00f6\u00f6tame v\u00e4lja:\u00a0 innovaatilise r\u00e4nde punktis\u00fcsteemil p\u00f5hineva ning nii t\u00f6\u00f6turu kui l\u00f5imumise probleeme &#8230;<\/p>\n","protected":false},"author":138,"featured_media":0,"parent":0,"menu_order":0,"comment_status":"closed","ping_status":"closed","template":"","meta":{"_acf_changed":false,"inline_featured_image":false,"footnotes":""},"class_list":["post-36","page","type-page","status-publish","hentry"],"acf":[],"_links":{"self":[{"href":"https:\/\/sisu.ut.ee\/ranne\/wp-json\/wp\/v2\/pages\/36","targetHints":{"allow":["GET"]}}],"collection":[{"href":"https:\/\/sisu.ut.ee\/ranne\/wp-json\/wp\/v2\/pages"}],"about":[{"href":"https:\/\/sisu.ut.ee\/ranne\/wp-json\/wp\/v2\/types\/page"}],"author":[{"embeddable":true,"href":"https:\/\/sisu.ut.ee\/ranne\/wp-json\/wp\/v2\/users\/138"}],"replies":[{"embeddable":true,"href":"https:\/\/sisu.ut.ee\/ranne\/wp-json\/wp\/v2\/comments?post=36"}],"version-history":[{"count":1,"href":"https:\/\/sisu.ut.ee\/ranne\/wp-json\/wp\/v2\/pages\/36\/revisions"}],"predecessor-version":[{"id":435,"href":"https:\/\/sisu.ut.ee\/ranne\/wp-json\/wp\/v2\/pages\/36\/revisions\/435"}],"wp:attachment":[{"href":"https:\/\/sisu.ut.ee\/ranne\/wp-json\/wp\/v2\/media?parent=36"}],"curies":[{"name":"wp","href":"https:\/\/api.w.org\/{rel}","templated":true}]}}