{"id":9,"date":"2024-09-25T12:31:42","date_gmt":"2024-09-25T09:31:42","guid":{"rendered":"https:\/\/sisu.ut.ee\/rakera\/?page_id=9"},"modified":"2025-11-11T14:31:03","modified_gmt":"2025-11-11T12:31:03","slug":"partnerid","status":"publish","type":"page","link":"https:\/\/sisu.ut.ee\/rakera\/partnerid\/","title":{"rendered":"Partnerid"},"content":{"rendered":"<p>RAKERA projektis osalevad Tartu \u00dclikool (juhtasutus), Tallinna Tehnika\u00fclikool, Eesti Maa\u00fclikool, Tallinna \u00dclikool ning Keemilise ja f\u00fc\u00fcsisiskalise keemia instituut.<\/p>\n\n\n<div class=\"accordion-block mb-3\">\n\t\t<div class=\"accordion \" id=\"accordion-accordion-69de9aacbcb50\">\n\t\t\t\t\t\t\t<div class=\"accordion-item accordion-item--white\">\n\t\t\t\t\t<h2 class=\"accordion-header\" id=\"accordion-69de9aacbcb50-heading-1\">\n\t\t\t\t\t\t<button class=\"accordion-button collapsed\" type=\"button\" data-bs-toggle=\"collapse\" data-bs-target=\"#accordion-69de9aacbcb50-collapse-1\" aria-expanded=\"true\" aria-controls=\"accordion-69de9aacbcb50-collapse-1\">\n\t\t\t\t\t\t\tTartu \u00dclikool\n\t\t\t\t\t\t<\/button>\n\t\t\t\t\t<\/h2>\n\t\t\t\t\t<div id=\"accordion-69de9aacbcb50-collapse-1\" class=\"accordion-collapse collapse \" aria-labelledby=\"accordion-69de9aacbcb50-heading-1\">\n\t\t\t\t\t\t<div class=\"accordion-body\">\n\t\t\t\t\t\t\t<p class=\"x_MsoNormal\"><span data-olk-copy-source=\"MessageBody\">Projektis osalevad uurimisgrupid ja t\u00f6\u00f6r\u00fchmad:<\/span><\/p>\n<ul type=\"disc\">\n<li class=\"x_MsoListParagraph\"><b>Molekulaarne s\u00fcsteemibioloogia\/\u00a0<a href=\"https:\/\/www.etis.ee\/CV\/Ilona_Faustova\/est\/\"><u>Ilona Faustova<\/u><\/a><\/b><\/li>\n<li class=\"x_MsoListParagraph\"><b>Raku molekulaarsete protsesside uurimisgrupp\/\u00a0<u><a href=\"https:\/\/www.etis.ee\/CV\/Tiina_Tamm_001\/est\/\">Tiina Tamm<\/a>, <a href=\"https:\/\/www.etis.ee\/CV\/Arnold_Kristjuhan\/est\/\">Arnold Kristjuhan<\/a><\/u><\/b><\/li>\n<li class=\"x_MsoListParagraph\"><b>Mikroobigeneetika t\u00f6\u00f6grupp\/\u00a0<a href=\"https:\/\/www.etis.ee\/CV\/Maia_Kivisaar\/est\/\"><u>Maia Kivisaar<\/u><\/a><\/b><\/li>\n<li class=\"x_MsoListParagraph\"><b>Bakterite ja faagide vastasm\u00f5jude uurimisgrupp\/\u00a0<u><a href=\"https:\/\/www.etis.ee\/CV\/Rita_H%C3%B5rak\/est\/\">Rita H\u00f5rak<\/a>, <a href=\"https:\/\/www.etis.ee\/CV\/Hedvig_Tamman\/est\/\">Hedvig Tamman<\/a><\/u><\/b><\/li>\n<li class=\"x_MsoListParagraph\"><b>Mikroobide ja materjalide vastasm\u00f5jude t\u00f6\u00f6grupp\/\u00a0<a href=\"https:\/\/www.etis.ee\/CV\/Angela_Ivask\/est\/\"><u>Angela Ivask<\/u><\/a><\/b><\/li>\n<li class=\"x_MsoListParagraph\"><b>Keskkonna mikrobioloogia ja biotehnoloogia uurimisgrupp\/ <a href=\"https:\/\/www.etis.ee\/CV\/Jaak_Truu\/est\/\">Jaak Truu<\/a><\/b><\/li>\n<li class=\"x_MsoListParagraph\"><b>DNA diagnostika t\u00f6\u00f6r\u00fchm\/\u00a0<a href=\"https:\/\/www.etis.ee\/CV\/Maido_Remm\/est\/\"><u>Maido Remm<\/u><\/a><\/b><\/li>\n<li class=\"x_MsoListParagraph\"><b>Rakubioloogia t\u00f6\u00f6r\u00fchm\/\u00a0<a href=\"https:\/\/www.etis.ee\/CV\/Toivo_Maimets\/est\/\"><u>Toivo Maimets<\/u><\/a><\/b><\/li>\n<li class=\"x_MsoListParagraph\"><b class=\"\"><span class=\"\" data-olk-copy-source=\"MessageBody\">Rakendusviroloogia t\u00f6\u00f6r\u00fchm\/<span class=\"x_x_Apple-converted-space\">\u00a0<\/span><a href=\"https:\/\/www.etis.ee\/CV\/Andres_Merits\/est\/\"><u class=\"\">Andres Merits<\/u><\/a><\/span><\/b><\/li>\n<li class=\"x_MsoListParagraph\"><b class=\"\"><span class=\"\" data-olk-copy-source=\"MessageBody\">Ravimkandurs\u00fcsteemide t\u00f6\u00f6grupp\/ <u class=\"\"><a href=\"https:\/\/www.etis.ee\/CV\/Taavi_Lehto\/est\/\">Taavi Lehto<\/a>, <a href=\"https:\/\/www.etis.ee\/CV\/Margus_Pooga\/est\/\">Margus Pooga<\/a><\/u><\/span><\/b><\/li>\n<\/ul>\n\n\t\t\t\t\t\t<\/div>\n\t\t\t\t\t<\/div>\n\t\t\t\t<\/div>\n\t\t\t\t\t\t\t<div class=\"accordion-item accordion-item--white\">\n\t\t\t\t\t<h2 class=\"accordion-header\" id=\"accordion-69de9aacbcb50-heading-2\">\n\t\t\t\t\t\t<button class=\"accordion-button collapsed\" type=\"button\" data-bs-toggle=\"collapse\" data-bs-target=\"#accordion-69de9aacbcb50-collapse-2\" aria-expanded=\"true\" aria-controls=\"accordion-69de9aacbcb50-collapse-2\">\n\t\t\t\t\t\t\tTallinna Tehnika\u00fclikool\n\t\t\t\t\t\t<\/button>\n\t\t\t\t\t<\/h2>\n\t\t\t\t\t<div id=\"accordion-69de9aacbcb50-collapse-2\" class=\"accordion-collapse collapse \" aria-labelledby=\"accordion-69de9aacbcb50-heading-2\">\n\t\t\t\t\t\t<div class=\"accordion-body\">\n\t\t\t\t\t\t\t<p class=\"x_MsoNormal\"><span data-olk-copy-source=\"MessageBody\">Projektis osalevad t\u00f6\u00f6r\u00fchmad, laborid ja uurimisgrupid :<\/span><\/p>\n<ul type=\"disc\">\n<li class=\"x_MsoListParagraph\"><b>Mikrofluiidika t\u00f6\u00f6r\u00fchm\/\u00a0<a href=\"https:\/\/www.etis.ee\/CV\/Ott_Scheler\/est\/\"><u>Ott Scheler<\/u><\/a><\/b><\/li>\n<li class=\"x_MsoListParagraph\"><b>S\u00fcsteemibioloogia labor\/\u00a0<a href=\"https:\/\/www.etis.ee\/CV\/Marko_Vendelin\/est\/\"><u>Marko Vendelin<\/u><\/a><\/b><\/li>\n<li class=\"x_MsoListParagraph\"><b>Reproduktiivbioloogia uurimisgrupp\/ <a href=\"https:\/\/www.etis.ee\/CV\/Agne_Velthut-Meikas\/est\/\"><u>Agne Velthut-Meikas<\/u><\/a><\/b><\/li>\n<li class=\"x_MsoListParagraph\"><b>Neurogliia t\u00f6\u00f6r\u00fchm\/ <a href=\"https:\/\/www.etis.ee\/CV\/Indrek_Koppel\/est\/\"><u>Indrek Koppel<\/u><\/a><\/b><\/li>\n<li class=\"x_MsoListParagraph\"><b>Molekulaarse neurobioloogia t\u00f6\u00f6r\u00fchm\/ <a href=\"https:\/\/www.etis.ee\/CV\/T%C3%B5nis_Timmusk\/est\/\"><u>T\u00f5nis Timmusk<\/u><\/a><\/b><\/li>\n<li class=\"x_MsoListParagraph\"><b>Metalloproteoomika t\u00f6\u00f6r\u00fchm\/\u00a0<a href=\"https:\/\/www.etis.ee\/CV\/Peep_Palumaa\/est\/\"><u>Peep Palumaa<\/u><\/a><\/b><\/li>\n<\/ul>\n\n\t\t\t\t\t\t<\/div>\n\t\t\t\t\t<\/div>\n\t\t\t\t<\/div>\n\t\t\t\t\t\t\t<div class=\"accordion-item accordion-item--white\">\n\t\t\t\t\t<h2 class=\"accordion-header\" id=\"accordion-69de9aacbcb50-heading-3\">\n\t\t\t\t\t\t<button class=\"accordion-button collapsed\" type=\"button\" data-bs-toggle=\"collapse\" data-bs-target=\"#accordion-69de9aacbcb50-collapse-3\" aria-expanded=\"true\" aria-controls=\"accordion-69de9aacbcb50-collapse-3\">\n\t\t\t\t\t\t\tEesti Maa\u00fclikool\n\t\t\t\t\t\t<\/button>\n\t\t\t\t\t<\/h2>\n\t\t\t\t\t<div id=\"accordion-69de9aacbcb50-collapse-3\" class=\"accordion-collapse collapse \" aria-labelledby=\"accordion-69de9aacbcb50-heading-3\">\n\t\t\t\t\t\t<div class=\"accordion-body\">\n\t\t\t\t\t\t\t<p class=\"x_MsoNormal\"><span data-olk-copy-source=\"MessageBody\">Projektis osalevad uurimisr\u00fchmad ja t\u00f6\u00f6r\u00fchmad:<\/span><\/p>\n<ul type=\"disc\">\n<li class=\"x_MsoListParagraph\"><b>P\u00f5llumajandus- ja aiakultuuride haiguste biot\u00f5rje uurimisr\u00fchm\/\u00a0<a href=\"https:\/\/www.etis.ee\/CV\/Kaire_Loit\/est\/\"><u>Kaire Loit<\/u><\/a><\/b><\/li>\n<li class=\"x_MsoListParagraph\"><b>Fotoautotroofsete mikroobis\u00fcsteemide t\u00f6\u00f6r\u00fchm\/\u00a0<a href=\"https:\/\/www.etis.ee\/CV\/Kristiina_Mark\/est\/\"><u>Kristiina Mark<\/u><\/a><\/b><\/li>\n<li class=\"x_MsoListParagraph\"><b>Metsapatoloogia t\u00f6\u00f6r\u00fchm\/<a href=\"https:\/\/www.etis.ee\/CV\/Rein_Drenkhan\/est\/\"><u>Rein Drenkhan<\/u><\/a><\/b><\/li>\n<\/ul>\n\n\t\t\t\t\t\t<\/div>\n\t\t\t\t\t<\/div>\n\t\t\t\t<\/div>\n\t\t\t\t\t\t\t<div class=\"accordion-item accordion-item--white\">\n\t\t\t\t\t<h2 class=\"accordion-header\" id=\"accordion-69de9aacbcb50-heading-4\">\n\t\t\t\t\t\t<button class=\"accordion-button collapsed\" type=\"button\" data-bs-toggle=\"collapse\" data-bs-target=\"#accordion-69de9aacbcb50-collapse-4\" aria-expanded=\"true\" aria-controls=\"accordion-69de9aacbcb50-collapse-4\">\n\t\t\t\t\t\t\tTallinna \u00dclikool\n\t\t\t\t\t\t<\/button>\n\t\t\t\t\t<\/h2>\n\t\t\t\t\t<div id=\"accordion-69de9aacbcb50-collapse-4\" class=\"accordion-collapse collapse \" aria-labelledby=\"accordion-69de9aacbcb50-heading-4\">\n\t\t\t\t\t\t<div class=\"accordion-body\">\n\t\t\t\t\t\t\t<p class=\"x_MsoNormal\"><span data-olk-copy-source=\"MessageBody\">Projektis osalevad t\u00f6\u00f6r\u00fchmad:<\/span><\/p>\n<ul type=\"disc\">\n<li class=\"x_MsoListParagraph\"><b>Bioaktiivsete ainete testimise t\u00f6\u00f6r\u00fchm\/\u00a0<a href=\"https:\/\/www.etis.ee\/CV\/Rando_Tuvikene\/est\/\"><u>Rando Tuvikene<\/u><\/a><\/b><\/li>\n<\/ul>\n\n\t\t\t\t\t\t<\/div>\n\t\t\t\t\t<\/div>\n\t\t\t\t<\/div>\n\t\t\t\t\t\t\t<div class=\"accordion-item accordion-item--white\">\n\t\t\t\t\t<h2 class=\"accordion-header\" id=\"accordion-69de9aacbcb50-heading-5\">\n\t\t\t\t\t\t<button class=\"accordion-button collapsed\" type=\"button\" data-bs-toggle=\"collapse\" data-bs-target=\"#accordion-69de9aacbcb50-collapse-5\" aria-expanded=\"true\" aria-controls=\"accordion-69de9aacbcb50-collapse-5\">\n\t\t\t\t\t\t\tKeemilise ja bioloogilise f\u00fc\u00fcsika instituut\n\t\t\t\t\t\t<\/button>\n\t\t\t\t\t<\/h2>\n\t\t\t\t\t<div id=\"accordion-69de9aacbcb50-collapse-5\" class=\"accordion-collapse collapse \" aria-labelledby=\"accordion-69de9aacbcb50-heading-5\">\n\t\t\t\t\t\t<div class=\"accordion-body\">\n\t\t\t\t\t\t\t<p class=\"x_MsoNormal\"><span data-olk-copy-source=\"MessageBody\">Projektis osalevad t\u00f6\u00f6r\u00fchmad:<\/span><\/p>\n<ul type=\"disc\">\n<li class=\"x_MsoListParagraph\"><b>Rakumetabolismi t\u00f6\u00f6r\u00fchm\/\u00a0<a href=\"https:\/\/www.etis.ee\/CV\/Tuuli_K%C3%A4%C3%A4mbre\/est\/\"><u>Tuuli K\u00e4\u00e4mbre<\/u><\/a><\/b><\/li>\n<\/ul>\n\n\t\t\t\t\t\t<\/div>\n\t\t\t\t\t<\/div>\n\t\t\t\t<\/div>\n\t\t\t\t\t<\/div>\n\t<\/div>\n\n\n\n<p><\/p>\n\n\n\n<div class=\"wp-block-columns is-layout-flex wp-container-core-columns-is-layout-9d6595d7 wp-block-columns-is-layout-flex\">\n<div class=\"wp-block-column is-vertically-aligned-center is-layout-flow wp-block-column-is-layout-flow\" style=\"flex-basis:18.75%\">\n<figure class=\"wp-block-image aligncenter size-full is-resized\"><img loading=\"lazy\" decoding=\"async\" width=\"768\" height=\"256\" src=\"https:\/\/sisu.ut.ee\/wp-content\/uploads\/sites\/794\/eestikeelne_kompaktlogo_lk9_0-768x256-4.png\" alt=\"\" class=\"wp-image-238\" style=\"width:173px;height:auto\" srcset=\"https:\/\/sisu.ut.ee\/wp-content\/uploads\/sites\/794\/eestikeelne_kompaktlogo_lk9_0-768x256-4.png 768w, https:\/\/sisu.ut.ee\/wp-content\/uploads\/sites\/794\/eestikeelne_kompaktlogo_lk9_0-768x256-4-300x100.png 300w\" sizes=\"auto, (max-width: 768px) 100vw, 768px\"><\/figure>\n<\/div>\n\n\n\n<div class=\"wp-block-column is-vertically-aligned-center is-layout-flow wp-block-column-is-layout-flow\" style=\"flex-basis:18.75%\">\n<figure class=\"wp-block-image aligncenter size-full is-resized\"><img loading=\"lazy\" decoding=\"async\" width=\"945\" height=\"747\" src=\"https:\/\/sisu.ut.ee\/wp-content\/uploads\/sites\/794\/Logo_veeb_esitlus_png.png\" alt=\"\" class=\"wp-image-14\" style=\"width:137px;height:auto\" srcset=\"https:\/\/sisu.ut.ee\/wp-content\/uploads\/sites\/794\/Logo_veeb_esitlus_png.png 945w, https:\/\/sisu.ut.ee\/wp-content\/uploads\/sites\/794\/Logo_veeb_esitlus_png-300x237.png 300w, https:\/\/sisu.ut.ee\/wp-content\/uploads\/sites\/794\/Logo_veeb_esitlus_png-768x607.png 768w\" sizes=\"auto, (max-width: 945px) 100vw, 945px\"><\/figure>\n<\/div>\n\n\n\n<div class=\"wp-block-column is-vertically-aligned-center is-layout-flow wp-block-column-is-layout-flow\" style=\"flex-basis:25%\">\n<figure class=\"wp-block-image aligncenter size-large is-resized\"><img loading=\"lazy\" decoding=\"async\" width=\"1024\" height=\"307\" src=\"https:\/\/sisu.ut.ee\/wp-content\/uploads\/sites\/794\/EMY_LOGO_HOR_RGB_EST_ROHELINE-1024x307.gif\" alt=\"\" class=\"wp-image-111\" style=\"width:223px;height:auto\" srcset=\"https:\/\/sisu.ut.ee\/wp-content\/uploads\/sites\/794\/EMY_LOGO_HOR_RGB_EST_ROHELINE-1024x307.gif 1024w, https:\/\/sisu.ut.ee\/wp-content\/uploads\/sites\/794\/EMY_LOGO_HOR_RGB_EST_ROHELINE-300x90.gif 300w, https:\/\/sisu.ut.ee\/wp-content\/uploads\/sites\/794\/EMY_LOGO_HOR_RGB_EST_ROHELINE-768x230.gif 768w, https:\/\/sisu.ut.ee\/wp-content\/uploads\/sites\/794\/EMY_LOGO_HOR_RGB_EST_ROHELINE-1536x460.gif 1536w, https:\/\/sisu.ut.ee\/wp-content\/uploads\/sites\/794\/EMY_LOGO_HOR_RGB_EST_ROHELINE-1920x576.gif 1920w\" sizes=\"auto, (max-width: 1024px) 100vw, 1024px\"><\/figure>\n<\/div>\n\n\n\n<div class=\"wp-block-column is-vertically-aligned-center is-layout-flow wp-block-column-is-layout-flow\" style=\"flex-basis:18.75%\">\n<figure class=\"wp-block-image aligncenter size-full\"><img loading=\"lazy\" decoding=\"async\" width=\"840\" height=\"323\" src=\"https:\/\/sisu.ut.ee\/wp-content\/uploads\/sites\/794\/TLU-logo-pilt-vrv-suur.jpg\" alt=\"\" class=\"wp-image-15\" srcset=\"https:\/\/sisu.ut.ee\/wp-content\/uploads\/sites\/794\/TLU-logo-pilt-vrv-suur.jpg 840w, https:\/\/sisu.ut.ee\/wp-content\/uploads\/sites\/794\/TLU-logo-pilt-vrv-suur-300x115.jpg 300w, https:\/\/sisu.ut.ee\/wp-content\/uploads\/sites\/794\/TLU-logo-pilt-vrv-suur-768x295.jpg 768w\" sizes=\"auto, (max-width: 840px) 100vw, 840px\"><\/figure>\n<\/div>\n\n\n\n<div class=\"wp-block-column is-vertically-aligned-center is-layout-flow wp-block-column-is-layout-flow\" style=\"flex-basis:25%\">\n<figure class=\"wp-block-image aligncenter size-full is-resized\"><img loading=\"lazy\" decoding=\"async\" width=\"305\" height=\"72\" src=\"https:\/\/sisu.ut.ee\/wp-content\/uploads\/sites\/794\/kbfi-logo.png\" alt=\"\" class=\"wp-image-16\" style=\"width:301px;height:auto\" srcset=\"https:\/\/sisu.ut.ee\/wp-content\/uploads\/sites\/794\/kbfi-logo.png 305w, https:\/\/sisu.ut.ee\/wp-content\/uploads\/sites\/794\/kbfi-logo-300x71.png 300w\" sizes=\"auto, (max-width: 305px) 100vw, 305px\"><\/figure>\n<\/div>\n<\/div>\n\n\n\n<p><\/p>\n\n\n\n<p><\/p>\n","protected":false},"excerpt":{"rendered":"<p>RAKERA projektis osalevad Tartu \u00dclikool (juhtasutus), Tallinna Tehnika\u00fclikool, Eesti Maa\u00fclikool, Tallinna \u00dclikool ning Keemilise ja f\u00fc\u00fcsisiskalise keemia instituut.<\/p>\n","protected":false},"author":636,"featured_media":0,"parent":0,"menu_order":0,"comment_status":"closed","ping_status":"closed","template":"","meta":{"_acf_changed":false,"inline_featured_image":false,"footnotes":""},"class_list":["post-9","page","type-page","status-publish","hentry"],"acf":[],"_links":{"self":[{"href":"https:\/\/sisu.ut.ee\/rakera\/wp-json\/wp\/v2\/pages\/9","targetHints":{"allow":["GET"]}}],"collection":[{"href":"https:\/\/sisu.ut.ee\/rakera\/wp-json\/wp\/v2\/pages"}],"about":[{"href":"https:\/\/sisu.ut.ee\/rakera\/wp-json\/wp\/v2\/types\/page"}],"author":[{"embeddable":true,"href":"https:\/\/sisu.ut.ee\/rakera\/wp-json\/wp\/v2\/users\/636"}],"replies":[{"embeddable":true,"href":"https:\/\/sisu.ut.ee\/rakera\/wp-json\/wp\/v2\/comments?post=9"}],"version-history":[{"count":30,"href":"https:\/\/sisu.ut.ee\/rakera\/wp-json\/wp\/v2\/pages\/9\/revisions"}],"predecessor-version":[{"id":261,"href":"https:\/\/sisu.ut.ee\/rakera\/wp-json\/wp\/v2\/pages\/9\/revisions\/261"}],"wp:attachment":[{"href":"https:\/\/sisu.ut.ee\/rakera\/wp-json\/wp\/v2\/media?parent=9"}],"curies":[{"name":"wp","href":"https:\/\/api.w.org\/{rel}","templated":true}]}}