{"id":4,"date":"2024-04-04T07:52:31","date_gmt":"2024-04-04T04:52:31","guid":{"rendered":"https:\/\/sisu.ut.ee\/radooniuuring\/mis-radoon\/"},"modified":"2024-11-22T14:01:08","modified_gmt":"2024-11-22T12:01:08","slug":"mis-radoon","status":"publish","type":"page","link":"https:\/\/sisu.ut.ee\/radooniuuring\/mis-radoon\/","title":{"rendered":"Mis on radoon?"},"content":{"rendered":"<p>Radoon on looduslik radioaktiivne gaas, mis tekib maakoores. V\u00e4litingimustes seguneb see pinnale j\u00f5udes kiiresti \u00f5huga ning seet\u00f5ttu ei ole radoon \u00f5ues inimestele \u00fcldjuhul ohtlik. Probleem v\u00f5ib tekkida hoonete sise\u00f5hus, kus \u00f5huvahetus on tagasihoidlikum. Pikaajaline kokkupuude radooniga sise\u00f5hus v\u00f5ib hakata m\u00f5jutama inimeste tervist tekitades kopsuv\u00e4hki.<\/p>\n<p>Kuna radoon on l\u00f5hnatu ning v\u00e4rvitu, on selle sisalduse hindamine keerukas. Praeguseks teadaoleva info kohaselt on Eesti 79 omavalitusesest suisa 48 k\u00f5rgendatud radooniriskiga maa-alad (vaata lisaks k\u00f5rge radooniriskiga alade loetelu\u00a0<a href=\"https:\/\/www.riigiteataja.ee\/aktilisa\/1260\/7202\/4005\/KKM_m28_lisa.pdf\">Keskkonnaministri 30.07.2018 m\u00e4\u00e4ruse nr 28 lisast<\/a>).<\/p>\n","protected":false},"excerpt":{"rendered":"<p>Radoon on looduslik radioaktiivne gaas, mis tekib maakoores. V\u00e4litingimustes seguneb see pinnale j\u00f5udes kiiresti \u00f5huga ning seet\u00f5ttu ei ole radoon \u00f5ues inimestele \u00fcldjuhul ohtlik. Probleem v\u00f5ib tekkida hoonete sise\u00f5hus, kus \u00f5huvahetus on tagasihoidlikum. Pikaajaline kokkupuude radooniga sise\u00f5hus v\u00f5ib hakata m\u00f5jutama &#8230;<\/p>\n","protected":false},"author":277,"featured_media":0,"parent":0,"menu_order":0,"comment_status":"closed","ping_status":"closed","template":"","meta":{"_acf_changed":false,"inline_featured_image":false,"footnotes":""},"class_list":["post-4","page","type-page","status-publish","hentry"],"acf":[],"_links":{"self":[{"href":"https:\/\/sisu.ut.ee\/radooniuuring\/wp-json\/wp\/v2\/pages\/4","targetHints":{"allow":["GET"]}}],"collection":[{"href":"https:\/\/sisu.ut.ee\/radooniuuring\/wp-json\/wp\/v2\/pages"}],"about":[{"href":"https:\/\/sisu.ut.ee\/radooniuuring\/wp-json\/wp\/v2\/types\/page"}],"author":[{"embeddable":true,"href":"https:\/\/sisu.ut.ee\/radooniuuring\/wp-json\/wp\/v2\/users\/277"}],"replies":[{"embeddable":true,"href":"https:\/\/sisu.ut.ee\/radooniuuring\/wp-json\/wp\/v2\/comments?post=4"}],"version-history":[{"count":3,"href":"https:\/\/sisu.ut.ee\/radooniuuring\/wp-json\/wp\/v2\/pages\/4\/revisions"}],"predecessor-version":[{"id":97,"href":"https:\/\/sisu.ut.ee\/radooniuuring\/wp-json\/wp\/v2\/pages\/4\/revisions\/97"}],"wp:attachment":[{"href":"https:\/\/sisu.ut.ee\/radooniuuring\/wp-json\/wp\/v2\/media?parent=4"}],"curies":[{"name":"wp","href":"https:\/\/api.w.org\/{rel}","templated":true}]}}