{"id":5,"date":"2024-04-04T08:04:34","date_gmt":"2024-04-04T05:04:34","guid":{"rendered":"https:\/\/sisu.ut.ee\/ps30\/ettekanded\/"},"modified":"2024-04-04T08:04:40","modified_gmt":"2024-04-04T05:04:40","slug":"ettekanded","status":"publish","type":"page","link":"https:\/\/sisu.ut.ee\/ps30\/ettekanded\/","title":{"rendered":"Ettekanded"},"content":{"rendered":"<p>\n\t\u00a0\n<\/p>\n<p>\n\tStephan Madaus<span class=\"file media-element file-os-files-link\" data-file_info=\"%7B%22fid%22:%2274764%22,%22view_mode%22:%22os_files_link%22,%22type%22:%22media%22%7D\">\u00a0<a href=\"https:\/\/sisu.ut.ee\/wp-content\/uploads\/sites\/562\/stephan_madaus.pdf\">\u201cThe position of secured creditors in restructuring proceedings\u201d<\/a><\/span>\n<\/p>\n<p>\n\tPaul Omar <span class=\"file media-element file-os-files-link\" data-file_info=\"%7B%22fid%22:%2274765%22,%22view_mode%22:%22os_files_link%22,%22type%22:%22media%22%7D\"><a href=\"https:\/\/sisu.ut.ee\/wp-content\/uploads\/sites\/562\/paul_omar.pdf\">\u201cChallenging the Assumption of Asset-Security Privileges: Some Thoughts?\u201d<\/a><\/span>\n<\/p>\n<p>\n\tChristoph G. Paulus<span class=\"file media-element file-os-files-link-icon\" data-file_info=\"%7B%22fid%22:%2274766%22,%22view_mode%22:%22os_files_link_icon%22,%22type%22:%22media%22%7D\">\u00a0<a href=\"https:\/\/sisu.ut.ee\/wp-content\/uploads\/sites\/562\/christoph_g._paulus.pdf\">\u201cOn the Crossroads of Security Interests and Insolvency Law: the Cape Town Convention and its Protocols\u201d<\/a><\/span>\n<\/p>\n<p>\n\t<span class=\"file media-element file-os-files-link-icon\" data-file_info=\"%7B%22fid%22:%2274766%22,%22view_mode%22:%22os_files_link_icon%22,%22type%22:%22media%22%7D\">Urmas Volens<\/span><span class=\"file media-element file-os-files-link-icon\" data-file_info=\"%7B%22fid%22:%2274767%22,%22view_mode%22:%22os_files_link_icon%22,%22type%22:%22media%22%7D\">\u00a0<a href=\"https:\/\/sisu.ut.ee\/wp-content\/uploads\/sites\/562\/urmas_volens.pdf\">\u201cEsemelised tagatised pankrotimenetluses\u201d<\/a><\/span>\n<\/p>\n<p>\n\t<span class=\"file media-element file-os-files-link-icon\" data-file_info=\"%7B%22fid%22:%2274767%22,%22view_mode%22:%22os_files_link_icon%22,%22type%22:%22media%22%7D\">Kersti Kerstna-Vaks<\/span><span class=\"file media-element file-os-files-link\" data-file_info=\"%7B%22fid%22:%2274768%22,%22view_mode%22:%22os_files_link%22,%22type%22:%22media%22%7D\">\u00a0<a href=\"https:\/\/sisu.ut.ee\/wp-content\/uploads\/sites\/562\/kersti_kerstna-vaks.pdf\">\u201cMaksej\u00f5uetuse revisjoniga kaasnevad uued v\u00f5imalused f\u00fc\u00fcsilisel isikul vabaneda oma v\u00f5lgadest\u201d<\/a><\/span>\n<\/p>\n<p>\n\t<span class=\"file media-element file-os-files-link\" data-file_info=\"%7B%22fid%22:%2274768%22,%22view_mode%22:%22os_files_link%22,%22type%22:%22media%22%7D\">Toomas Saarma<\/span><span class=\"file media-element file-os-files-link\" data-file_info=\"%7B%22fid%22:%2274769%22,%22view_mode%22:%22os_files_link%22,%22type%22:%22media%22%7D\">\u00a0<a href=\"https:\/\/sisu.ut.ee\/wp-content\/uploads\/sites\/562\/toomas_saarma.pdf\">\u201cF\u00fc\u00fcsilise isiku v\u00f5lad ja nendest vabanemine \u00f5iguslikus ja antropoloogilises vaates\u201d<\/a><\/span>\n<\/p>\n<p>\n\t<span class=\"file media-element file-os-files-link\" data-file_info=\"%7B%22fid%22:%2274769%22,%22view_mode%22:%22os_files_link%22,%22type%22:%22media%22%7D\">Annemari \u00d5unpuu<\/span><span class=\"file media-element file-os-files-link\" data-file_info=\"%7B%22fid%22:%2274770%22,%22view_mode%22:%22os_files_link%22,%22type%22:%22media%22%7D\">\u00a0<a href=\"https:\/\/sisu.ut.ee\/wp-content\/uploads\/sites\/562\/annemari_ounpuu_ee.pdf\">\u201cSaneerimisseaduse muudatused\u201d<\/a><\/span>\n<\/p>\n<p>\n\t<span class=\"file media-element file-os-files-link\" data-file_info=\"%7B%22fid%22:%2274770%22,%22view_mode%22:%22os_files_link%22,%22type%22:%22media%22%7D\">Anto Kasak<\/span><span class=\"file media-element file-os-files-link\" data-file_info=\"%7B%22fid%22:%2274771%22,%22view_mode%22:%22os_files_link%22,%22type%22:%22media%22%7D\">\u00a0<a href=\"https:\/\/sisu.ut.ee\/wp-content\/uploads\/sites\/562\/anto_kasak.pdf\">\u201cR\u00fchma\u00fclene kohustamine saneerimismenetluses\u201d<\/a><\/span>\n<\/p>\n<p>\n\tPaul Varul<span class=\"file media-element file-os-files-link\" data-file_info=\"%7B%22fid%22:%2274781%22,%22view_mode%22:%22os_files_link%22,%22type%22:%22media%22%7D\">\u00a0<a href=\"https:\/\/sisu.ut.ee\/wp-content\/uploads\/sites\/562\/paul_varul.pdf\">\u201cPankrotiseadus: 30 aastat reforme\u201d<\/a><\/span>\n<\/p>\n<p>\n\t\u00a0<\/p>\n","protected":false},"excerpt":{"rendered":"<p>\u00a0 Stephan Madaus\u00a0\u201cThe position of secured creditors in restructuring proceedings\u201d Paul Omar \u201cChallenging the Assumption of Asset-Security Privileges: Some Thoughts?\u201d Christoph G. Paulus\u00a0\u201cOn the Crossroads of Security Interests and Insolvency Law: the Cape Town Convention and its Protocols\u201d Urmas Volens\u00a0\u201cEsemelised &#8230;<\/p>\n","protected":false},"author":105,"featured_media":0,"parent":0,"menu_order":0,"comment_status":"closed","ping_status":"closed","template":"","meta":{"_acf_changed":false,"inline_featured_image":false,"footnotes":""},"class_list":["post-5","page","type-page","status-publish","hentry"],"acf":[],"_links":{"self":[{"href":"https:\/\/sisu.ut.ee\/ps30\/wp-json\/wp\/v2\/pages\/5","targetHints":{"allow":["GET"]}}],"collection":[{"href":"https:\/\/sisu.ut.ee\/ps30\/wp-json\/wp\/v2\/pages"}],"about":[{"href":"https:\/\/sisu.ut.ee\/ps30\/wp-json\/wp\/v2\/types\/page"}],"author":[{"embeddable":true,"href":"https:\/\/sisu.ut.ee\/ps30\/wp-json\/wp\/v2\/users\/105"}],"replies":[{"embeddable":true,"href":"https:\/\/sisu.ut.ee\/ps30\/wp-json\/wp\/v2\/comments?post=5"}],"version-history":[{"count":1,"href":"https:\/\/sisu.ut.ee\/ps30\/wp-json\/wp\/v2\/pages\/5\/revisions"}],"predecessor-version":[{"id":37,"href":"https:\/\/sisu.ut.ee\/ps30\/wp-json\/wp\/v2\/pages\/5\/revisions\/37"}],"wp:attachment":[{"href":"https:\/\/sisu.ut.ee\/ps30\/wp-json\/wp\/v2\/media?parent=5"}],"curies":[{"name":"wp","href":"https:\/\/api.w.org\/{rel}","templated":true}]}}