{"id":12,"date":"2024-04-04T04:42:02","date_gmt":"2024-04-04T01:42:02","guid":{"rendered":"https:\/\/sisu.ut.ee\/praktikamajanduses\/praktika-ajal\/"},"modified":"2024-04-04T04:42:13","modified_gmt":"2024-04-04T01:42:13","slug":"praktika-ajal","status":"publish","type":"page","link":"https:\/\/sisu.ut.ee\/praktikamajanduses\/praktika-ajal\/","title":{"rendered":"Praktika ajal"},"content":{"rendered":"<p>\n\t\u00a0\n<\/p>\n<p>\n\t<strong>Edukaks praktikaks:<\/strong>\n<\/p>\n\n<p dir=\"ltr\">\n\t<span style=\"color:#ff8c00\">\u2666<\/span> S\u00f5nastan praktika eesm\u00e4rgi ja \u00fclesanded minu arengut suunavast kahest olulisest punktist l\u00e4htuvalt. Eesm\u00e4rk peab n\u00e4itama, kuidas:\n<\/p>\n<ol dir=\"ltr\" style=\"margin-left: 40px\">\n<li>\n\t\tseon \u00f5pitud teoreetilised teadmised praktikaga;\n\t<\/li>\n<li>\n\t\tkasutan \u00fchte tulevikuoskust praktikal.\u00a0\u00a0\n\t<\/li>\n<\/ol>\n<p dir=\"ltr\">\n\t<span style=\"color:#ff8c00\">\u2666 <\/span>Tutvun konkreetse praktika Moodle\u2019i keskkonna, ainemahu ja kohustuslike tegevustega.\n<\/p>\n<p dir=\"ltr\">\n\t<span style=\"color:#ff8c00\">\u2666\u00a0<\/span>J\u00e4lgin, et t\u00e4idan praktikal kirja pandud ja kokku lepitud eesm\u00e4rke<b> <\/b>ja p\u00fcstitatud \u00fclesandeid. Need on arengu aluseks!\n<\/p>\n<p dir=\"ltr\">\n\t<span style=\"color:#ff8c00\">\u2666<\/span><b><span style=\"color:#ff8c00\"> <\/span><\/b>Leian lahendused praktikal tekkinud probleemidele ja k\u00fcsimustele.\n<\/p>\n<p dir=\"ltr\">\n\t<span style=\"color:#ff8c00\">\u2666<\/span><b><span style=\"color:#ff8c00\"> <\/span><\/b>K\u00fcsin praktikabaasipoolselt juhendajalt jooksvat tagasisidet oma tegevustele (konstruktiivset, et oleks millest \u00f5ppida).\n<\/p>\n<p dir=\"ltr\">\n<\/p><p dir=\"ltr\">\n\t<span style=\"color:#ff8c00\">\u2666<\/span><b><span style=\"color:#ff8c00\"> <\/span><\/b>Olen motiveeritud, avatud ja n\u00e4itan \u00fcles \u00f5ppimistahet.\n<\/p>\n<p dir=\"ltr\">\n\t<span style=\"color:#ff8c00\">\u2666<\/span><b><span style=\"color:#ff8c00\"> <\/span><\/b>Anal\u00fc\u00fcsin oma tegevusi praktikal.\n<\/p>\n<p dir=\"ltr\">\n\t\u00a0\n<\/p>\n<p>\n\t\u00a0<\/p>\n","protected":false},"excerpt":{"rendered":"<p>\u00a0 Edukaks praktikaks: \u2666 S\u00f5nastan praktika eesm\u00e4rgi ja \u00fclesanded minu arengut suunavast kahest olulisest punktist l\u00e4htuvalt. Eesm\u00e4rk peab n\u00e4itama, kuidas: seon \u00f5pitud teoreetilised teadmised praktikaga; kasutan \u00fchte tulevikuoskust praktikal.\u00a0\u00a0 \u2666 Tutvun konkreetse praktika Moodle\u2019i keskkonna, ainemahu ja kohustuslike tegevustega. \u2666\u00a0J\u00e4lgin, &#8230;<\/p>\n","protected":false},"author":164,"featured_media":0,"parent":0,"menu_order":0,"comment_status":"closed","ping_status":"closed","template":"","meta":{"_acf_changed":false,"inline_featured_image":false,"footnotes":""},"class_list":["post-12","page","type-page","status-publish","hentry"],"acf":[],"_links":{"self":[{"href":"https:\/\/sisu.ut.ee\/praktikamajanduses\/wp-json\/wp\/v2\/pages\/12","targetHints":{"allow":["GET"]}}],"collection":[{"href":"https:\/\/sisu.ut.ee\/praktikamajanduses\/wp-json\/wp\/v2\/pages"}],"about":[{"href":"https:\/\/sisu.ut.ee\/praktikamajanduses\/wp-json\/wp\/v2\/types\/page"}],"author":[{"embeddable":true,"href":"https:\/\/sisu.ut.ee\/praktikamajanduses\/wp-json\/wp\/v2\/users\/164"}],"replies":[{"embeddable":true,"href":"https:\/\/sisu.ut.ee\/praktikamajanduses\/wp-json\/wp\/v2\/comments?post=12"}],"version-history":[{"count":1,"href":"https:\/\/sisu.ut.ee\/praktikamajanduses\/wp-json\/wp\/v2\/pages\/12\/revisions"}],"predecessor-version":[{"id":62,"href":"https:\/\/sisu.ut.ee\/praktikamajanduses\/wp-json\/wp\/v2\/pages\/12\/revisions\/62"}],"wp:attachment":[{"href":"https:\/\/sisu.ut.ee\/praktikamajanduses\/wp-json\/wp\/v2\/media?parent=12"}],"curies":[{"name":"wp","href":"https:\/\/api.w.org\/{rel}","templated":true}]}}