{"id":19,"date":"2024-04-04T04:41:52","date_gmt":"2024-04-04T01:41:52","guid":{"rendered":"https:\/\/sisu.ut.ee\/plutof\/avaleht\/"},"modified":"2024-04-04T04:42:00","modified_gmt":"2024-04-04T01:42:00","slug":"avaleht","status":"publish","type":"page","link":"https:\/\/sisu.ut.ee\/plutof\/avaleht\/","title":{"rendered":"Avaleht"},"content":{"rendered":"<p style=\"text-align: right\">\n\t<strong><a href=\"https:\/\/sisu.ut.ee\/plutof\/avaleht?lang=et\">EST<\/a>\u00a0\u00a0 <a href=\"https:\/\/sisu.ut.ee\/plutof\/home-0?lang=en\">ENG<\/a><\/strong>\n<\/p>\n<p>\n\tAndmehalduse ja publitseerimise platvorm <strong>PlutoF<\/strong> v\u00f5imaldab \u00fches veebirakenduses hallata kogu andmete eluts\u00fcklit. Alates andmehaldusplaanist kuni andmete haldamise, publitseerimise ja arhiveerimiseni masinloetavas formaadis.\n<\/p>\n<p>\n\t<a data-url=\"https:\/\/plutof.ut.ee\/\" href=\"https:\/\/plutof.ut.ee\/\" target=\"_blank\" title=\"\" rel=\"noopener\">https:\/\/plutof.ut.ee\/<\/a>\n<\/p>\n<p>\n\t<img decoding=\"async\" alt=\"\" src=\"\/sites\/default\/files\/sweaver\/sweaver_image_37415.png\" style=\"margin-left: 10px;margin-right: 10px;width: 400px;height: 428px\"><\/p>\n","protected":false},"excerpt":{"rendered":"<p>EST\u00a0\u00a0 ENG Andmehalduse ja publitseerimise platvorm PlutoF v\u00f5imaldab \u00fches veebirakenduses hallata kogu andmete eluts\u00fcklit. Alates andmehaldusplaanist kuni andmete haldamise, publitseerimise ja arhiveerimiseni masinloetavas formaadis. https:\/\/plutof.ut.ee\/<\/p>\n","protected":false},"author":169,"featured_media":0,"parent":0,"menu_order":0,"comment_status":"closed","ping_status":"closed","template":"","meta":{"_acf_changed":false,"inline_featured_image":false,"footnotes":""},"class_list":["post-19","page","type-page","status-publish","hentry"],"acf":[],"_links":{"self":[{"href":"https:\/\/sisu.ut.ee\/plutof\/wp-json\/wp\/v2\/pages\/19","targetHints":{"allow":["GET"]}}],"collection":[{"href":"https:\/\/sisu.ut.ee\/plutof\/wp-json\/wp\/v2\/pages"}],"about":[{"href":"https:\/\/sisu.ut.ee\/plutof\/wp-json\/wp\/v2\/types\/page"}],"author":[{"embeddable":true,"href":"https:\/\/sisu.ut.ee\/plutof\/wp-json\/wp\/v2\/users\/169"}],"replies":[{"embeddable":true,"href":"https:\/\/sisu.ut.ee\/plutof\/wp-json\/wp\/v2\/comments?post=19"}],"version-history":[{"count":1,"href":"https:\/\/sisu.ut.ee\/plutof\/wp-json\/wp\/v2\/pages\/19\/revisions"}],"predecessor-version":[{"id":80,"href":"https:\/\/sisu.ut.ee\/plutof\/wp-json\/wp\/v2\/pages\/19\/revisions\/80"}],"wp:attachment":[{"href":"https:\/\/sisu.ut.ee\/plutof\/wp-json\/wp\/v2\/media?parent=19"}],"curies":[{"name":"wp","href":"https:\/\/api.w.org\/{rel}","templated":true}]}}