{"id":57,"date":"2024-04-04T00:43:00","date_gmt":"2024-04-03T21:43:00","guid":{"rendered":"https:\/\/sisu.ut.ee\/planeerimiskonverents\/konverentsikava-2016\/"},"modified":"2024-04-04T01:46:09","modified_gmt":"2024-04-03T22:46:09","slug":"konverentsikava-2016","status":"publish","type":"page","link":"https:\/\/sisu.ut.ee\/planeerimiskonverents\/konverentsikava-2016\/","title":{"rendered":"Konverentsiettekanded"},"content":{"rendered":"<p><strong>NELJAP\u00c4EV, 03.11.2016<\/strong><\/p>\n<p><strong>Doktorantide v\u00e4lkettekannete sessioon.\u00a0<\/strong><strong>Korraldajad: Rein Ahas (Tartu \u00dclikool), Toomas Tammis (Eesti Kunstiakadeemia)<\/strong><\/p>\n<ul>\n<li>Magistrit\u00f6\u00f6 pagulaste integreerimise teemal <a href=\"https:\/\/sisu.ut.ee\/wp-content\/uploads\/sites\/135\/loimumisruum_gert_guriev2016.pdf\" target=\"_blank\" data-fid=\"16844\" rel=\"noopener\">Gert Guriev<\/a>\u00a0(Eesti Kunstiakadeemia)<\/li>\n<li>Ruumikasutuse etnilised erinevused p\u00fchade ajal <a href=\"https:\/\/sisu.ut.ee\/wp-content\/uploads\/sites\/135\/ettekanne_planeerimiskonverents_veronikamooses.pdf\" target=\"_blank\" data-fid=\"16845\" rel=\"noopener\">Veronika Mooses<\/a>\u00a0(Tartu \u00dclikool)<\/li>\n<li>Liikuvusv\u00f5imalused linna \u00e4\u00e4re- ja l\u00e4hialadel<a href=\"https:\/\/sisu.ut.ee\/wp-content\/uploads\/sites\/135\/imre_antso.pdf\" target=\"_blank\" data-fid=\"16846\" rel=\"noopener\"> Imre Antso<\/a> (Tallinna Tehnika\u00fclikool)<\/li>\n<li>Kuidas kaasajastada paneelmaju? Edasiarendusi magistrit\u00f6\u00f6 p\u00f5hjal <a href=\"https:\/\/sisu.ut.ee\/wp-content\/uploads\/sites\/135\/looke_paneelmajad_planeerimiskonverents-uus.pdf\" target=\"_blank\" data-fid=\"16847\" rel=\"noopener\">Taavi L\u00f5oke<\/a>\u00a0(Eesti Kunstiakadeemia)<\/li>\n<\/ul>\n<p><strong>Avas\u00f5nad T\u00dc prorektor Erik Puura ja Heiki Kalberg (Eesti Planeerijate \u00dching)<\/strong><\/p>\n<p><strong>I sessioon: Ebav\u00f5rdsus ja areng.<\/strong> <strong>Korraldajad: Tiit Tammaru (Tartu \u00dclikool), Priidu Ristkok (Rahandusministeerium)<\/strong><\/p>\n<ul>\n<li>Parking and Cities: From Accommodation to Regulation Daniel B. Hess (Tartu \u00dclikool &amp; Buffalo \u00dclikool)<\/li>\n<li>Sotsiaalhoolekande v\u00f5imalused eluruumi tagamisel Tallinnas <a href=\"https:\/\/sisu.ut.ee\/wp-content\/uploads\/sites\/135\/uku_torjus.pdf\" target=\"_blank\" data-fid=\"16848\" rel=\"noopener\">Uku Torjus<\/a>\u00a0(Tallinna Sotsiaal- ja Tervishoiuamet)<\/li>\n<li>Mida ja kuidas m\u00f5tleb elamispindade arendaja? <a href=\"https:\/\/sisu.ut.ee\/wp-content\/uploads\/sites\/135\/tonu_toompark.pdf\" target=\"_blank\" data-fid=\"16849\" rel=\"noopener\">T\u00f5nu Toompark<\/a>\u00a0(Adaur Grupp O\u00dc)<\/li>\n<li>Hipsterkohvikutest n\u00f5ukaaegsete keldribaarideni \u2013 ettev\u00f5tlusmustrid P\u00f5hja-Tallinnas <a href=\"https:\/\/sisu.ut.ee\/wp-content\/uploads\/sites\/135\/eneli_kindsiko.pdf\" target=\"_blank\" data-fid=\"16850\" rel=\"noopener\">Eneli Kindsiko<\/a>\u00a0(Tartu \u00dclikool)<\/li>\n<\/ul>\n<p><strong>IIa sessioon: Ebav\u00f5rdus ja linnaruum. Korraldaja: Veronika Valk (Eesti Kunstiakadeemia)<\/strong><\/p>\n<ul>\n<li>Riigi \u00fc\u00fcrikorterid <a href=\"https:\/\/sisu.ut.ee\/wp-content\/uploads\/sites\/135\/1_yyrikorterid_tartupl_2016.pdf\" target=\"_blank\" data-fid=\"16851\" rel=\"noopener\">Aet Ader<\/a>\u00a0(Eesti Arhitektide Liit)<\/li>\n<li>Kuhu kadus euro? <a href=\"https:\/\/sisu.ut.ee\/wp-content\/uploads\/sites\/135\/2_plankonv_kuhu_kadus_euro_2.pdf\" target=\"_blank\" data-fid=\"16852\" rel=\"noopener\">Merle Karro-Kalberg, Karin Bachmann, Anna-Liisa Unt<\/a>\u00a0(Eesti Arhitektide Liit)<\/li>\n<li>Ebav\u00f5rdsus liikuvuse planeerimisel Reidi tee n\u00e4itel <a href=\"https:\/\/sisu.ut.ee\/wp-content\/uploads\/sites\/135\/3_reidi_tee_3.11.pdf\" target=\"_blank\" data-fid=\"16853\" rel=\"noopener\">Kristi Gri\u0161akov<\/a>\u00a0(Tallinna Tehnika\u00fclikool)<\/li>\n<li>Printsiibid rattastrateegia koostamisel\u00a0<a href=\"https:\/\/sisu.ut.ee\/wp-content\/uploads\/sites\/135\/4_planeerimiskonverents-rattastrateegia_v3.pdf\" target=\"_blank\" data-fid=\"16854\" rel=\"noopener\">T\u00f5nis Savi (ACB, Eesti Linnaratturite Liit), Raul Kalvo (inphysica technology O\u00dc), Marek Rannala (Kami O\u00dc), Mari J\u00fcssi (Stockholmi Keskkonnainstituudi Tallinna Keskus)<\/a><\/li>\n<\/ul>\n<p><strong>IIb arutelusessioon: Kuidas aitab m\u00f5jude hindamine kaasa ruumilise ebav\u00f5rdsuse leevendamisele? Korraldaja: Riin Kutsar (Eesti Keskkonnam\u00f5ju Hindajate \u00dching\/Hendrikson &amp; Ko)<\/strong><\/p>\n<ul>\n<li>V\u00e4lism\u00f5jude hindamine (Eesti keskkonnakasutuse v\u00e4lism\u00f5jude rahasse hindamise anal\u00fc\u00fcs.\u00a0<a href=\"https:\/\/sisu.ut.ee\/wp-content\/uploads\/sites\/135\/keskkonnakasutuse_valiskulude_hindamine_toomas_pallo_karl_kupits.pdf\" target=\"_blank\" data-fid=\"16855\" rel=\"noopener\">Toomas Pallo (ELLE O\u00dc), Karl Kupits (AS Maves)<\/a><\/li>\n<li>KSH roll? Sotsiaalsete m\u00f5jude hindamine transpordi infrastruktuuri rajamisel <a href=\"https:\/\/sisu.ut.ee\/wp-content\/uploads\/sites\/135\/mojude_hindamine_suurte_transpordi_objektide_puhul_kaido_koppel.pdf\" target=\"_blank\" data-fid=\"16856\" rel=\"noopener\">Kaido Koppel<\/a>\u00a0(P\u00e4rnu Linnavalitsus)<\/li>\n<li>Ettekanne erinevatest praktikatest + paneelarutelu \u2013\u00a0Arutelu modereerib\u00a0<a href=\"https:\/\/sisu.ut.ee\/wp-content\/uploads\/sites\/135\/kuidas_aitabmojude_hindamine_kaasa_ruumilise_ebavordsuse_leevendamiseks_riin_kutsar.pdf\" target=\"_blank\" data-fid=\"16857\" rel=\"noopener\">Heikki Kalle (Hendrikson&amp;Ko), Tiit Oidj\u00e4rv (Rahandusministeerium), Kaupo Heinma (Keskkonnaministeerium), Kaido Koppel (P\u00e4rnu Linnavalitsus) Riin Kutsar ja\u00a0Heikki Kalle (Hendrikson &amp; Ko)<\/a><\/li>\n<\/ul>\n<p><strong>IIIa arutelusessioon: Uued meetodid ja l\u00e4henemised \u00fcldplaneeringute koostamisel. Korraldajad: Pille Metspalu (Eesti Planeerijate \u00dching\/Hendrikson &amp; Ko), Jiri Tintera (TT\u00dc\/Valga Linnavalitsus)<\/strong><\/p>\n<ul>\n<li>\u00dcldplaneering kui teekaart ruumilise ebav\u00f5rdsuse ja elukeskkonna mitmekesisuse vahel<a href=\"https:\/\/sisu.ut.ee\/wp-content\/uploads\/sites\/135\/1._yp_tu_andresl_2016.pdf\" target=\"_blank\" data-fid=\"16860\" rel=\"noopener\"> Andres Levald <\/a>(Rahandusministeerium)<\/li>\n<li>Arhitektuursed ja linnakujunduslikud tingimused \u00fcldistes planeeringutes <a href=\"https:\/\/sisu.ut.ee\/wp-content\/uploads\/sites\/135\/indrek_ranniku_.pdf\" target=\"_blank\" data-fid=\"16859\" rel=\"noopener\">Indrek Ranniku<\/a>\u00a0(Tartu Linnavalitsus)<\/li>\n<li>Ruumiline planeerimine kahanemisega kohanemas. Planeerimismeetodid Valga linna \u00fcldplaneeringu koostamisel<a href=\"https:\/\/sisu.ut.ee\/wp-content\/uploads\/sites\/135\/3._valga_-_ruumiline_planeerimine_kahanemisega_kohanemas_ee_0.pdf\" target=\"_blank\" data-fid=\"16885\" rel=\"noopener\"> Jiri Tintera\u00a0(Valga Linnavalitsus), Pille Metspalu (Hendrikson &amp; Ko)<\/a><\/li>\n<li>Muhu valla kogemused \u00fcldplaneeringu koostamisel<a href=\"https:\/\/sisu.ut.ee\/wp-content\/uploads\/sites\/135\/4._muhu_valla_uldplaneringu_koostamine_vol2.pdf\" target=\"_blank\" data-fid=\"16862\" rel=\"noopener\"> Pille Tamm <\/a>(Muhu Vallavalitsus)<\/li>\n<\/ul>\n<p><strong>IIIb arutelusessioon: Looduskaitse ja planeerimine. Korraldajad: Kalev Sepp (Eesti Maa\u00fclikool), Heiki Kalberg (Eesti Planeerijate \u00dching)<\/strong><\/p>\n<ul>\n<li>Kultuurmaastikud \u2013 soov s\u00e4ilitada maastiku v\u00e4\u00e4rtuseid, soov ehitada, soov hoida maastik avatuna, kuidas neid tasakaalustada? Lahemaa RP ja Vooremaa MKA n\u00e4itel <a href=\"https:\/\/sisu.ut.ee\/wp-content\/uploads\/sites\/135\/looduskaitse_ja_planeerimine_kalev_sepp.pdf\" target=\"_blank\" data-fid=\"16863\" rel=\"noopener\">Kalev Sepp<\/a>\u00a0(Eesti Maa\u00fclikool)<\/li>\n<li>Probleemid ja kitsaskohad Keskkonnameti vaatenurgast <a href=\"https:\/\/sisu.ut.ee\/wp-content\/uploads\/sites\/135\/looduskaitse_ja_planeerimine_-_probleemid_ja_kitsaskohad_kaili_viilma.pdf\" target=\"_blank\" data-fid=\"16864\" rel=\"noopener\">Kaili Viilma<\/a>\u00a0(Keskkonnaamet)<\/li>\n<li>Rail Baltic-Natura \u2013 planeerimine ja KSH Natura aladel <a href=\"https:\/\/sisu.ut.ee\/wp-content\/uploads\/sites\/135\/railbaltic_natura_roland_muur.pdf\" target=\"_blank\" data-fid=\"16865\" rel=\"noopener\">Roland M\u00fc\u00fcr<\/a>\u00a0(Keskkonnaamet)<\/li>\n<li>Arutelu \u2013 modereerib Kalev Sepp (Eesti Maa\u00fclikool) Kaili Viilma ja Roland M\u00fc\u00fcr (Keskkonnaamet), Lembe Reiman ja Kristiina Ott (Harku Vallavalitsus), Taivo Prants (Kambja Vallavalitsus)<\/li>\n<\/ul>\n<p><strong>IIIc arutelusessioon: Core-Periphery Relations between Discourses and Practices: Estonia and Beyond.\u00a0<\/strong><strong>Convenors: RegPol2 Estonia, Contact Person: Sebastian Schulz<\/strong><\/p>\n<ul>\n<li>Introduction to Short Presentations and RegPol2 Project <a href=\"https:\/\/sisu.ut.ee\/wp-content\/uploads\/sites\/135\/regpol_introduction_rivo_noorkoiv.pdf\" target=\"_blank\" data-fid=\"16868\" rel=\"noopener\">Rivo Noork\u00f5iv<\/a>\u00a0(Geomedia O\u00dc)<\/li>\n<li>Innovation Policies and Practices in Central-Eastern Europe\u00a0<a href=\"https:\/\/sisu.ut.ee\/wp-content\/uploads\/sites\/135\/innovation_policies_graffenberger_loewen_schulz.pdf\" target=\"_blank\" data-fid=\"16866\" rel=\"noopener\">Martin Graffenberger (University of Leipzig), Bradley Loewen (University of Economics Prague), Sebastian Schulz (University of Tartu)<\/a><\/li>\n<li>Public Leaders Shaping Peripheralization Discourses and Practices?\u00a0<a href=\"https:\/\/sisu.ut.ee\/wp-content\/uploads\/sites\/135\/public_leaders_grootens_kindel_pluschke-altof.pdf\" target=\"_blank\" data-fid=\"16867\" rel=\"noopener\">Martiene Grootens, Grete Kindel (University of Tartu),\u00a0Bianka Pl\u00fcschke-Altof (Geomedia O\u00dc)<\/a><\/li>\n<li>Discussion moderated by Rivo Noork\u00f5iv (Geomedia O\u00dc) Presenters and Audience<\/li>\n<\/ul>\n<p><strong>Ekskursioonid:<\/strong><\/p>\n<ul>\n<li><strong>Indrek Ranniku \u2013 Tartu \u00fcldplaneering<\/strong><\/li>\n<li><strong>Age Poom \u2013 Tartu \u00fclikoolilinnakud<\/strong><\/li>\n<li><strong>Heikki Kalle \u2013 Tartu rohealad<\/strong><\/li>\n<\/ul>\n<p><strong>REEDE, 04.11.2016<\/strong><\/p>\n<p><strong>Peaettekanne: Professor <a href=\"https:\/\/sisu.ut.ee\/wp-content\/uploads\/sites\/135\/sotsiaalse_kihistumise_ajalisd_ja_ruumilised_aspektid.pdf\" target=\"_blank\" data-fid=\"16869\" rel=\"noopener\">Marju Lauristin<\/a>\u00a0(Tartu \u00dclikool &amp; Euroopa Parlament) \u201cEbav\u00f5rdsuse aegruumilisi aspekte Eestis\u201d<\/strong><\/p>\n<p><strong>IVa arutelusessioon: Liikuvus. Korraldajad: Heikki Kalle (Hendrikson &amp; Ko), Dago Antov (Tallinna Tehnika\u00fclikool)<\/strong><\/p>\n<ul>\n<li>L\u00e4hteandmete olulisus liikuvuse kavandamisel ja Tallinna liikumisuuring\u00a0<a href=\"https:\/\/sisu.ut.ee\/wp-content\/uploads\/sites\/135\/1_liikuvus_antso_rehema_vahter.pdf\" target=\"_blank\" data-fid=\"16870\" rel=\"noopener\">Merlin Rehema, Tauri Tuvikene (Tallinna \u00dclikool), Imre Antso (Tallinna Tehnika\u00fclikool), Toomas Haidak, Liis Vahter (MKM)<\/a><\/li>\n<li>V\u00e4rskeid n\u00e4iteid liikuvuse kavandamisest <a href=\"https:\/\/sisu.ut.ee\/wp-content\/uploads\/sites\/135\/planeerimiskonverents_2016_rannala.pdf\" target=\"_blank\" data-fid=\"16871\" rel=\"noopener\">Marek Rannala <\/a>(Hendrikson &amp; Ko)<\/li>\n<li>Miks me autot armastame ja vihkame <a href=\"https:\/\/sisu.ut.ee\/wp-content\/uploads\/sites\/135\/3_miks_me_autot_vihkame_armastame_dago_antov.pdf\" target=\"_blank\" data-fid=\"16872\" rel=\"noopener\">Dago Antov<\/a>\u00a0(Tallinna Tehnika\u00fclikool)<\/li>\n<\/ul>\n<p><strong>IVb arutelusessioon: Ebav\u00f5rdne kliima \u2013 maal ja linnas. Korraldajad: Maila Kuusik (Eesti Planeerijate \u00dching), Antti Roose (Tartu Regiooni Energiaagentuur)<\/strong><\/p>\n<ul>\n<li>Kliimastsenaariumid ja nende ruumiline v\u00e4ljund Eestis <a href=\"https:\/\/sisu.ut.ee\/wp-content\/uploads\/sites\/135\/mait_sepp_-_kliima041116.pdf\" target=\"_blank\" data-fid=\"16873\" rel=\"noopener\">Mait Sep<\/a>p (Tartu \u00dclikool)<\/li>\n<li>Kliimamuutustega kohanemine linnades \u2013 \u00fcldraamistik ja n\u00e4ited <a href=\"https:\/\/sisu.ut.ee\/wp-content\/uploads\/sites\/135\/sagris_kohanemine.pdf\" target=\"_blank\" data-fid=\"16876\" rel=\"noopener\">Valentina Sagris<\/a>\u00a0(Tartu \u00dclikool)<\/li>\n<li>Kliimamuutuste m\u00f5ju planeerimisele ja projekteerimisele <a href=\"https:\/\/sisu.ut.ee\/wp-content\/uploads\/sites\/135\/planeerimiskonverents_kliimamuutuste_moju_planeerimisele_ja_projekteerimisele_igor_miilvee_03.11.12.pdf\" target=\"_blank\" data-fid=\"16877\" rel=\"noopener\">Igor Miilvee<\/a>\u00a0(Eesti Keskkonnauuringute Keskus)<\/li>\n<li>Muutuva kliimaga kohanemine P\u00e4rnus <a href=\"https:\/\/sisu.ut.ee\/wp-content\/uploads\/sites\/135\/kliimamuutustega_kohanemine_parnus_henri_eessalu.pdf\" target=\"_blank\" data-fid=\"16878\" rel=\"noopener\">Henri Eessalu <\/a>(P\u00e4rnu Linnavalitsus)<\/li>\n<\/ul>\n<p><strong>IVc arutelusessioon: Korrastuv linnaruum: kas mitmekesistuvad v\u00f5imalused v\u00f5i uued eraldusjooned? Korraldajad: Tarmo Pikner (Tallinna \u00dclikool), Katrin Paadam (Tallinna Tehnika\u00fclikool), Keiti Kljavin (Linnalabor), Tauri Tuvikene (Tallinna \u00dclikool)<\/strong><\/p>\n<ul>\n<li>Kultuuriv\u00e4\u00e4rtused ja gentrifikatsioon <a href=\"https:\/\/sisu.ut.ee\/wp-content\/uploads\/sites\/135\/planeerimiskonverents-triin_talk.pdf\" target=\"_blank\" data-fid=\"16933\" rel=\"noopener\">Triin Talk<\/a>\u00a0(Muinsuskaitseamet)<\/li>\n<li>Linnaruumi konverteerimisest: teisenevad s\u00fcmbolid, ruumipraktikad ja identiteedid<a href=\"https:\/\/sisu.ut.ee\/wp-content\/uploads\/sites\/135\/katrinpaadamliisojamae_planeerimiskonverents_tartu16.pdf\" target=\"_blank\" data-fid=\"16928\" rel=\"noopener\"> Katrin Paadam, Liis Ojam\u00e4e<\/a> (Tallinna Tehnika\u00fclikool)<\/li>\n<li>Elukeskkonna mitmekesisuse ja naabruskonna muutuste tunnetamine: vaatluse all on P\u00f5hja-Tallinn<a href=\"https:\/\/sisu.ut.ee\/wp-content\/uploads\/sites\/135\/planeerimiskonverents_04112016_ingmar_pastak.pdf\" target=\"_blank\" data-fid=\"16929\" rel=\"noopener\"> Ingmar Pastak<\/a> (Tartu \u00dclikool)<\/li>\n<li>Vahekasutus linnas: ruumiringluse v\u00f5imalused ja piirangud <a href=\"https:\/\/sisu.ut.ee\/wp-content\/uploads\/sites\/135\/kljavin_vahekasutus.pdf\" target=\"_blank\" data-fid=\"16932\" rel=\"noopener\">Keiti Kljavin, Kaija-Luisa Kurik<\/a>\u00a0(Linnalabor)<\/li>\n<\/ul>\n<p><strong>Riigihalduse minister Arto Aas \u2013 Riigireformi ja haldusreformi seis<\/strong><\/p>\n<p><strong><a href=\"https:\/\/sisu.ut.ee\/wp-content\/uploads\/sites\/135\/planeerimiskonverents_tiit_oidjarv_4.11.2016.pptx\" target=\"_blank\" data-fid=\"16880\" rel=\"noopener\">Tiit Oidj\u00e4rv<\/a>\u00a0\u2013 Rahandusministeerium<\/strong><\/p>\n<p><strong>V sessioon: Regionaalne areng. Korraldajad: Garri Raagmaa (Tartu \u00dclikool), Neeme Suur (L\u00e4\u00e4ne Maavalitsus)<\/strong><\/p>\n<ul>\n<li>Eesti regionaalpoliitika tulemused ja uued v\u00e4ljakutsed <a href=\"https:\/\/sisu.ut.ee\/wp-content\/uploads\/sites\/135\/pihor_eesti_regionaalarengu_valjakutsed_loplikpptx.pptx\" target=\"_blank\" data-fid=\"16879\" rel=\"noopener\">Katrin Pihor<\/a>\u00a0(Praxis)<\/li>\n<li>Rootsi klastripoliitika ja m\u00f5ju regionaalse arengu \u00fchtlustamisele Jaak Maandi (Eesti Planeerijate \u00dching)<\/li>\n<li>Eesti 21. sajandi innovatsioonis\u00fcsteem ja regionaalpoliitika s\u00f5lmk\u00fcsimused <a href=\"https:\/\/sisu.ut.ee\/wp-content\/uploads\/sites\/135\/raagmaa_2016-11-03_planeerijate_konverets.pptx\" target=\"_blank\" data-fid=\"16881\" rel=\"noopener\">Garri Raagmaa<\/a>\u00a0(Tartu \u00dclikool)<\/li>\n<\/ul>\n<p><strong>VI sessioon: Tark linn<\/strong>. <strong>Korraldajad: Rein Ahas (Tartu \u00dclikool), \u00dclar Mark (Eesti Kunstiakadeemia)<\/strong><\/p>\n<ul>\n<li>Keynote presentation: Smart Cities: energy efficient and resilient?! Helmut Krapmeier (University of Art and Industrial Design Linz &amp; Salzburg University of Applied Sciences)<\/li>\n<li>SmartEnCity: Tartu kesklinna hru\u0161t\u0161ovkaala targaks arendamine <a href=\"https:\/\/sisu.ut.ee\/wp-content\/uploads\/sites\/135\/raimond_tamm.pdf\" target=\"_blank\" data-fid=\"16882\" rel=\"noopener\">Raimond Tamm<\/a>\u00a0(Tartu Linnavalitsus)<\/li>\n<li>Targa maja sensorid <a href=\"https:\/\/sisu.ut.ee\/wp-content\/uploads\/sites\/135\/tartuplanningconference_tj_2016nov.pdf\" target=\"_blank\" data-fid=\"16884\" rel=\"noopener\">Taavi Jakobson<\/a>\u00a0(Kodasema)<\/li>\n<li>The Smart City and the Good City: Lotmanian Explosations<a href=\"https:\/\/sisu.ut.ee\/wp-content\/uploads\/sites\/135\/wolfgang_dreschler.pdf\" target=\"_blank\" data-fid=\"16883\" rel=\"noopener\"> Wolfgang Drechsler <\/a>(Tallinna Tehnika\u00fclikool)<\/li>\n<\/ul>\n","protected":false},"excerpt":{"rendered":"<p>NELJAP\u00c4EV, 03.11.2016 Doktorantide v\u00e4lkettekannete sessioon.\u00a0Korraldajad: Rein Ahas (Tartu \u00dclikool), Toomas Tammis (Eesti Kunstiakadeemia) Magistrit\u00f6\u00f6 pagulaste integreerimise teemal Gert Guriev\u00a0(Eesti Kunstiakadeemia) Ruumikasutuse etnilised erinevused p\u00fchade ajal Veronika Mooses\u00a0(Tartu \u00dclikool) Liikuvusv\u00f5imalused linna \u00e4\u00e4re- ja l\u00e4hialadel Imre Antso (Tallinna Tehnika\u00fclikool) Kuidas kaasajastada paneelmaju? &#8230;<\/p>\n","protected":false},"author":64,"featured_media":0,"parent":0,"menu_order":0,"comment_status":"closed","ping_status":"closed","template":"","meta":{"_acf_changed":false,"inline_featured_image":false,"footnotes":""},"class_list":["post-57","page","type-page","status-publish","hentry"],"acf":[],"_links":{"self":[{"href":"https:\/\/sisu.ut.ee\/planeerimiskonverents\/wp-json\/wp\/v2\/pages\/57","targetHints":{"allow":["GET"]}}],"collection":[{"href":"https:\/\/sisu.ut.ee\/planeerimiskonverents\/wp-json\/wp\/v2\/pages"}],"about":[{"href":"https:\/\/sisu.ut.ee\/planeerimiskonverents\/wp-json\/wp\/v2\/types\/page"}],"author":[{"embeddable":true,"href":"https:\/\/sisu.ut.ee\/planeerimiskonverents\/wp-json\/wp\/v2\/users\/64"}],"replies":[{"embeddable":true,"href":"https:\/\/sisu.ut.ee\/planeerimiskonverents\/wp-json\/wp\/v2\/comments?post=57"}],"version-history":[{"count":1,"href":"https:\/\/sisu.ut.ee\/planeerimiskonverents\/wp-json\/wp\/v2\/pages\/57\/revisions"}],"predecessor-version":[{"id":1665,"href":"https:\/\/sisu.ut.ee\/planeerimiskonverents\/wp-json\/wp\/v2\/pages\/57\/revisions\/1665"}],"wp:attachment":[{"href":"https:\/\/sisu.ut.ee\/planeerimiskonverents\/wp-json\/wp\/v2\/media?parent=57"}],"curies":[{"name":"wp","href":"https:\/\/api.w.org\/{rel}","templated":true}]}}