{"id":5,"date":"2024-04-04T00:42:56","date_gmt":"2024-04-03T21:42:56","guid":{"rendered":"https:\/\/sisu.ut.ee\/planeerimiskonverents\/ekskursioonid-2023\/"},"modified":"2024-04-04T01:46:10","modified_gmt":"2024-04-03T22:46:10","slug":"ekskursioonid-2023","status":"publish","type":"page","link":"https:\/\/sisu.ut.ee\/planeerimiskonverents\/ekskursioonid-2023\/","title":{"rendered":"Ekskursioonid 2023"},"content":{"rendered":"<p>\n\t<strong>1. Ujula t\u00e4nav ja Emaj\u00f5e Linnaujula<\/strong>\n<\/p>\n\n<p dir=\"ltr\">\n\tEkskursiooniga k\u00fclastame aastak\u00fcmneid varjusurmas olnud Ujula t\u00e4nava piirkonda, kus viimastel aastatel on toimunud kiired arengud. Sealt liigume m\u00f6\u00f6da uut rattateed Devoni paljandi juurest Ujula t\u00e4navani, vaadates uue t\u00e4nava ristl\u00f5iget, mida m\u00f6\u00f6da j\u00f5uame Linnaujulasse, n\u00e4hes auhinnatud kujunduslahendust. Edasi kulgeme Lodjakoja eest, r\u00e4\u00e4gime kallasrajast ja avaliku maakasutuse k\u00fcsimustest, ehk n\u00e4eb akendest ka uut ehitatavat lotja ja vana, mis on v\u00e4lja t\u00f5stetuna \u00f5ues. Sealt liigume uuselamugruppi ja vaatame lahendusi, mida on kasutatud ruumi planeerimisel. M\u00f6\u00f6da Emaj\u00f5e kallast jalutades on n\u00e4ha \u00fcle j\u00f5e Supilinna uuemat hoonestuspiirkonda, mis on viimaste aastate jooksul m\u00e4rkimisv\u00e4\u00e4rselt laienenud. Ekskursiooni viib l\u00e4bi Tartu Linnavalitsuse linnaplaneerija Indrek Ranniku.\n<\/p>\n<p dir=\"ltr\">\n\t<strong>2. Oa t\u00e4nava liikluse v\u00f5lud ja mured<\/strong>\n<\/p>\n<p dir=\"ltr\">\n\tSupilinn on viimaste aastate jooksul kogenud ehitusbuumi, kuid seoses hoonete kerkimisega on tekkinud k\u00fcsimus liikluse planeerimises. Oa t\u00e4nav on m\u00f5ned aastad tagasi autoliiklust rahustava t\u00e4navana v\u00e4lja ehitatud. Autode s\u00f5idukiiruse allatoomiseks ei olnud v\u00f5imalik Supilinna pehme pinnase t\u00f5ttu kasutada k\u00fcnniseid, mist\u00f5ttu on rajatud \u0161ikaanid ja kitsendatud s\u00f5iduteid. Lahendus on p\u00e4lvinud nii kiidus\u00f5nu kui ka kriitikat. T\u00f5sisem kriitika on olnud seotud raskusega t\u00e4navat l\u00e4bivat bussiliini teenindada, seda eriti talvel. Samas on kohalikud pigem rahul, et autode s\u00f5idukiirus on v\u00e4henenud. Ekskursiooni Supilinnas viib l\u00e4bi Artes Terrae projektijuht ja linnaplaneerija Mart Hiob.\u00a0\n<\/p>\n<p dir=\"ltr\">\n\t<strong>3. T\u00dc Delta \u00f5ppehoone<\/strong>\n<\/p>\n<p>\n\tEkskursiooni k\u00e4igus on v\u00f5imalik tutvuda 2020. aastal valminud Tartu \u00dclikooli Delta keskusega.\n<\/p>\n<p>\n\tT\u00dc Delta keskus on \u00fcks p\u00f5hjala regiooni moodsamaid digitehnoloogilise, anal\u00fc\u00fctilise ja majandusm\u00f5tte keskuseid. Selles on \u00fchendatud \u00f5ppetegevus ja tippteadus \u00e4riliste ja \u00fchiskondlike eesm\u00e4rkide saavutamiseks ning uudsete lahenduste arenguks.\u00a0\n<\/p>\n<p>\n\tDelta keskuse on projekteerinud (sh sisearhitektuur) arhitektuurib\u00fcroo Arhitekt 11 ning see on kujunenud Tartus oluliseks maam\u00e4rgiks.\u00a0\u00dches keskusega projekteeriti ka v\u00e4liruum (V\u00c4LI maastikuarhitektid), mille projekteerimise alguses saavutati kokkulepe, et keskuse ette tavap\u00e4rast s\u00f5idukite parkimisala ei tule. Keskus on sujuvalt \u00fchendatud \u00dclej\u00f5e pargi ja Emaj\u00f5ega vee \u00e4\u00e4rde laskuva istumistrepistiku kaudu, mis on tartlaste seas populaarseks puhkekohaks kujunenud.\u00a0\n<\/p>\n<p>\n\tMuuhulgas on Delta keskus nomineeritud mitmetele auhindadele: Eesti Maastikuarhitektide Liidu aastapreemia nominent 2020 avaliku ruumi kategoorias, Eesti Sisearhitektide Liidu aastapreemia nominent 2020, Tartu linna aasta tegu 2020.\n<\/p>\n<p>\n\tEkskursiooni k\u00e4igus k\u00fclastatakse lisaks samas hoones asuvat Tartu \u00dclikooli arvutimuuseumit. Ekspositsioon koosneb \u00fchte ruumi koondatud umbes 50 arvutist ja arvutitega seonduvast.\n<\/p>\n<p dir=\"ltr\">\n\t<strong>4. A. Le Coq \u00f5llemuuseumi k\u00fclastus<\/strong>\n<\/p>\n<p dir=\"ltr\">\n\t\u00d5llemaailma k\u00fclastus on meeli\u00fclendav ajar\u00e4nnak, mis viib enam kui 12 000 aasta tagusesse aega, \u00f5llekultuuri juurte juurde. L\u00e4bi p\u00f5neva ja interaktiivse teekonna saab siin kogeda ehedaid elamusi, l\u00f5hnu ja maitseid. Kuulda p\u00f5nevaid legende ja m\u00e4lestusi. Saab uusi teadmisi \u00f5lle ajaloost ja \u00f5lle t\u00fc\u00fcpidest. Teekonna k\u00e4igus avaneb A. Le Coqi \u00fcle 200 aasta vanune v\u00e4\u00e4rikas ajalugu koos \u00f5llelinn Tartu kujunemislooga. K\u00fclastuse k\u00e4igus saab aimu, milline n\u00e4gi v\u00e4lja \u00f5lle tegemine vanasti ja kuidas pruulitakse \u00f5lut t\u00e4nasel p\u00e4eva. Giidituur l\u00f5ppeb jookide degustatsiooniga.\u00a0\n<\/p>\n<p dir=\"ltr\">\n\t\u00a0\n<\/p>\n<p dir=\"ltr\">\n\t\u00a0\n<\/p>\n<p>\n\t\u00a0<\/p>\n","protected":false},"excerpt":{"rendered":"<p>1. Ujula t\u00e4nav ja Emaj\u00f5e Linnaujula Ekskursiooniga k\u00fclastame aastak\u00fcmneid varjusurmas olnud Ujula t\u00e4nava piirkonda, kus viimastel aastatel on toimunud kiired arengud. Sealt liigume m\u00f6\u00f6da uut rattateed Devoni paljandi juurest Ujula t\u00e4navani, vaadates uue t\u00e4nava ristl\u00f5iget, mida m\u00f6\u00f6da j\u00f5uame Linnaujulasse, n\u00e4hes &#8230;<\/p>\n","protected":false},"author":64,"featured_media":0,"parent":0,"menu_order":0,"comment_status":"closed","ping_status":"closed","template":"","meta":{"_acf_changed":false,"inline_featured_image":false,"footnotes":""},"class_list":["post-5","page","type-page","status-publish","hentry"],"acf":[],"_links":{"self":[{"href":"https:\/\/sisu.ut.ee\/planeerimiskonverents\/wp-json\/wp\/v2\/pages\/5","targetHints":{"allow":["GET"]}}],"collection":[{"href":"https:\/\/sisu.ut.ee\/planeerimiskonverents\/wp-json\/wp\/v2\/pages"}],"about":[{"href":"https:\/\/sisu.ut.ee\/planeerimiskonverents\/wp-json\/wp\/v2\/types\/page"}],"author":[{"embeddable":true,"href":"https:\/\/sisu.ut.ee\/planeerimiskonverents\/wp-json\/wp\/v2\/users\/64"}],"replies":[{"embeddable":true,"href":"https:\/\/sisu.ut.ee\/planeerimiskonverents\/wp-json\/wp\/v2\/comments?post=5"}],"version-history":[{"count":1,"href":"https:\/\/sisu.ut.ee\/planeerimiskonverents\/wp-json\/wp\/v2\/pages\/5\/revisions"}],"predecessor-version":[{"id":1717,"href":"https:\/\/sisu.ut.ee\/planeerimiskonverents\/wp-json\/wp\/v2\/pages\/5\/revisions\/1717"}],"wp:attachment":[{"href":"https:\/\/sisu.ut.ee\/planeerimiskonverents\/wp-json\/wp\/v2\/media?parent=5"}],"curies":[{"name":"wp","href":"https:\/\/api.w.org\/{rel}","templated":true}]}}