{"id":49,"date":"2024-04-04T00:42:59","date_gmt":"2024-04-03T21:42:59","guid":{"rendered":"https:\/\/sisu.ut.ee\/planeerimiskonverents\/kava-2019\/"},"modified":"2024-04-04T01:46:09","modified_gmt":"2024-04-03T22:46:09","slug":"kava-2019","status":"publish","type":"page","link":"https:\/\/sisu.ut.ee\/planeerimiskonverents\/kava-2019\/","title":{"rendered":"Kava"},"content":{"rendered":"<p style=\"text-align: center\">\n\t<span style=\"font-size:14px\"><strong>\u00a0\u00a0\u00a0\u00a0\u00a0\u00a0\u00a0\u00a0\u00a0\u00a0\u00a0\u00a0\u00a0\u00a0\u00a0\u00a0 Konverentsi kava ja ettekanded\u00a0\u00a0\u00a0\u00a0\u00a0\u00a0\u00a0\u00a0\u00a0\u00a0\u00a0\u00a0\u00a0\u00a0\u00a0\u00a0\u00a0\u00a0\u00a0\u00a0 <\/strong><\/span>\n<\/p>\n<p style=\"text-align: center\">\n\t\u00a0 \u00a0 \u00a0 \u00a0 \u00a0\u00a0 \u00a0 \u00a0 \u00a0 \u00a0 \u00a0 \u00a0 \u00a0\u00a0\u00a0 <a data-url=\"https:\/\/sisu.ut.ee\/wp-content\/uploads\/sites\/135\/planeerimiskonverents_2019_ajakava_4.11.pdf\" href=\"https:\/\/sisu.ut.ee\/wp-content\/uploads\/sites\/135\/planeerimiskonverents_2019_ajakava_4.11.pdf\" target=\"_blank\" title=\"\" rel=\"noopener\">Sessioonide t\u00e4psemad kirjeldused avanevad <strong>siit<\/strong><\/a><strong> \u00a0 \u00a0\u00a0 \u00a0\u00a0\u00a0\u00a0\u00a0\u00a0\u00a0\u00a0 \u00a0 \u00a0 \u00a0 \u00a0 \u00a0 \u00a0\u00a0\u00a0\u00a0\u00a0 <\/strong>\n<\/p>\n<p style=\"text-align: center\">\n\t<span style=\"font-size:14px\"><strong>Neljap\u00e4ev 7. november<\/strong><\/span>\n<\/p>\n<p>\n\t<b>Sessioon Ia: Tartu avaliku ruumi muutused ja plaanid. Korraldaja: Tartu Linnavalitsus<\/b>\n<\/p>\n<ul>\n<li>\n\t\t<a data-fid=\"41223\" href=\"https:\/\/sisu.ut.ee\/wp-content\/uploads\/sites\/135\/tonis_arjus_2019.pdf\">T\u00f5nis Arjus<\/a> (Tartu linnaarhitekt): Tartu avaliku ruumi planeerimine\n\t<\/li>\n<li>\n\t\t<a data-fid=\"41224\" href=\"https:\/\/sisu.ut.ee\/wp-content\/uploads\/sites\/135\/reno_laidre_2019.pdf\">Reno Laidre<\/a> (Tartu abilinnapea): Avaliku ruumi arengu v\u00e4ljakutsed\n\t<\/li>\n<li>\n\t\t<a data-fid=\"41225\" href=\"https:\/\/sisu.ut.ee\/wp-content\/uploads\/sites\/135\/marie_johanna_univer_2019.pdf\">Marie Johanna Univer<\/a> (Tartu \u00dclikool): Tartu avalik ruum tudengi silme l\u00e4bi\n\t<\/li>\n<\/ul>\n<p>\n\t<b>Sessioon Ib:<\/b><strong>\u00a0Eesti regioonide tuleviku edulood globaalses m\u00e4ngus\u00a0ESPONi ERISESSIOON. Korraldaja: Garri Raagmaa (T\u00dc)<\/strong>\n<\/p>\n<ul>\n<li>\n\t\t<a data-fid=\"41226\" href=\"https:\/\/sisu.ut.ee\/wp-content\/uploads\/sites\/135\/garri_raagmaa_2019.pdf\">Garri Raagmaa (T\u00dc) ja Ingmar Pastak (T\u00dc)<\/a>:\u00a0L\u00fchi\u00fclevaade ESPON 2020 ja OECD uuringutest \u2013 j\u00e4reldused ja v\u00f5imalused Eestile\n\t<\/li>\n<li>\n\t\t<a data-fid=\"41227\" href=\"https:\/\/sisu.ut.ee\/wp-content\/uploads\/sites\/135\/alvar_soesoo_2019.pdf\">Alvar Soesoo<\/a> (TT\u00dc):\u00a0Roheenergeetikale \u00fclemineku metallivajadus ja Virumaa uued t\u00f6\u00f6kohad\n\t<\/li>\n<li>\n\t\t<a data-fid=\"42199\" href=\"https:\/\/sisu.ut.ee\/wp-content\/uploads\/sites\/135\/taivo_tali_2019_1.pdf\">Taivo Tali<\/a> (Rahandusministeerium):\u00a0Kuidas Kalevipoeg \u201ekalevipojad\u201c J\u00f5gevamaale meelitas? Rammus maa ja m\u00f5nusad (elu)maastikud.\n\t<\/li>\n<li>\n\t\t<a data-fid=\"41229\" href=\"https:\/\/sisu.ut.ee\/wp-content\/uploads\/sites\/135\/britt_vahter_2019.pdf\">Britt Vahter<\/a> (TSENTER):\u00a0Puidu suurema lisandv\u00e4\u00e4rtuse suunas. Otse Tsentrist.\n\t<\/li>\n<li>\n\t\t<a data-fid=\"41230\" href=\"https:\/\/sisu.ut.ee\/wp-content\/uploads\/sites\/135\/kuldar_leis_2019.pdf\">Kuldar Leis<\/a> (P\u00f5lvamaa arenduskeskus):\u00a0Mis j\u00e4\u00e4b 0-energia-maja ja tagurpidi maja vahele? Kagu-Eesti vingeim ekspordisektor, m\u00f5istagi.\n\t<\/li>\n<li>\n\t\t<a data-fid=\"41231\" href=\"https:\/\/sisu.ut.ee\/wp-content\/uploads\/sites\/135\/andres_roigas_2019.pdf\">Andres R\u00f5igas<\/a> (T\u00dc):\u00a0Uuskogukonnad \u2013 uued tegevusalad ja t\u00f6\u00f6kohad maal\n\t<\/li>\n<li>\n\t\t<a data-url=\"https:\/\/prezi.com\/view\/fGvnQQI3SMsVsXE2uLZ9\/\" href=\"https:\/\/prezi.com\/view\/fGvnQQI3SMsVsXE2uLZ9\/\" target=\"_blank\" title=\"\" rel=\"noopener\">Silver Smeljanski<\/a> (Forwardspace):\u00a0Rohelise nutimajanduse idud P\u00e4rnu noorte koost\u00f6\u00f6keskuses Forwardspace\n\t<\/li>\n<li>\n\t\tKokkuv\u00f5te ja diskussioon:\u00a0Kuidas maakonnastrateegiad neid teemasid kajastavad?\n\t<\/li>\n<\/ul>\n<p>\n\t<strong>Avamine<\/strong>\n<\/p>\n<ul>\n<li>\n\t\tUrmas Klaas (Tartu linnapea):\u00a0Juubelikonverentsi avas\u00f5nad\n\t<\/li>\n<li>\n\t\tAune Valk (T\u00dc \u00f5ppeprorektor):\u00a0\u00a0Tervitus Tartu \u00dclikoolilt\n\t<\/li>\n<li>\n\t\t<a data-url=\"https:\/\/youtu.be\/88MLaJRsCrI\" href=\"https:\/\/youtu.be\/88MLaJRsCrI\" target=\"_blank\" title=\"\" rel=\"noopener\">Jaak Aab<\/a> (Eesti Vabariigi riigihalduse minister):\u00a0Videotervitus \u00a0\n\t<\/li>\n<li>\n\t\t<a data-fid=\"41232\" href=\"https:\/\/sisu.ut.ee\/wp-content\/uploads\/sites\/135\/pille_metspalu_2019.pdf\">Pille Metspalu<\/a> (Eesti Planeerijate \u00dching):\u00a0Mida ootame planeerimiskonverentsidelt?\n\t<\/li>\n<li>\n\t\tKadri Leetmaa (Tartu \u00dclikooli geograafia osakond):\u00a0V Tartu Planeerimiskonverentsi fookusteemad\n\t<\/li>\n<\/ul>\n<p>\n\t<strong>Avaettekanne:\u00a0<a data-fid=\"41233\" href=\"https:\/\/sisu.ut.ee\/wp-content\/uploads\/sites\/135\/helen_soovali-sepping_2019.pdf\">Helen Soov\u00e4li-Sepping<\/a><\/strong>\u00a0<strong>(TL\u00dc): Meie \u00fchine ruum \u2013 Eesti ruumiline arengutee<\/strong>\n<\/p>\n<p>\n\tUTTV salvestus avamisest ja avaettekandest:\n<\/p>\n<p>\n\t<\/p><div class=\"ratio ratio-16x9 mb-3\"><div class=\"video-placeholder-wrapper video-placeholder-wrapper--16x9\">\n\t\t\t    <div class=\"video-placeholder d-flex justify-content-center align-items-center\">\n\t\t\t        <div class=\"overlay text-white p-2 w-100 text-center d-block justify-content-center align-items-center\">\n\t\t\t            <div>Kolmandate osapoolte sisu n\u00e4gemiseks palun n\u00f5ustu k\u00fcpsistega.<\/div>\n\t\t\t            <button class=\"btn btn-secondary btn-sm mt-1 consent-change\">Muuda n\u00f5usolekut<\/button>\n\t\t\t        <\/div>\n\t\t\t    <\/div>\n\t\t\t<\/div>\n<\/div>\n\n<p>\n\t<strong>Sessioon IIa: Kuidas planeerida tulevikku? Stsenaarium-planeerimise meetod planeerimisel. Korraldaja: Kristi Gri\u0161akov, TalTech<\/strong>\n<\/p>\n<ul>\n<li>\n\t\t<a data-fid=\"41235\" href=\"https:\/\/sisu.ut.ee\/wp-content\/uploads\/sites\/135\/kristi_grisakov_2019.pdf\">Kristi Gri\u0161akov<\/a> (TalTech): Kuidas planeerida tulevikku?\n\t<\/li>\n<li>\n\t\tDamiano Cerrone (SPIN Unit):\u00a0MetaLinn ja MetaPark projektid Tallinnas, Soome linnastsenaariumid\n\t<\/li>\n<li>\n\t\t<a data-fid=\"41234\" href=\"https:\/\/sisu.ut.ee\/wp-content\/uploads\/sites\/135\/lenna_hingla_2019.pdf\">Lenna Hingla<\/a> (Valga Vallavalitsus):\u00a0Valga linna stsenaariumid ja \u00fcldplaneering 2030+\n\t<\/li>\n<li>\n\t\tMihkel Kaevats (Sotsiaalministeerium):\u00a0Tuleviku t\u00f6\u00f6 ja talendipoliitika \/ Tallinn 2021+\n\t<\/li>\n<\/ul>\n<p>\n\t<strong>Sessioon IIb: Avalikud mitteavalikud ruumid. Korraldajad: Tauri Tuvikene (TL\u00dc) ja Elo Kiivet (Linnalabor)<\/strong>\n<\/p>\n<ul>\n<li>\n\t\t<a data-fid=\"41236\" href=\"https:\/\/sisu.ut.ee\/wp-content\/uploads\/sites\/135\/tauri_tuvikene_2019.pdf\">Tauri Tuvikene<\/a> (TL\u00dc humanitaarteaduste instituut):\u00a0Meie \u00fchine ruum \u00fchistranspordis \u2013 kas buss v\u00f5i tramm on avalik ruum?\u00a0\n\t<\/li>\n<li>\n\t\t<a data-fid=\"41237\" href=\"https:\/\/sisu.ut.ee\/wp-content\/uploads\/sites\/135\/eve_komp_2019.pdf\">Eve Komp<\/a> (Ruumiringlus):\u00a0Vahekasutus ruumi avajana\n\t<\/li>\n<li>\n\t\t<a data-fid=\"41238\" href=\"https:\/\/sisu.ut.ee\/wp-content\/uploads\/sites\/135\/andra_siibak_2019.pdf\">Andra Siibak<\/a> (T\u00dc \u00dchiskonnateaduste instituut):\u00a0Digitaalse avaliku ruumi piirid\n\t<\/li>\n<\/ul>\n<p>\n\t<strong>Sessioon IIc: Transpordi ja liikuvuse arengukava koos praktilise investeerimisseminariga (..ehk kui me oleksime valitsus). Korraldajad: Dago Antov (TalTech) ja Indrek Gailan (Majandus- ja Kommunikatsiooniministeerium)<\/strong>\n<\/p>\n<ul>\n<li>\n\t\t\u00dcldine vaade transpordis \u2013 t\u00e4nane olukord ja kuhu me tulevikus suundume (tugevad trendid, millest peame l\u00e4htuma)\n\t<\/li>\n<li>\n\t\tTuleviku tehnoloogiad \u2013 kuidas see muudab transporti? Kliimamuutuste v\u00e4ljakutsed ja transport\n\t<\/li>\n<li>\n\t\t<a data-fid=\"42172\" href=\"https:\/\/sisu.ut.ee\/wp-content\/uploads\/sites\/135\/indrek_gailan_2019.pdf\">Indrek Gailan<\/a> (Majandus- ja Kommunikatsiooniministeerium):\u00a0Transpordi ja liikuvuse arengukava 2021+\u00a0\n\t<\/li>\n<\/ul>\n<p>\n\t<strong>Sessioon IIIa:\u00a0<strong>Kv<\/strong>aliteetne avalik ruum kui avalik huvi. Korraldaja: Veronika Valk-Siska (TalTech, Kultuuriministeerium)<\/strong>\n<\/p>\n<ul>\n<li>\n\t\t<a data-fid=\"41239\" href=\"https:\/\/sisu.ut.ee\/wp-content\/uploads\/sites\/135\/veronika_ilsjan_2019.pdf\">Veronika Ilsjan<\/a> (Rahandusministeerium):\u00a0Riigi teadlikkus hoonetesse investeerimisel\n\t<\/li>\n<li>\n\t\t<a data-fid=\"41240\" href=\"https:\/\/sisu.ut.ee\/wp-content\/uploads\/sites\/135\/juri_rass_2019.pdf\">J\u00fcri Rass<\/a> (Majandus- ja Kommunikatsiooniministeerium):\u00a0E-ehitus kvaliteetse ruumi loomiseks\n\t<\/li>\n<li>\n\t\t<a data-fid=\"41241\" href=\"https:\/\/sisu.ut.ee\/wp-content\/uploads\/sites\/135\/ivo_jaanisoo_2019.pdf\">Ivo Jaanisoo<\/a> (Majandus- ja Kommunikatsiooniministeerium):\u00a0Ehitusvaldkonna tuleviku hetkeseis\n\t<\/li>\n<li>\n\t\tArutelu: Kuidas j\u00f5uaksime l\u00e4bim\u00f5eldumate ruumiotsusteni ja milliseid samme on \u201eriigi kui targa tellija\u201c vaates vaja astuda?\n\t<\/li>\n<\/ul>\n<p>\n\t<strong>Sessioon IIIb:\u00a0Olla nutikas nii linnas kui ka maal? Korraldajad: Veronika Mooses (T\u00dc), Ralf-Martin Soe (TalTech), Ingmar Pastak (T\u00dc)<\/strong>\n<\/p>\n<ul>\n<li>\n\t\t<a data-fid=\"41242\" href=\"https:\/\/sisu.ut.ee\/wp-content\/uploads\/sites\/135\/madis_sassiad_2019.pdf\">Madis Sassiad<\/a> (GoSwift):\u00a0Liikuvus kui teenus\n\t<\/li>\n<li>\n\t\t<a data-fid=\"41243\" href=\"https:\/\/sisu.ut.ee\/wp-content\/uploads\/sites\/135\/jaanus_muur_2019.pdf\">Jaanus M\u00fc\u00fcr<\/a> (TalTech):\u00a0Isejuhtiv buss \u2013 v\u00f5lud ja valud\n\t<\/li>\n<li>\n\t\t<a data-fid=\"41244\" href=\"https:\/\/sisu.ut.ee\/wp-content\/uploads\/sites\/135\/kertu_vuks_2019.pdf\">Kertu Vuks<\/a> (Elva LV):\u00a0Nutikad lahendused omavalitsuses\n\t<\/li>\n<li>\n\t\t<a data-fid=\"41245\" href=\"https:\/\/sisu.ut.ee\/wp-content\/uploads\/sites\/135\/kaspar_alev_2019.pdf\">Kaspar Alev<\/a> (Tartu LV):\u00a0\u00d5pime linna: Tartu asjade interneti platvorm\n\t<\/li>\n<\/ul>\n<p>\n\t<strong>Sessioon IIIc:\u00a0Kaasamine linna- ja regionaalplaneerimises: kogemused, \u00f5ppetunnid ja v\u00e4ljakutsed Eestis. Korraldajad: Helen Soov\u00e4li-Sepping (TL\u00dc), Bianka Pl\u00fcschke-Altof (TL\u00dc)<\/strong>\n<\/p>\n<ul>\n<li>\n\t\t<a data-fid=\"41246\" href=\"https:\/\/sisu.ut.ee\/wp-content\/uploads\/sites\/135\/soovali-sepping_pluschke-altof_2019.pdf\">Helen Soov\u00e4li-Sepping, Bianka Pl\u00fcschke-Altof, Anni M\u00fc\u00fcripeal<\/a> (Tallinna \u00dclikool):\u00a0Sissejuhatus ja projektitutvustus \u201eAugmented Urbans: Kaasamistrendid tehnoloogia ajastul\n\t<\/li>\n<\/ul>\n<p>\n\t<em>Kaasamise hetkeseis Eestis<\/em>\n<\/p>\n<ul>\n<li>\n\t\t<a data-fid=\"41247\" href=\"https:\/\/sisu.ut.ee\/wp-content\/uploads\/sites\/135\/pille_metspalu_ann_ideon_2019.pdf\">Pille Metspalu ja Ann Ideon<\/a> (Hendrikson&amp;Ko, EP\u00dc):\u00a0Kaasav KOV \u00fcldplaneeringute koostamine: saavutused ja v\u00e4ljakutsed\u00a0\n\t<\/li>\n<li>\n\t\t<a data-fid=\"42153\" href=\"https:\/\/sisu.ut.ee\/wp-content\/uploads\/sites\/135\/monika_suskevics_2019.pdf\">Monika Su\u0161kevi\u010ds<\/a> (EM\u00dc):\u00a0Kaasamisprotsesside tulemuslikkus \u00f6koloogilise v\u00f5rgustiku planeerimisel\n\t<\/li>\n<li>\n\t\t<a data-fid=\"41248\" href=\"https:\/\/sisu.ut.ee\/wp-content\/uploads\/sites\/135\/peeter_vihma_2019.pdf\">Peeter Vihma<\/a> (Helsingi \u00dclikool):\u00a0Eesti metsakogu kui uus kaasamismudel: kogemused ja \u00f5ppetunnid (skype\u2019i vahendusel)\n\t<\/li>\n<li>\n\t\t<a data-fid=\"41249\" href=\"https:\/\/sisu.ut.ee\/wp-content\/uploads\/sites\/135\/toomas_haidak_2019.pdf\">Toomas Haidak<\/a> (Tallinna Linnakantslei):\u00a0Tallinna arengukava 2021+ kui kaasamise protot\u00fc\u00fcp Eesti linnadele?\n\t<\/li>\n<\/ul>\n<p>\n\t<em>Kaasamise tulevikutrendid: E-kaasamine<\/em>\n<\/p>\n<ul>\n<li>\n\t\t<a data-fid=\"41250\" href=\"https:\/\/sisu.ut.ee\/wp-content\/uploads\/sites\/135\/jelizaveta_krenjova_2019.pdf\">Jelizaveta Krenjova<\/a> (e-Riigi Akadeemia Sihtasutus):\u00a0Kaasav eelarve and beyond: E-kaasamise n\u00e4ited ja \u00fcldprintsiibid\u201c\n\t<\/li>\n<li>\n\t\t<a data-fid=\"42154\" href=\"https:\/\/sisu.ut.ee\/wp-content\/uploads\/sites\/135\/vello_solna_2019.pdf\">Vello Solna<\/a> (Geodata Arendus O\u00dc):\u00a0Kaasamine e-keskkonnas \u2013 uued v\u00f5imalused \u00fcldplaneeringu menetlusel\n\t<\/li>\n<\/ul>\n<p>\n\t<a data-url=\"http:\/\/planeerimiskonverents.ut.ee\/ekskursioonid\" href=\"http:\/\/planeerimiskonverents.ut.ee\/ekskursioonid\" target=\"_blank\" title=\"\" rel=\"noopener\">Ekskursioonid<\/a>\n<\/p>\n<p>\n\t\u00a0\u00a0\u00a0\u00a0\u00a0\u00a0\u00a0\u00a0\u00a0\u00a0\u00a0\u00a0\u00a0\u00a0\u00a0\u00a0\u00a0\u00a0\u00a0\u00a0\u00a0\u00a0\u00a0\u00a0\u00a0\u00a0\u00a0\u00a0\u00a0\u00a0\u00a0\u00a0\u00a0\u00a0\u00a0\u00a0\u00a0\u00a0\u00a0\u00a0\u00a0\u00a0\u00a0\u00a0\u00a0\u00a0\u00a0\u00a0\u00a0\u00a0\u00a0\u00a0\u00a0\u00a0\u00a0\u00a0\u00a0\u00a0\u00a0\u00a0\u00a0\u00a0\u00a0\u00a0\u00a0\u00a0\u00a0\u00a0\u00a0\u00a0\u00a0\u00a0\u00a0\u00a0\u00a0 <span style=\"font-size:14px\"><strong>Reede 8.november<\/strong><\/span>\n<\/p>\n<p>\n\t<strong>Sessioon IVa: Tehnoloogilise arengu m\u00f5ju planeeringule. Korraldajad: Maila Kuusik (Eesti Planeerijate \u00dching), Pille Arjakas (Tallinna Energiaagentuur)<\/strong>\n<\/p>\n<ul>\n<li>\n\t\t<a data-fid=\"41251\" href=\"https:\/\/sisu.ut.ee\/wp-content\/uploads\/sites\/135\/marko_viiding_2019.pdf\">Marko Viiding<\/a> (Elektrilevi):\u00a0Kuidas m\u00f5jutab elektritranspordi areng Eestit l\u00fchemas ja pikemas perspektiivis?\n\t<\/li>\n<li>\n\t\t<a data-fid=\"41252\" href=\"https:\/\/sisu.ut.ee\/wp-content\/uploads\/sites\/135\/andres_meesak_2019.pdf\">Andres Meesak<\/a> (Eesti P\u00e4ikeseelektri Assotsiatsioon):\u00a0P\u00e4ikeseenergia t\u00e4na ja homme.\n\t<\/li>\n<li>\n\t\t<a data-fid=\"41253\" href=\"https:\/\/sisu.ut.ee\/wp-content\/uploads\/sites\/135\/tonis_arjus_2019_0.pdf\">T\u00f5nis Arjus<\/a> (Tartu LV):\u00a0Kestliku planeerimise paradoksid\n\t<\/li>\n<\/ul>\n<p>\n\t<strong>Sessioon IVb: Kuritegevuse ennetamine l\u00e4bi linnaplaneerimise[\/poptitle]Sessiooni korraldaja: Dorel Hiir (Politsei- ja Piirivalveamet)<\/strong>\n<\/p>\n<ul>\n<li>\n\t\tAndrew Wootton, Caroline Davey (Salfordi \u00dclikool, \u00dchendkuningriigid):\u00a0Maailma praktika kuritegevuse ennetuses l\u00e4bi linnaplaneerimise \u2013 milline on politsei, arhitektide ja planeerijate roll turvalise ruumi kujundamisel?\u00a0\n\t<\/li>\n<li>\n\t\t<a data-fid=\"41254\" href=\"https:\/\/sisu.ut.ee\/wp-content\/uploads\/sites\/135\/vallo_koppel_2019.pdf\">Vallo Koppel<\/a> (Politsei- ja Piirivalveamet):\u00a0Mis on turvalisus ruumis? Millise on hetkeolukord ja millised on tulevikuplaanid?\n\t<\/li>\n<\/ul>\n<p>\n\t<strong>Peaettekanne: <a data-fid=\"41276\" href=\"https:\/\/sisu.ut.ee\/wp-content\/uploads\/sites\/135\/endrik_mand_2019.pdf\">Endrik M\u00e4nd<\/a>: Planeerimise ja poliitika seostest\u00a0<\/strong>\n<\/p>\n<p>\n\tUTTV salvestus:\n<\/p>\n<p>\n\t<\/p><div class=\"ratio ratio-16x9 mb-3\"><div class=\"video-placeholder-wrapper video-placeholder-wrapper--16x9\">\n\t\t\t    <div class=\"video-placeholder d-flex justify-content-center align-items-center\">\n\t\t\t        <div class=\"overlay text-white p-2 w-100 text-center d-block justify-content-center align-items-center\">\n\t\t\t            <div>Kolmandate osapoolte sisu n\u00e4gemiseks palun n\u00f5ustu k\u00fcpsistega.<\/div>\n\t\t\t            <button class=\"btn btn-secondary btn-sm mt-1 consent-change\">Muuda n\u00f5usolekut<\/button>\n\t\t\t        <\/div>\n\t\t\t    <\/div>\n\t\t\t<\/div>\n<\/div>\n\n<p>\n\t\u00a0\n<\/p>\n<p>\n\t<span lang=\"ET\" style=\"background:#FFCC99\"><span><b>Peaettekanne:<\/b><\/span><\/span><a data-fid=\"41255\" href=\"https:\/\/sisu.ut.ee\/wp-content\/uploads\/sites\/135\/andres_sevtsuk_2019.pdf\">\u00a0<strong>Andres Sevt\u0161uk<\/strong><\/a><strong> (Massaschusettsi Tehnoloogiainstituut, USA):\u00a0Linna ruum ja liikumisviiside valikud\u00a0<\/strong>\n<\/p>\n<p>\n\tUTTV salvestus:\n<\/p>\n<p>\n\t<\/p><div class=\"ratio ratio-16x9 mb-3\"><div class=\"video-placeholder-wrapper video-placeholder-wrapper--16x9\">\n\t\t\t    <div class=\"video-placeholder d-flex justify-content-center align-items-center\">\n\t\t\t        <div class=\"overlay text-white p-2 w-100 text-center d-block justify-content-center align-items-center\">\n\t\t\t            <div>Kolmandate osapoolte sisu n\u00e4gemiseks palun n\u00f5ustu k\u00fcpsistega.<\/div>\n\t\t\t            <button class=\"btn btn-secondary btn-sm mt-1 consent-change\">Muuda n\u00f5usolekut<\/button>\n\t\t\t        <\/div>\n\t\t\t    <\/div>\n\t\t\t<\/div>\n<\/div>\n\n<p>\n\t<span><b>Sessioon <\/b><\/span><strong>Va:\u00a0Uue ringi \u00fcldplaneeringud \u2013 mis on seekord teisiti? Korraldajad: Grete Kindel (SA L\u00e4\u00e4nemaa), Tuuli Veersalu (Rahandusministeerium) ja Pille Metspalu (Eesti Planeerijate \u00dching)<\/strong>\n<\/p>\n<ul>\n<li>\n\t\t<a data-fid=\"41256\" href=\"https:\/\/sisu.ut.ee\/wp-content\/uploads\/sites\/135\/priit_poldmae_2019.pdf\">Priit P\u00f5ldm\u00e4e<\/a> (Rae vald):\u00a0Igap\u00e4evaelust kasvav vajadus kui \u00fcldplaneeringu koostamise praktika arengumootor\n\t<\/li>\n<li>\n\t\t<a data-fid=\"41257\" href=\"https:\/\/sisu.ut.ee\/wp-content\/uploads\/sites\/135\/kerttu_koll_2019.pdf\">Kerttu K\u00f5ll<\/a> (O\u00dc Sf\u00e4\u00e4r Planeeringud):\u00a0Hea planeeringu v\u00f5ti \u2013 mida tehakse n\u00fc\u00fcd teisiti?\n\t<\/li>\n<li>\n\t\t<a data-fid=\"41258\" href=\"https:\/\/sisu.ut.ee\/wp-content\/uploads\/sites\/135\/tuuli_veersalu_2019.pdf\">Tuuli Veersalu<\/a> (Rahandusministeerium):\u00a0\u00dcldplaneeringutest enne ja n\u00fc\u00fcd. Mis on teisiti, mis v\u00f5iks olla teisiti ja kuhu liikuda?\n\t<\/li>\n<\/ul>\n<p>\n\t<strong>Sessioon Vb:\u00a0Arhitektuur v\u00e4ikelinnade identiteedi arengu v\u00f5imestajana. Korraldajad: Ji\u0159\u00ed Tintera (TT\u00dc Tartu \u2013 Valga vald), Kadri Leetmaa (T\u00dc), Garri Raagmaa (T\u00dc)\u00a0<\/strong>\n<\/p>\n<ul>\n<li>\n\t\t<a data-fid=\"41259\" href=\"https:\/\/sisu.ut.ee\/wp-content\/uploads\/sites\/135\/jiri_tintera_garri_raagmaa_2019.pdf\">Ji\u0159\u00ed Tintera (TT\u00dc Tartu \u2013 Valga vald) ja Garri Raagmaa (T\u00dc)<\/a>:\u00a0V\u00e4ikelinnade roll asustuss\u00fcsteemis ja linnaruumi roll v\u00e4ikelinna arengus.\n\t<\/li>\n<li>\n\t\t<a data-fid=\"41260\" href=\"https:\/\/sisu.ut.ee\/wp-content\/uploads\/sites\/135\/kadri_pilm_2019.pdf\">Kadri Pilm<\/a> (EM\u00dc):\u00a0T\u00f5rva, Valga, P\u00f5lva, Rapla keskv\u00e4ljakud ja kohaloome v\u00e4ikelinnades\n\t<\/li>\n<li>\n\t\t<a data-fid=\"41261\" href=\"https:\/\/sisu.ut.ee\/wp-content\/uploads\/sites\/135\/maido_ruusmann_2019.pdf\">Maido Ruusmann<\/a> (T\u00f5rva vald):\u00a0Kohapealne vaade valminud keskv\u00e4ljakule\n\t<\/li>\n<li>\n\t\tArutelu: Korras linnaruum v\u00e4ikelinnas \u2013 mis sellest muutub?\u00a0\n\t<\/li>\n<\/ul>\n<p>\n\t\u00a0<\/p>\n","protected":false},"excerpt":{"rendered":"<p>\u00a0\u00a0\u00a0\u00a0\u00a0\u00a0\u00a0\u00a0\u00a0\u00a0\u00a0\u00a0\u00a0\u00a0\u00a0\u00a0 Konverentsi kava ja ettekanded\u00a0\u00a0\u00a0\u00a0\u00a0\u00a0\u00a0\u00a0\u00a0\u00a0\u00a0\u00a0\u00a0\u00a0\u00a0\u00a0\u00a0\u00a0\u00a0\u00a0 \u00a0 \u00a0 \u00a0 \u00a0 \u00a0\u00a0 \u00a0 \u00a0 \u00a0 \u00a0 \u00a0 \u00a0 \u00a0\u00a0\u00a0 Sessioonide t\u00e4psemad kirjeldused avanevad siit \u00a0 \u00a0\u00a0 \u00a0\u00a0\u00a0\u00a0\u00a0\u00a0\u00a0\u00a0 \u00a0 \u00a0 \u00a0 \u00a0 \u00a0 \u00a0\u00a0\u00a0\u00a0\u00a0 Neljap\u00e4ev 7. november Sessioon Ia: Tartu avaliku ruumi muutused &#8230;<\/p>\n","protected":false},"author":64,"featured_media":0,"parent":0,"menu_order":0,"comment_status":"closed","ping_status":"closed","template":"","meta":{"_acf_changed":false,"inline_featured_image":false,"footnotes":""},"class_list":["post-49","page","type-page","status-publish","hentry"],"acf":[],"_links":{"self":[{"href":"https:\/\/sisu.ut.ee\/planeerimiskonverents\/wp-json\/wp\/v2\/pages\/49","targetHints":{"allow":["GET"]}}],"collection":[{"href":"https:\/\/sisu.ut.ee\/planeerimiskonverents\/wp-json\/wp\/v2\/pages"}],"about":[{"href":"https:\/\/sisu.ut.ee\/planeerimiskonverents\/wp-json\/wp\/v2\/types\/page"}],"author":[{"embeddable":true,"href":"https:\/\/sisu.ut.ee\/planeerimiskonverents\/wp-json\/wp\/v2\/users\/64"}],"replies":[{"embeddable":true,"href":"https:\/\/sisu.ut.ee\/planeerimiskonverents\/wp-json\/wp\/v2\/comments?post=49"}],"version-history":[{"count":1,"href":"https:\/\/sisu.ut.ee\/planeerimiskonverents\/wp-json\/wp\/v2\/pages\/49\/revisions"}],"predecessor-version":[{"id":1673,"href":"https:\/\/sisu.ut.ee\/planeerimiskonverents\/wp-json\/wp\/v2\/pages\/49\/revisions\/1673"}],"wp:attachment":[{"href":"https:\/\/sisu.ut.ee\/planeerimiskonverents\/wp-json\/wp\/v2\/media?parent=49"}],"curies":[{"name":"wp","href":"https:\/\/api.w.org\/{rel}","templated":true}]}}