{"id":29,"date":"2024-04-04T00:42:58","date_gmt":"2024-04-03T21:42:58","guid":{"rendered":"https:\/\/sisu.ut.ee\/planeerimiskonverents\/registreerimine-2016\/"},"modified":"2024-04-04T01:46:09","modified_gmt":"2024-04-03T22:46:09","slug":"registreerimine-2016","status":"publish","type":"page","link":"https:\/\/sisu.ut.ee\/planeerimiskonverents\/registreerimine-2016\/","title":{"rendered":"Registreerimine 2016"},"content":{"rendered":"<p style=\"text-align: center\"><strong>Registreerimine<\/strong><\/p>\n<p>Osalustasu: 40 EUR ja 30 EUR (tudeng). See katab kohvipausid ja kerge l\u00f5una m\u00f5lemal p\u00e4eval.<\/p>\n<p>V\u00f5imalik osaleda ka ainult konverentsi I v\u00f5i II p\u00e4eval, hind 25 EUR ja 20 EUR (tudeng).<\/p>\n<p>3. novembril 2016 toimub ka \u00fchine \u00f5htune programm, mis sisaldab ka \u00f5htus\u00f6\u00f6ki. Osalustasu on 20 EUR.<\/p>\n<p>Registreerimine on l\u00f5ppenud!<\/p>\n","protected":false},"excerpt":{"rendered":"<p>Registreerimine Osalustasu: 40 EUR ja 30 EUR (tudeng). See katab kohvipausid ja kerge l\u00f5una m\u00f5lemal p\u00e4eval. V\u00f5imalik osaleda ka ainult konverentsi I v\u00f5i II p\u00e4eval, hind 25 EUR ja 20 EUR (tudeng). 3. novembril 2016 toimub ka \u00fchine \u00f5htune programm, &#8230;<\/p>\n","protected":false},"author":64,"featured_media":0,"parent":0,"menu_order":0,"comment_status":"closed","ping_status":"closed","template":"","meta":{"_acf_changed":false,"inline_featured_image":false,"footnotes":""},"class_list":["post-29","page","type-page","status-publish","hentry"],"acf":[],"_links":{"self":[{"href":"https:\/\/sisu.ut.ee\/planeerimiskonverents\/wp-json\/wp\/v2\/pages\/29","targetHints":{"allow":["GET"]}}],"collection":[{"href":"https:\/\/sisu.ut.ee\/planeerimiskonverents\/wp-json\/wp\/v2\/pages"}],"about":[{"href":"https:\/\/sisu.ut.ee\/planeerimiskonverents\/wp-json\/wp\/v2\/types\/page"}],"author":[{"embeddable":true,"href":"https:\/\/sisu.ut.ee\/planeerimiskonverents\/wp-json\/wp\/v2\/users\/64"}],"replies":[{"embeddable":true,"href":"https:\/\/sisu.ut.ee\/planeerimiskonverents\/wp-json\/wp\/v2\/comments?post=29"}],"version-history":[{"count":1,"href":"https:\/\/sisu.ut.ee\/planeerimiskonverents\/wp-json\/wp\/v2\/pages\/29\/revisions"}],"predecessor-version":[{"id":1693,"href":"https:\/\/sisu.ut.ee\/planeerimiskonverents\/wp-json\/wp\/v2\/pages\/29\/revisions\/1693"}],"wp:attachment":[{"href":"https:\/\/sisu.ut.ee\/planeerimiskonverents\/wp-json\/wp\/v2\/media?parent=29"}],"curies":[{"name":"wp","href":"https:\/\/api.w.org\/{rel}","templated":true}]}}