{"id":23,"date":"2024-04-04T00:42:57","date_gmt":"2024-04-03T21:42:57","guid":{"rendered":"https:\/\/sisu.ut.ee\/planeerimiskonverents\/tartu-planeerimiskonverents-2023\/"},"modified":"2024-04-04T01:46:09","modified_gmt":"2024-04-03T22:46:09","slug":"tartu-planeerimiskonverents-2023","status":"publish","type":"page","link":"https:\/\/sisu.ut.ee\/planeerimiskonverents\/tartu-planeerimiskonverents-2023\/","title":{"rendered":"Tartu Planeerimiskonverents 2023"},"content":{"rendered":"<p style=\"text-align: center\">\n\t<strong>VIII Tartu Planeerimiskonverents \u201c\u00dcle riigi planeerimine\u201d<\/strong>\n<\/p>\n<p style=\"text-align: center\">\n\t<strong>30.-31. m\u00e4rts 2023<\/strong>\n<\/p>\n<p style=\"text-align: center\">\n\t<strong>VSpa konverentsikeskus (Riia 2, Tartu)<\/strong>\n<\/p>\n<p style=\"text-align: justify\">\n\tJ\u00e4rjekorras juba VIII Tartu Planeerimiskonverentsi peateema oli\u00a0\u201c\u00dcle riigi planeerimine\u201d.\u00a0Konverentsil arutleti tulevase \u00fcleriigilise planeeringu ja selle ettevalmistamise teemadel, puudutades valdkondi alates elukeskkonna kvaliteedist kuni taastuvenergeetika ja liikuvuslahendusteni. Planeerimiskonverentsil vaadeldi, millised v\u00f5imalused on meil ruumivisioonide elluviimiseks ja poliitikaharude koondamiseks nii, et kokkuv\u00f5ttes oleks hea ruumikvaliteet tagatud riigis k\u00f5igile.\u00a0\n<\/p>\n<blockquote>\n<p>\n\t\t<strong>K\u00f5igi sessioonide salvestused on leitavad <u><a data-url=\"https:\/\/planeerimiskonverents.ut.ee\/konverentsi-kava-2023\" href=\"https:\/\/planeerimiskonverents.ut.ee\/konverentsi-kava-2023\" target=\"_blank\" title=\"\" rel=\"noopener\">konverentsi kava lehelt<\/a><\/u>.<\/strong>\n\t<\/p>\n<\/blockquote>\n<p>\n\tV\u00e4ike sisukokkuv\u00f5te konverentsist on leitav <a data-url=\"https:\/\/geograafia.ut.ee\/et\/node\/151174\" href=\"https:\/\/geograafia.ut.ee\/et\/node\/151174\" target=\"_blank\" title=\"\" rel=\"noopener\">Tartu \u00dclikooli kodulehelt<\/a>.\n<\/p>\n<p>\n\tKonverentsi toetasid:\u00a0Tartu linn, Tartu \u00dclikool, EL URBACT programm, Rahandusministeerium,\u00a0Tallinna \u00dclikool, Eesti Maa\u00fclikool, Eesti Kunstiakadeemia,\u00a0Tallinna Tehnika\u00fclikool ja EL ESPON programm.\n<\/p>\n<p>\n\tVaata ka <a data-url=\"https:\/\/www.facebook.com\/events\/1071330233552080\/\" href=\"https:\/\/www.facebook.com\/events\/1071330233552080\/\" target=\"_blank\" title=\"\" rel=\"noopener\">\u00fcritust Facebookis<\/a>\u00a0<\/p>\n","protected":false},"excerpt":{"rendered":"<p>VIII Tartu Planeerimiskonverents \u201c\u00dcle riigi planeerimine\u201d 30.-31. m\u00e4rts 2023 VSpa konverentsikeskus (Riia 2, Tartu) J\u00e4rjekorras juba VIII Tartu Planeerimiskonverentsi peateema oli\u00a0\u201c\u00dcle riigi planeerimine\u201d.\u00a0Konverentsil arutleti tulevase \u00fcleriigilise planeeringu ja selle ettevalmistamise teemadel, puudutades valdkondi alates elukeskkonna kvaliteedist kuni taastuvenergeetika ja liikuvuslahendusteni. &#8230;<\/p>\n","protected":false},"author":64,"featured_media":0,"parent":0,"menu_order":0,"comment_status":"closed","ping_status":"closed","template":"","meta":{"_acf_changed":false,"inline_featured_image":false,"footnotes":""},"class_list":["post-23","page","type-page","status-publish","hentry"],"acf":[],"_links":{"self":[{"href":"https:\/\/sisu.ut.ee\/planeerimiskonverents\/wp-json\/wp\/v2\/pages\/23","targetHints":{"allow":["GET"]}}],"collection":[{"href":"https:\/\/sisu.ut.ee\/planeerimiskonverents\/wp-json\/wp\/v2\/pages"}],"about":[{"href":"https:\/\/sisu.ut.ee\/planeerimiskonverents\/wp-json\/wp\/v2\/types\/page"}],"author":[{"embeddable":true,"href":"https:\/\/sisu.ut.ee\/planeerimiskonverents\/wp-json\/wp\/v2\/users\/64"}],"replies":[{"embeddable":true,"href":"https:\/\/sisu.ut.ee\/planeerimiskonverents\/wp-json\/wp\/v2\/comments?post=23"}],"version-history":[{"count":2,"href":"https:\/\/sisu.ut.ee\/planeerimiskonverents\/wp-json\/wp\/v2\/pages\/23\/revisions"}],"predecessor-version":[{"id":1756,"href":"https:\/\/sisu.ut.ee\/planeerimiskonverents\/wp-json\/wp\/v2\/pages\/23\/revisions\/1756"}],"wp:attachment":[{"href":"https:\/\/sisu.ut.ee\/planeerimiskonverents\/wp-json\/wp\/v2\/media?parent=23"}],"curies":[{"name":"wp","href":"https:\/\/api.w.org\/{rel}","templated":true}]}}