{"id":1822,"date":"2025-01-13T14:17:15","date_gmt":"2025-01-13T12:17:15","guid":{"rendered":"https:\/\/sisu.ut.ee\/planeerimiskonverents\/?page_id=1822"},"modified":"2025-01-14T14:33:50","modified_gmt":"2025-01-14T12:33:50","slug":"sponsorluse-tingimused-2025","status":"publish","type":"page","link":"https:\/\/sisu.ut.ee\/planeerimiskonverents\/sponsorluse-tingimused-2025\/","title":{"rendered":"Sponsorluse tingimused"},"content":{"rendered":"<p><\/p>\n\n\n\n<p><strong>KORRALDAJA<\/strong><\/p>\n\n\n\n<p><strong>Tartu \u00dclikool ja Eesti Planeerijate \u00dching<\/strong><\/p>\n\n\n\n<p><\/p>\n\n\n\n<p><strong>1. AEG JA KOHT<\/strong><\/p>\n\n\n\n<p>Aeg: 15.-16.05.2025<\/p>\n\n\n\n<p>Koht: Eesti Rahva Muuseum, Muuseumi tee 2, Tartu<\/p>\n\n\n\n<p><\/p>\n\n\n\n<p><strong>2. SUURSPONSOR, SPONSOR &amp; TOETAJA<\/strong><\/p>\n\n\n\n<p>Suursponsor \/ sponsor \/ toetaja on juriidiline v\u00f5i f\u00fc\u00fcsiline isik, kes:<\/p>\n\n\n\n<p>a) toetab konverentsi sponsorlusjuhendi \u201cPlaneerimiskonverents 2025 sponsorpaketid\u201d alusel;<\/p>\n\n\n\n<p>b) registreerib end konverentsile sponsori registreerimisvormi kaudu;<\/p>\n\n\n\n<p>c) tasub valitud sponsorpaketi eest;<\/p>\n\n\n\n<p>d) n\u00f5ustub konverentsi osalemise tingimustega ja kinnitab seda registreerimisega sponsori registreerimisvormil.<\/p>\n\n\n\n<p><\/p>\n\n\n\n<p><strong>3. MESSIPIND<\/strong><\/p>\n\n\n\n<p>Messipind on Eesti Rahva Muuseumis asuv p\u00f5randapind, laud ja 2 tooli.<\/p>\n\n\n\n<p>Messiala paikneb ERMi peasissep\u00e4\u00e4sust vasakul fuajees.<\/p>\n\n\n\n<p>Korraldaja m\u00e4\u00e4rab messipindade l\u00f5pliku asukoha, arvestades v\u00f5imaluse korral Eksponendi soovidega.<\/p>\n\n\n\n<p>Messipindade tellimusi menetletakse vastavalt tellimuse saabumise ajale.<\/p>\n\n\n\n<p>Messipindade tellimused kinnitatakse, kui arve on tasutud. Tellimus t\u00fchistatakse, kui arvet pole tasutud \u00f5igeaegselt.<\/p>\n\n\n\n<p>Sponsor ei tohi renditud pinda ega selle osa kolmandatele isikutele ilma Korraldaja eelneva kirjaliku n\u00f5usolekuta rentida ega \u00fcle anda.<\/p>\n\n\n\n<p><\/p>\n\n\n\n<p><strong>4. MAKSETINGIMUSED<\/strong><\/p>\n\n\n\n<p>Suursponsor \/ sponsor \/ toetaja on kohustatud tasuma sponsoripaketi tasu Korraldaja pangakontole arvel m\u00e4rgitud t\u00e4htaja jooksul. P\u00e4rast registreerimist koostab ja saadab Korraldaja arve vastavalt esitatud andmetele.<\/p>\n\n\n\n<p>Kui makset pole 14 p\u00e4eva jooksul laekunud, vabastatakse reserveeritud messipind.<\/p>\n\n\n\n<p>Eksponent v\u00f5ib hakata kasutama renditud messipinda ainult siis, kui arvel m\u00e4rgitud summa on tasutud v\u00f5i maksekorralduse esitamisel Korraldajale.<\/p>\n\n\n\n<p><\/p>\n\n\n\n<p><strong>5. ASUKOHT<\/strong><\/p>\n\n\n\n<p>Objekte kinnitades tuleb j\u00e4rgida, et see ei kahjustaks Eesti Rahva Muuseumi seinu, p\u00f5randaid, piirdeid, klaaspindu ega muid konstruktsioone. Seinad, p\u00f5randad, piirded, klaaspinnad ja muud konstruktsioonid tuleb tagastada algses seisukorras ilma kinnitusmaterjalide j\u00e4\u00e4kideta.<\/p>\n\n\n\n<p>Ruumi omanikele tuleb viivitamatult teatada ja h\u00fcvitada k\u00f5ik kahjud.<\/p>\n\n\n\n<p>Sponsorid kohustuvad eemaldama kogu enda kohale toodud inventari ja asjad p\u00e4rast \u00fcritust.<\/p>\n\n\n\n<p>Korraldaja ei vastuta eksponeerimisinventari transportimise ja tellimise eest.<\/p>\n\n\n\n<p><\/p>\n\n\n\n<p><strong>6. KORRALDAJA KOHUSTUSED<\/strong><\/p>\n\n\n\n<p>Korraldaja ei tee tehinguid, mis on kohalike v\u00f5i muude korruptsioonivastaste seadustega keelatud ning mis v\u00f5ivad olla kohaldatavad \u00fchele v\u00f5i m\u00f5lemale lepingupoolele.<\/p>\n\n\n\n<p>Korraldaja vastutab konverentsi ajal \u00fcldise korra ja ohutuse eest konverentsi toimumiskohas ja selle territooriumil, tuginedes kohapealsele turvateenusele ja\/v\u00f5i t\u00e4iendavalt kaasatud turvameetmetele.<\/p>\n\n\n\n<p>Korraldaja ei vastuta v\u00e4\u00e4ramatu j\u00f5u t\u00f5ttu tekkinud kahjude ega isiklike esemete kahjustamise v\u00f5i kadumise eest.<\/p>\n\n\n\n<p>Korraldaja ei vastuta sponsorite esitatud teabe t\u00e4psuse ega sisu eest.<\/p>\n\n\n\n<p><\/p>\n\n\n\n<p><strong>7. SPONSORITE KOHUSTUSED<\/strong><\/p>\n\n\n\n<p>Sponsor vastutab oma messipinna, inventari, materjalide ja seadmete eest ning nende esemete kahjustumise ja kadumise eest alates vastuv\u00f5tmisest kuni nende tagastamiseni Korraldajale.<\/p>\n\n\n\n<p>Sponsor vastutab messipinna, inventari, seadmete ja materjalide seisukorra tuvastamise eest nende \u00fcleandmisel Korraldajalt Eksponendile ning peab Korraldajale viivitamatult teatama, kui ilmnevad probleemid.<\/p>\n\n\n\n<p>Sponsor ei tohi oma tegevusega ega m\u00fcraga h\u00e4irida k\u00f5rvalolevaid messipindu.<\/p>\n\n\n\n<p>Sponsori kohustus messi viimasel p\u00e4eval on tagastada messipind Korraldajale.<\/p>\n\n\n\n<p>Sponsor vastutab oma v\u00e4ljapanekualal toimuva m\u00fc\u00fcgi, vajalike lubade taotlemise ning k\u00f5igi seadusandlike n\u00f5uete j\u00e4rgimise eest.<\/p>\n\n\n\n<p>Sponsor ei tohi sooritada tehinguid, mis on kohalike v\u00f5i muude kohaldatavate korruptsioonivastaste seadustega keelatud.<\/p>\n\n\n\n<p><\/p>\n\n\n\n<p><strong>8. KAEBUSED<\/strong><\/p>\n\n\n\n<p>K\u00f5ik kahepoolsed kaebused tuleb esitada kirjalikult konverentsi messi toimumise perioodil. P\u00e4rast seda perioodi esitatud kaebusi arvesse ei v\u00f5eta. Kaebused lahendatakse l\u00e4bir\u00e4\u00e4kimiste teel. Kui kokkulepet ei saavutata, lahendatakse vaidlused Tartu Maakohtus.<\/p>\n","protected":false},"excerpt":{"rendered":"<p>KORRALDAJA Tartu \u00dclikool ja Eesti Planeerijate \u00dching 1. AEG JA KOHT Aeg: 15.-16.05.2025 Koht: Eesti Rahva Muuseum, Muuseumi tee 2, Tartu 2. SUURSPONSOR, SPONSOR &amp; TOETAJA Suursponsor \/ sponsor \/ toetaja on juriidiline v\u00f5i f\u00fc\u00fcsiline isik, kes: a) toetab konverentsi &#8230;<\/p>\n","protected":false},"author":138,"featured_media":0,"parent":0,"menu_order":0,"comment_status":"closed","ping_status":"closed","template":"","meta":{"_acf_changed":false,"inline_featured_image":false,"footnotes":""},"class_list":["post-1822","page","type-page","status-publish","hentry"],"acf":[],"_links":{"self":[{"href":"https:\/\/sisu.ut.ee\/planeerimiskonverents\/wp-json\/wp\/v2\/pages\/1822","targetHints":{"allow":["GET"]}}],"collection":[{"href":"https:\/\/sisu.ut.ee\/planeerimiskonverents\/wp-json\/wp\/v2\/pages"}],"about":[{"href":"https:\/\/sisu.ut.ee\/planeerimiskonverents\/wp-json\/wp\/v2\/types\/page"}],"author":[{"embeddable":true,"href":"https:\/\/sisu.ut.ee\/planeerimiskonverents\/wp-json\/wp\/v2\/users\/138"}],"replies":[{"embeddable":true,"href":"https:\/\/sisu.ut.ee\/planeerimiskonverents\/wp-json\/wp\/v2\/comments?post=1822"}],"version-history":[{"count":3,"href":"https:\/\/sisu.ut.ee\/planeerimiskonverents\/wp-json\/wp\/v2\/pages\/1822\/revisions"}],"predecessor-version":[{"id":1846,"href":"https:\/\/sisu.ut.ee\/planeerimiskonverents\/wp-json\/wp\/v2\/pages\/1822\/revisions\/1846"}],"wp:attachment":[{"href":"https:\/\/sisu.ut.ee\/planeerimiskonverents\/wp-json\/wp\/v2\/media?parent=1822"}],"curies":[{"name":"wp","href":"https:\/\/api.w.org\/{rel}","templated":true}]}}