{"id":18,"date":"2024-04-04T00:42:57","date_gmt":"2024-04-03T21:42:57","guid":{"rendered":"https:\/\/sisu.ut.ee\/planeerimiskonverents\/programm2020\/"},"modified":"2024-04-04T01:46:09","modified_gmt":"2024-04-03T22:46:09","slug":"programm2020","status":"publish","type":"page","link":"https:\/\/sisu.ut.ee\/planeerimiskonverents\/programm2020\/","title":{"rendered":"Programm 2020"},"content":{"rendered":"<p style=\"text-align: center\">\n\t<strong>Konverentsi kava ja ettekanded<\/strong>\n<\/p>\n<p style=\"text-align: center\">\n\t<strong>5. november 2020<\/strong>\n<\/p>\n<p>\n\t<a data-url=\"https:\/\/www.uttv.ee\/naita?id=30776\" href=\"https:\/\/www.uttv.ee\/naita?id=30776\" target=\"_blank\" title=\"\" rel=\"noopener\">Konverentsi avamine<\/a>\n<\/p>\n<p>\n\t<strong>I peaettekanne: Pille Metspalu <\/strong><a data-fid=\"57526\" href=\"https:\/\/sisu.ut.ee\/wp-content\/uploads\/sites\/135\/0_1_pille_metspalu.pdf\">\u201cPlaneerimise suur plaan\u201d<\/a><br><a data-url=\"https:\/\/www.uttv.ee\/naita?id=30772\" href=\"https:\/\/www.uttv.ee\/naita?id=30772\" target=\"_blank\" title=\"\" rel=\"noopener\">SALVESTUS<\/a>\n<\/p>\n<p>\n\t<strong>Sessioon Ia:\u00a0Keskkonnam\u00f5jude hindamise roll \u00fcldisemate strateegilise planeerimisdokumentide koostamisel \u2013 fookuses \u00fcldplaneeringud.<\/strong><br><a data-url=\"https:\/\/www.uttv.ee\/naita?id=30746\" href=\"https:\/\/www.uttv.ee\/naita?id=30746\" target=\"_blank\" title=\"\" rel=\"noopener\">SALVESTUS<\/a>\n<\/p>\n<ul>\n<li>\n\t\tRiin Kutsar: <a data-fid=\"57377\" href=\"https:\/\/sisu.ut.ee\/wp-content\/uploads\/sites\/135\/1b_riin_kutsar_2020.pdf\">\u201c\u00dcldisema tasandi strateegiline planeerimine ja Natura hindamine\u201d<\/a>\n\t<\/li>\n<li>\n\t\tPiret Toonpere: <a data-fid=\"57619\" href=\"https:\/\/sisu.ut.ee\/wp-content\/uploads\/sites\/135\/1b_piret_toonpere_2020.pdf\">\u201cKonsultandi n\u00e4gemus asjakohaste m\u00f5jude hindamisest Rapla-Kehtna \u00fcldplaneeringute n\u00e4itel\u201d<\/a>\n\t<\/li>\n<\/ul>\n<p>\n\tArutelus osalesid\u00a0Riin Kutsar, Piret Toonpere (O\u00dc Lemma), Eleri Kautlenbach (Rahandusministeerium), Irma Pakkonen ja M\u00e4rt \u00d6\u00f6vel (Keskkonnaamet) ning Erki Ruben (L\u00e4\u00e4ne-Harju vald).\n<\/p>\n<p>\n\tSessioonijuhid: Riin Kutsar ja Hendrik Puhkim (Eesti Keskkonnam\u00f5ju Hindajate \u00dching).\n<\/p>\n<p>\n\t<strong>Sessioon Ib:\u00a0Liikuvusuuringud planeeringute alusena. <\/strong><br><a data-url=\"https:\/\/www.uttv.ee\/naita?id=30754\" href=\"https:\/\/www.uttv.ee\/naita?id=30754\" target=\"_blank\" title=\"\" rel=\"noopener\">SALVESTUS<\/a>\n<\/p>\n<ul>\n<li>\n\t\tJaanus Tamm (Tartu Linnavalitsuse projektijuht): <a data-fid=\"57348\" href=\"https:\/\/sisu.ut.ee\/wp-content\/uploads\/sites\/135\/1a_jannus_tamm_2020.pdf\">\u201cLiikuvusuuringud planeeringute alusena \u2013 Tartu\u201d<\/a>\n\t<\/li>\n<li>\n\t\tAnn Ideon (Hendrikson &amp; Ko O\u00dc): <a data-fid=\"57349\" href=\"https:\/\/sisu.ut.ee\/wp-content\/uploads\/sites\/135\/1a_ann_ideon_2020.pdf\">\u201eMis kasu on liikuvusuuringutest\u00a0\u00fcldplaneeringutes?\u201c<\/a>\u00a0\n\t<\/li>\n<li>\n\t\tAndra\u00a0Somelar (Balti Uuringute Instituut):\u00a0<a data-fid=\"57350\" href=\"https:\/\/sisu.ut.ee\/wp-content\/uploads\/sites\/135\/1a_andra_somelar_2020.pdf\">\u201eInimeste kaasamine\u00a0mobiilsusplaneerimisse ja mobiilsusplaneerija t\u00f6\u00f6riistakast\u201d<\/a>\n\t<\/li>\n<li>\n\t\tSiiri Silm (Tartu \u00fclikool):\u00a0<a data-fid=\"57351\" href=\"https:\/\/sisu.ut.ee\/wp-content\/uploads\/sites\/135\/1a_siiri_silm_2020.pdf\">\u201eInfotehnoloogiline mobiilsusobservatoorium (IMO) \u2013\u00a0mobiilsusuuringuid toetav uuenduslik ja terviklik andmetaristu\u201c<\/a>\u00a0\n\t<\/li>\n<\/ul>\n<p>\n\tSessioonijuhid: Siiri Silm ja Veronika Mooses (Tartu \u00fclikool).\n<\/p>\n<p>\n\t<strong>Sessioon IIa: L\u00f5petamata linn.\u00a0<\/strong><br><a data-url=\"https:\/\/www.uttv.ee\/naita?id=30768\" href=\"https:\/\/www.uttv.ee\/naita?id=30768\" target=\"_blank\" title=\"\" rel=\"noopener\">SALVESTUS<\/a>\n<\/p>\n<ul>\n<li>\n\t\tRaul Kalvo (Inphysica\u00a0technology, EKA): <a data-fid=\"58030\" href=\"https:\/\/sisu.ut.ee\/wp-content\/uploads\/sites\/135\/2a_raul_kalvo.pdf\">\u201cDigitaalsed andmed linnast\u201d<\/a>\n\t<\/li>\n<li>\n\t\tKatrin Koov (b210, EKA): <a data-fid=\"58031\" href=\"https:\/\/sisu.ut.ee\/wp-content\/uploads\/sites\/135\/2a_katrin_koov.pdf\">\u201cTallinna rohev\u00f5rgustik\u201d<\/a>\n\t<\/li>\n<li>\n\t\tIndrek Peil (Kavakava, EKA): <a data-fid=\"58032\" href=\"https:\/\/sisu.ut.ee\/wp-content\/uploads\/sites\/135\/2a_indrek_peil.pdf\">\u201cTallinna keskused\u201d<\/a>\n\t<\/li>\n<li>\n\t\tAndres Alver (Alver arhitektid, EKA): <a data-fid=\"58033\" href=\"https:\/\/sisu.ut.ee\/wp-content\/uploads\/sites\/135\/2a_andres_alver.pdf\">\u201cTallinna tuleviku stsenaariumid\u201d<\/a>\n\t<\/li>\n<\/ul>\n<p>\n\tSessioonijuht: Toomas Tammis (Allianss Arhitektid, EKA).\n<\/p>\n<p>\n\t<strong>Sessioon: IIb\u00a0Rohep\u00f6\u00f6re \u2013 Ida-Virumaa t\u00f6\u00f6stusalade ja energiasektori tulevikustsenaariumid.\u00a0<\/strong><br><a data-url=\"https:\/\/www.uttv.ee\/naita?id=30769\" href=\"https:\/\/www.uttv.ee\/naita?id=30769\" target=\"_blank\" title=\"\" rel=\"noopener\">SALVESTUS<\/a>\n<\/p>\n<ul>\n<li>\n\t\tAntti Roose (Tartu Regiooni Energiaagentuur): <a data-fid=\"57604\" href=\"https:\/\/sisu.ut.ee\/wp-content\/uploads\/sites\/135\/2b_antti_roose.pdf\">\u201cRohep\u00f6\u00f6re ja majanduse tulevikustsenaariumid\u201d<\/a>\n\t<\/li>\n<li>\n\t\tMadis\u00a0Vasser (Eesti Roheline Liikumine): <a data-fid=\"57605\" href=\"https:\/\/sisu.ut.ee\/wp-content\/uploads\/sites\/135\/2b_madis_vasser.pdf\">\u201cIda-Viru \u00f5iglane \u00fcleminek\u201d<\/a>\u00a0\n\t<\/li>\n<li>\n\t\tMargit Keller (Tartu \u00dclikooli \u00dchiskonnateaduste instituut): <a data-fid=\"57606\" href=\"https:\/\/sisu.ut.ee\/wp-content\/uploads\/sites\/135\/2b_margit_keller.pdf\">\u201cIda-Viru \u00f5iglase \u00fcleminekuga kaasnevad sotsiaalsed muutused\u201d<\/a>\n\t<\/li>\n<li>\n\t\tTeet Kuusmik (SA Ida-Virumaa T\u00f6\u00f6stusalade Arendus): <a data-fid=\"57607\" href=\"https:\/\/sisu.ut.ee\/wp-content\/uploads\/sites\/135\/2b_teet_kuusmik.pdf\">\u201cAuvere agropark \u2013 CO2 roll t\u00f6\u00f6stuss\u00fcmbioosis\u201d<\/a>\u00a0\n\t<\/li>\n<\/ul>\n<p>\n\tSessioonijuhid: Garri Raagmaa ja Ingmar Pastak (Tartu \u00fclikool).\n<\/p>\n<p>\n\t<strong>II peaettekanne: Madis Kallas <\/strong><a data-fid=\"57512\" href=\"https:\/\/sisu.ut.ee\/wp-content\/uploads\/sites\/135\/0_2_madis_kallas.pdf\">\u201cOmavalitsus planeerijana \u2013 kohalik elukeskkond ja suured planeerimishuvid Saaremaa n\u00e4itel\u201d<\/a><br><a data-url=\"https:\/\/www.uttv.ee\/naita?id=30773\" href=\"https:\/\/www.uttv.ee\/naita?id=30773\" target=\"_blank\" title=\"\" rel=\"noopener\">SALVESTUS<\/a>\n<\/p>\n<p>\n\t<strong>III peaettekanne: Ivo Pilving <\/strong><a data-fid=\"57524\" href=\"https:\/\/sisu.ut.ee\/wp-content\/uploads\/sites\/135\/0_3_ivo_pilving.pdf\">\u201cKas kohus on superplaneerija?\u201d<\/a><br><a data-url=\"https:\/\/www.uttv.ee\/naita?id=30747\" href=\"https:\/\/www.uttv.ee\/naita?id=30747\" target=\"_blank\" title=\"\" rel=\"noopener\">SALVESTUS<\/a>\n<\/p>\n<p>\n\t<strong>Sessioon IIIa: Miks on mereplaneerimine eriline ja kuidas planeerida innovatsiooni? <\/strong><br><a data-url=\"https:\/\/www.uttv.ee\/naita?id=30770\" href=\"https:\/\/www.uttv.ee\/naita?id=30770\" target=\"_blank\" title=\"\" rel=\"noopener\">SALVESTUS<\/a>\n<\/p>\n<p>\n\t<a data-url=\"https:\/\/www.youtube.com\/watch?v=dEIZoP9YT4A&amp;ab_channel=Rahandusministeerium\" href=\"https:\/\/www.youtube.com\/watch?v=dEIZoP9YT4A&amp;ab_channel=Rahandusministeerium\" target=\"_blank\" title=\"\" rel=\"noopener\">Video mereala planeerimisest<\/a>\n<\/p>\n<p>\n\tPaneelarutelu osalejad:<br>Riin Kutsar, mereplaneeringu m\u00f5jude hindamise juhtekspert, Hendrikson&amp;Ko\u00a0<br>Jonne Kotta, merekeskkonna spetsialist (vesiviljelus ja modelleeringud), Tartu \u00dclikooli Mereinstituut, mere\u00f6koloogia juhtivteadur\u00a0<br>Georg Martin, merekeskkonna spetsialist, Tartu \u00dclikooli Mereinstituut, merebioloogia osakonna juhataja\u00a0<br>Redik Echbaum, kalandusspetsialist, Tartu \u00dclikooli Mereinstituut, rannikumere kalanduse t\u00f6\u00f6r\u00fchma juhataja\u00a0<br>Ann Ideon, sotsiaalsete ja kultuuriliste m\u00f5jude hindamise spetsialist, Hendrikson&amp;Ko\u00a0<br>Siim Vahtrus, jurist, AB Derling Primus advokaat\u00a0\n<\/p>\n<p>\n\tSessioonijuht: Triin Lepland (Rahandusministeerium).\n<\/p>\n<p>\n\t<strong>Sessioon IIIb: Kahanemise m\u00f5\u00f5dupuud: andmete kasutamine linnaplaneerimisel \u2013 t\u00fchjenevate kortermajade pilootprojekti ja Narva taju-uuringu n\u00e4itel.\u00a0<\/strong><br><a data-url=\"https:\/\/www.uttv.ee\/naita?id=30771\" href=\"https:\/\/www.uttv.ee\/naita?id=30771\" target=\"_blank\" title=\"\" rel=\"noopener\">SALVESTUS<\/a>\n<\/p>\n<ul>\n<li>\n\t\tKristi Gri\u0161akov (TalTech): <a data-fid=\"57621\" href=\"https:\/\/sisu.ut.ee\/wp-content\/uploads\/sites\/135\/3b_kristi_grisakov_2020.pdf\">\u201cAndmete kasutamine kahanemise kaardistamisel ja ruumiliste stsenaariumite koostamisel\u201d<\/a>\n\t<\/li>\n<li>\n\t\tKeiti Kljavin (Linnalabor): <a data-fid=\"57622\" href=\"https:\/\/sisu.ut.ee\/wp-content\/uploads\/sites\/135\/3b_keiti_kljavin_2020.pdf\">\u201cAndmep\u00f5hine osalemine ja osalusp\u00f5hised andmed. Kohaliku koost\u00f6\u00f6 v\u00e4ljakutsed kahanemisega kohanemisel\u201d<\/a>\n\t<\/li>\n<\/ul>\n<p>\n\tArutelus osalesid Kristi Gri\u0161akov (TalTech), Keiti Kljavin (Linnalabor), Dmitri Moskovtsev (Rahandusministeerium), Katrin Paadam (TalTech).\n<\/p>\n<p>\n\tSessioonijuht: Veronika Valk-Siska (Kultuuriministeerium).\n<\/p>\n<p>\n\t<strong>Sessioon IVa: Demokraatia planeerimises. K\u00f5igi piinarikas kaasamine v\u00f5i v\u00f5imalikult hea elukeskkonna lahendus?\u00a0<\/strong><br><a data-url=\"https:\/\/www.uttv.ee\/naita?id=30774\" href=\"https:\/\/www.uttv.ee\/naita?id=30774\" target=\"_blank\" title=\"\" rel=\"noopener\">SALVESTUS<\/a>\n<\/p>\n<p>\n\tArutlejad\u00a0planeerija Heiki Kalberg ja demokraatiaedendaja Teele Pehk\n<\/p>\n<p>\n\t<strong>Sessioon IVb: GIS-rakendused ja planeeringuandmed.\u00a0<\/strong><br><a data-url=\"https:\/\/www.uttv.ee\/naita?id=30775\" href=\"https:\/\/www.uttv.ee\/naita?id=30775\" target=\"_blank\" title=\"\" rel=\"noopener\">SALVESTUS<\/a>\n<\/p>\n<ul>\n<li>\n\t\tIvari Rannama (Tallinna Linnaplaneerimise Amet):\u00a0<a data-fid=\"57354\" href=\"https:\/\/sisu.ut.ee\/wp-content\/uploads\/sites\/135\/4b_ivari_rannama_2020.pdf\">\u201eKuidas toetada otsustajat?\u201c<\/a>\n\t<\/li>\n<li>\n\t\tLenna Hingla (Valga Vallavalitsus):\u00a0<a data-fid=\"57438\" href=\"https:\/\/sisu.ut.ee\/wp-content\/uploads\/sites\/135\/4b_lenna_hingla_2020_0.pdf\">\u201ePlaneerimisega seotud kaasavad rakendused KOV-i juhtidele ja kodanikele\u201c<\/a>\n\t<\/li>\n<li>\n\t\tJaanus Padrik (Hendrikson &amp; KO): <a data-fid=\"57353\" href=\"https:\/\/sisu.ut.ee\/wp-content\/uploads\/sites\/135\/4b_jaanus_padrik_2020.pdf\">\u201eIgap\u00e4evaseid n\u00e4iteid planeeringuandmete levitamisel ja koost\u00f6\u00f6st omavalitsustega\u201c<\/a>\u00a0<br>\u200b\u200b\u200b\u200b\u200b\u200b\u200bSessioonijuht: Ranel Suurna (AlphaGIS O\u00dc).\n\t<\/li>\n<\/ul>\n<p>\n\t\u00a0\n<\/p>\n<p>\n\t<strong>Vahepala:<\/strong> <a data-url=\"https:\/\/www.uttv.ee\/naita?id=30777\" href=\"https:\/\/www.uttv.ee\/naita?id=30777\" target=\"_blank\" title=\"\" rel=\"noopener\">Ruutu10 improkom\u00f6\u00f6dia<\/a>\n<\/p>\n<p>\n\t<a data-url=\"https:\/\/www.uttv.ee\/naita?id=30778\" href=\"https:\/\/www.uttv.ee\/naita?id=30778\" target=\"_blank\" title=\"\" rel=\"noopener\">Konverentsi l\u00f5petamine\u00a0<\/a>\n<\/p>\n<p>\n\t\u00a0<\/p>\n","protected":false},"excerpt":{"rendered":"<p>Konverentsi kava ja ettekanded 5. november 2020 Konverentsi avamine I peaettekanne: Pille Metspalu \u201cPlaneerimise suur plaan\u201dSALVESTUS Sessioon Ia:\u00a0Keskkonnam\u00f5jude hindamise roll \u00fcldisemate strateegilise planeerimisdokumentide koostamisel \u2013 fookuses \u00fcldplaneeringud.SALVESTUS Riin Kutsar: \u201c\u00dcldisema tasandi strateegiline planeerimine ja Natura hindamine\u201d Piret Toonpere: \u201cKonsultandi n\u00e4gemus &#8230;<\/p>\n","protected":false},"author":64,"featured_media":0,"parent":0,"menu_order":0,"comment_status":"closed","ping_status":"closed","template":"","meta":{"_acf_changed":false,"inline_featured_image":false,"footnotes":""},"class_list":["post-18","page","type-page","status-publish","hentry"],"acf":[],"_links":{"self":[{"href":"https:\/\/sisu.ut.ee\/planeerimiskonverents\/wp-json\/wp\/v2\/pages\/18","targetHints":{"allow":["GET"]}}],"collection":[{"href":"https:\/\/sisu.ut.ee\/planeerimiskonverents\/wp-json\/wp\/v2\/pages"}],"about":[{"href":"https:\/\/sisu.ut.ee\/planeerimiskonverents\/wp-json\/wp\/v2\/types\/page"}],"author":[{"embeddable":true,"href":"https:\/\/sisu.ut.ee\/planeerimiskonverents\/wp-json\/wp\/v2\/users\/64"}],"replies":[{"embeddable":true,"href":"https:\/\/sisu.ut.ee\/planeerimiskonverents\/wp-json\/wp\/v2\/comments?post=18"}],"version-history":[{"count":1,"href":"https:\/\/sisu.ut.ee\/planeerimiskonverents\/wp-json\/wp\/v2\/pages\/18\/revisions"}],"predecessor-version":[{"id":1704,"href":"https:\/\/sisu.ut.ee\/planeerimiskonverents\/wp-json\/wp\/v2\/pages\/18\/revisions\/1704"}],"wp:attachment":[{"href":"https:\/\/sisu.ut.ee\/planeerimiskonverents\/wp-json\/wp\/v2\/media?parent=18"}],"curies":[{"name":"wp","href":"https:\/\/api.w.org\/{rel}","templated":true}]}}