{"id":1764,"date":"2024-10-18T11:49:47","date_gmt":"2024-10-18T08:49:47","guid":{"rendered":"https:\/\/sisu.ut.ee\/planeerimiskonverents\/?page_id=1764"},"modified":"2024-10-18T12:16:22","modified_gmt":"2024-10-18T09:16:22","slug":"planeerimiskonverents-2024","status":"publish","type":"page","link":"https:\/\/sisu.ut.ee\/planeerimiskonverents\/planeerimiskonverents-2024\/","title":{"rendered":"Tartu Planeerimiskonverents 2024"},"content":{"rendered":"<p><\/p>\n\n\n\n<p class=\"has-text-align-center\"><strong>IX Tartu Planeerimiskonverents<\/strong><\/p>\n\n\n\n<p class=\"has-text-align-center\"><strong>14.-15. m\u00e4rtsil 2024<\/strong><\/p>\n\n\n\n<p class=\"has-text-align-center\"><strong>VSpa konverentsikeskus, Tartu<\/strong><\/p>\n\n\n\n<p>IX Tartu Planeerimiskonverentsi peateema oli \u201c<strong>Julge olek planeerimises<\/strong>\u201d. Konverentsil diskuteeriti \u00fchelt pool energiajulgeoleku ja -haavatavuse ning riigikaitseliste objektide planeerimise, aga teisalt ka j\u00f5ulisema avaliku ruumiloome, regionaal- ja linnaplaneerimises NIMBY v\u00e4ltimise ning kodaniku ja planeerija vastutuse \u00fcle.<\/p>\n\n\n\n<blockquote class=\"wp-block-quote is-layout-flow wp-block-quote-is-layout-flow\">\n<p>Sessioonide kirjeldused ja ettekanded on leitavad konverentsi <a href=\"https:\/\/planeerimiskonverents.ut.ee\/kava-2024\/\">kava lehelt<\/a>.<\/p>\n<\/blockquote>\n\n\n\n<p>Konverentsi toetasid: Tartu linn, Tartu \u00dclikool, Eesti Planeerijate \u00dching, Eesti linnade ja Valdade Liit, Regionaal- ja P\u00f5llumajandusministeerium, EL URBACT programm, Euroopa Linnaalgatus, Tallinna \u00dclikool, Eesti Maa\u00fclikool, Eesti Kunstiakadeemia,\u00a0Tallinna Tehnika\u00fclikool, Energiat\u00f5hususe Tippkeskus ja EL ESPON programm.<\/p>\n\n\n\n<p>Vaata ka \u00fcritust <a href=\"https:\/\/www.facebook.com\/events\/244029615326100\/?ref=newsfeed\" target=\"_blank\" rel=\"noreferrer noopener\">Facebookis<\/a><\/p>\n","protected":false},"excerpt":{"rendered":"<p>IX Tartu Planeerimiskonverents 14.-15. m\u00e4rtsil 2024 VSpa konverentsikeskus, Tartu IX Tartu Planeerimiskonverentsi peateema oli \u201cJulge olek planeerimises\u201d. Konverentsil diskuteeriti \u00fchelt pool energiajulgeoleku ja -haavatavuse ning riigikaitseliste objektide planeerimise, aga teisalt ka j\u00f5ulisema avaliku ruumiloome, regionaal- ja linnaplaneerimises NIMBY v\u00e4ltimise ning &#8230;<\/p>\n","protected":false},"author":138,"featured_media":0,"parent":0,"menu_order":0,"comment_status":"closed","ping_status":"closed","template":"","meta":{"_acf_changed":false,"inline_featured_image":false,"footnotes":""},"class_list":["post-1764","page","type-page","status-publish","hentry"],"acf":[],"_links":{"self":[{"href":"https:\/\/sisu.ut.ee\/planeerimiskonverents\/wp-json\/wp\/v2\/pages\/1764","targetHints":{"allow":["GET"]}}],"collection":[{"href":"https:\/\/sisu.ut.ee\/planeerimiskonverents\/wp-json\/wp\/v2\/pages"}],"about":[{"href":"https:\/\/sisu.ut.ee\/planeerimiskonverents\/wp-json\/wp\/v2\/types\/page"}],"author":[{"embeddable":true,"href":"https:\/\/sisu.ut.ee\/planeerimiskonverents\/wp-json\/wp\/v2\/users\/138"}],"replies":[{"embeddable":true,"href":"https:\/\/sisu.ut.ee\/planeerimiskonverents\/wp-json\/wp\/v2\/comments?post=1764"}],"version-history":[{"count":4,"href":"https:\/\/sisu.ut.ee\/planeerimiskonverents\/wp-json\/wp\/v2\/pages\/1764\/revisions"}],"predecessor-version":[{"id":1782,"href":"https:\/\/sisu.ut.ee\/planeerimiskonverents\/wp-json\/wp\/v2\/pages\/1764\/revisions\/1782"}],"wp:attachment":[{"href":"https:\/\/sisu.ut.ee\/planeerimiskonverents\/wp-json\/wp\/v2\/media?parent=1764"}],"curies":[{"name":"wp","href":"https:\/\/api.w.org\/{rel}","templated":true}]}}