{"id":6,"date":"2024-04-04T01:46:18","date_gmt":"2024-04-03T22:46:18","guid":{"rendered":"https:\/\/sisu.ut.ee\/plagiaat_viitamine\/abiks-viidete-vormistamisel\/"},"modified":"2024-04-04T01:46:20","modified_gmt":"2024-04-03T22:46:20","slug":"abiks-viidete-vormistamisel","status":"publish","type":"page","link":"https:\/\/sisu.ut.ee\/plagiaat_viitamine\/abiks-viidete-vormistamisel\/","title":{"rendered":"Abiks viidete vormistamisel"},"content":{"rendered":"<p>Paljudel ajakirjadel, kogumikel ja raamatutel on iga\u00fchel oma viitamistiil. Need on v\u00e4ljas ajakirja kodulehel. Viidete haldurid (nt vabavaralised Zotero\u00a0\u00a0(<a href=\"http:\/\/www.zotero.org\/\" target=\"_blank\" rel=\"noopener\">http:\/\/www.zotero.org<\/a>) ja Mendeley \u00a0(<a href=\"https:\/\/www.mendeley.com\/\" target=\"_blank\" rel=\"noopener\">https:\/\/www.mendeley.com\/<\/a>)\u00a0v\u00f5imaldavad valida automaatselt tuhandeid erinevaid viitamisstiile ning vormistada t\u00f6\u00f6sse n\u00f5uetekohased viited. T\u00e4psemalt vt juhendit\u00a0<a href=\"https:\/\/sisu.ut.ee\/zoterojuhend\" target=\"_blank\" rel=\"noopener\">Viidete haldurid Zotero ja Mendeley.<\/a><\/p>\n<p>M\u00f5nda \u00fcldtuntud viitamisstiili kasutatakse palju, n\u00e4iteks APA, Chicago, MLA , Harvard, seet\u00f5ttu v\u00f5imaldavad andmebaasid automaatselt teha nendes stiilides kirjeid, et teha korrektne viitamine lihtsaks. Artikli kirje avamisel tekib men\u00fc\u00fcsse vastav link.\u00a0<\/p>\n<p><span>Viide EBSCO\u2019st<\/span><\/p>\n<p>Kl\u00f5psates artikli pealkirjal ilmub paremale k\u00fclgribale valik \u00a0Cite.\u00a0<\/p>\n<p><img loading=\"lazy\" decoding=\"async\" width=\"677\" height=\"179\" class=\"alignnone wp-image-11\" src=\"https:\/\/sisu.ut.ee\/wp-content\/uploads\/sites\/137\/score_1.png\" title=\"score_1.png\" alt=\"score1\" srcset=\"https:\/\/sisu.ut.ee\/wp-content\/uploads\/sites\/137\/score_1.png 677w, https:\/\/sisu.ut.ee\/wp-content\/uploads\/sites\/137\/score_1-300x79.png 300w\" sizes=\"auto, (max-width: 677px) 100vw, 677px\"><\/p>\n<p>Avanenud vaatest saab valida erinevaid viitemisstiile. Allpool on erinevate viitamisstiilide n\u00e4ited. Nagu n\u00e4ha, sisaldavad need erinevaid andmeid erinevas j\u00e4rjekorras ning erineva \u0161riftiga.<\/p>\n\n<p><img loading=\"lazy\" decoding=\"async\" width=\"585\" height=\"358\" class=\"alignnone wp-image-10\" src=\"https:\/\/sisu.ut.ee\/wp-content\/uploads\/sites\/137\/score2.png\" title=\"score2.png\" alt=\"score\" srcset=\"https:\/\/sisu.ut.ee\/wp-content\/uploads\/sites\/137\/score2.png 585w, https:\/\/sisu.ut.ee\/wp-content\/uploads\/sites\/137\/score2-300x184.png 300w\" sizes=\"auto, (max-width: 585px) 100vw, 585px\"><\/p>\n\n<p>Eestikeelset kirjandust:\u00a0<\/p>\n<p>Heiki Pisuke.\u00a0<em>Autor ja \u00fclikool. Autori\u00f5iguse alused.<\/em>\u00a0Tartu: Tartu \u00dclikooli Kirjastus, 2004, lk 91\u201395.\u00a0<br>Sirkka Hirsij\u00e4rvi, Pirkko Remes, Paula Sajavaara<em>. Uuri ja kirjuta<\/em>. Tallinn: Kirjastus Medicina, 2005, lk 110\u2013111.<\/p>\n<div>Talvik, Mati ; Salumaa, Tarmo.<em>Viitamine kirjalikes \u00f5pilast\u00f6\u00f6des ja viiteallikate loetelu vormistamine<\/em>,\u00a0<em>Merlecons toimetised. Seeria B<\/em>. Tallinn\u00a0: Merlecons ja Ko, 2014 ,<\/div>\n","protected":false},"excerpt":{"rendered":"<p>Paljudel ajakirjadel, kogumikel ja raamatutel on iga\u00fchel oma viitamistiil. Need on v\u00e4ljas ajakirja kodulehel. Viidete haldurid (nt vabavaralised Zotero\u00a0\u00a0(http:\/\/www.zotero.org) ja Mendeley \u00a0(https:\/\/www.mendeley.com\/)\u00a0v\u00f5imaldavad valida automaatselt tuhandeid erinevaid viitamisstiile ning vormistada t\u00f6\u00f6sse n\u00f5uetekohased viited. T\u00e4psemalt vt juhendit\u00a0Viidete haldurid Zotero ja Mendeley. M\u00f5nda &#8230;<\/p>\n","protected":false},"author":5,"featured_media":0,"parent":0,"menu_order":0,"comment_status":"closed","ping_status":"closed","template":"","meta":{"_acf_changed":false,"inline_featured_image":false,"footnotes":""},"class_list":["post-6","page","type-page","status-publish","hentry"],"acf":[],"_links":{"self":[{"href":"https:\/\/sisu.ut.ee\/plagiaat_viitamine\/wp-json\/wp\/v2\/pages\/6","targetHints":{"allow":["GET"]}}],"collection":[{"href":"https:\/\/sisu.ut.ee\/plagiaat_viitamine\/wp-json\/wp\/v2\/pages"}],"about":[{"href":"https:\/\/sisu.ut.ee\/plagiaat_viitamine\/wp-json\/wp\/v2\/types\/page"}],"author":[{"embeddable":true,"href":"https:\/\/sisu.ut.ee\/plagiaat_viitamine\/wp-json\/wp\/v2\/users\/5"}],"replies":[{"embeddable":true,"href":"https:\/\/sisu.ut.ee\/plagiaat_viitamine\/wp-json\/wp\/v2\/comments?post=6"}],"version-history":[{"count":1,"href":"https:\/\/sisu.ut.ee\/plagiaat_viitamine\/wp-json\/wp\/v2\/pages\/6\/revisions"}],"predecessor-version":[{"id":22,"href":"https:\/\/sisu.ut.ee\/plagiaat_viitamine\/wp-json\/wp\/v2\/pages\/6\/revisions\/22"}],"wp:attachment":[{"href":"https:\/\/sisu.ut.ee\/plagiaat_viitamine\/wp-json\/wp\/v2\/media?parent=6"}],"curies":[{"name":"wp","href":"https:\/\/api.w.org\/{rel}","templated":true}]}}