{"id":18,"date":"2024-06-12T14:58:21","date_gmt":"2024-06-12T11:58:21","guid":{"rendered":"https:\/\/sisu.ut.ee\/pisitekstid\/?page_id=18"},"modified":"2026-04-29T15:47:30","modified_gmt":"2026-04-29T12:47:30","slug":"publikatsioonid","status":"publish","type":"page","link":"https:\/\/sisu.ut.ee\/pisitekstid\/publikatsioonid\/","title":{"rendered":"Publikatsioonid"},"content":{"rendered":"<p>Sellelt lehelt leiad viited projekti k\u00e4igus ja selle j\u00e4rel ilmunud teadusartiklitele, magistrit\u00f6\u00f6dele, ettekannete teesidele ja laiemale lugejaskonnale m\u00f5eldud tekstidele.<\/p>\n\n\n\n<hr class=\"wp-block-separator has-alpha-channel-opacity\">\n\n\n\n<h2 class=\"wp-block-heading\">Teadusartiklid ja l\u00f5put\u00f6\u00f6d<\/h2>\n\n\n\n<p>Anu Kadri Uustalu. 2026. <em><a href=\"https:\/\/hdl.handle.net\/10062\/118819\" data-type=\"link\" data-id=\"https:\/\/hdl.handle.net\/10062\/118819\" target=\"_blank\" rel=\"noreferrer noopener\">\u201c\u00c4rge pressige, jobud\u201d. Keeleliste ja visuaalsete vahendite kasutamine n\u00f5usoleku k\u00fcsimisel ja andmisel eesti avaliku ja erasektori veebilehtede k\u00fcpsiseteadetes.<\/a><\/em> Tartu \u00dclikool, eesti ja \u00fcldkeeleteaduse instituut. Magistrit\u00f6\u00f6.<\/p>\n\n\n\n<p><\/p>\n\n\n\n<hr class=\"wp-block-separator has-alpha-channel-opacity\">\n\n\n\n<h2 class=\"wp-block-heading\">Ettekannete teesid<\/h2>\n\n\n\n<p>Reile, Maria, Kristiina Vaik, Grace Eden, Anu Kadri Uustalu, Anastasia \u0160epilenko &amp; Katri Selg. 2025. <em><a href=\"https:\/\/drive.google.com\/file\/d\/1FQjEk84iZF8nXcV4FbjS9PZWfbdlZEOa\/view?usp=sharing\" data-type=\"link\" data-id=\"https:\/\/drive.google.com\/file\/d\/1FQjEk84iZF8nXcV4FbjS9PZWfbdlZEOa\/view?usp=sharing\" target=\"_blank\" rel=\"noreferrer noopener\">Creating Meaning in the User Interface. Combining Linguistic Devices with Design Elements<\/a><\/em>. Suulise ettekande teesid konverentsil <a href=\"https:\/\/events.tuni.fi\/skysymposium2025\/\" data-type=\"link\" data-id=\"https:\/\/events.tuni.fi\/skysymposium2025\/\" target=\"_blank\" rel=\"noreferrer noopener\">SKY Symposium 2025<\/a>, 2.-3. oktoober 2025. Tampere, Soome.<\/p>\n\n\n\n<p><\/p>\n\n\n\n<hr class=\"wp-block-separator has-alpha-channel-opacity\">\n\n\n\n<h2 class=\"wp-block-heading\">Pisitekstide huvilisele<\/h2>\n\n\n\n\n\n<p><\/p>\n","protected":false},"excerpt":{"rendered":"<p>Sellelt lehelt leiad viited projekti k\u00e4igus ja selle j\u00e4rel ilmunud teadusartiklitele, magistrit\u00f6\u00f6dele, ettekannete teesidele ja laiemale lugejaskonnale m\u00f5eldud tekstidele. Teadusartiklid ja l\u00f5put\u00f6\u00f6d Anu Kadri Uustalu. 2026. \u201c\u00c4rge pressige, jobud\u201d. Keeleliste ja visuaalsete vahendite kasutamine n\u00f5usoleku k\u00fcsimisel ja andmisel eesti avaliku &#8230;<\/p>\n","protected":false},"author":448,"featured_media":0,"parent":0,"menu_order":0,"comment_status":"closed","ping_status":"closed","template":"","meta":{"_acf_changed":false,"inline_featured_image":false,"footnotes":""},"class_list":["post-18","page","type-page","status-publish","hentry"],"acf":[],"_links":{"self":[{"href":"https:\/\/sisu.ut.ee\/pisitekstid\/wp-json\/wp\/v2\/pages\/18","targetHints":{"allow":["GET"]}}],"collection":[{"href":"https:\/\/sisu.ut.ee\/pisitekstid\/wp-json\/wp\/v2\/pages"}],"about":[{"href":"https:\/\/sisu.ut.ee\/pisitekstid\/wp-json\/wp\/v2\/types\/page"}],"author":[{"embeddable":true,"href":"https:\/\/sisu.ut.ee\/pisitekstid\/wp-json\/wp\/v2\/users\/448"}],"replies":[{"embeddable":true,"href":"https:\/\/sisu.ut.ee\/pisitekstid\/wp-json\/wp\/v2\/comments?post=18"}],"version-history":[{"count":11,"href":"https:\/\/sisu.ut.ee\/pisitekstid\/wp-json\/wp\/v2\/pages\/18\/revisions"}],"predecessor-version":[{"id":386,"href":"https:\/\/sisu.ut.ee\/pisitekstid\/wp-json\/wp\/v2\/pages\/18\/revisions\/386"}],"wp:attachment":[{"href":"https:\/\/sisu.ut.ee\/pisitekstid\/wp-json\/wp\/v2\/media?parent=18"}],"curies":[{"name":"wp","href":"https:\/\/api.w.org\/{rel}","templated":true}]}}