{"id":5,"date":"2024-04-04T09:15:45","date_gmt":"2024-04-04T06:15:45","guid":{"rendered":"https:\/\/sisu.ut.ee\/parandusfestival2024\/konverents\/"},"modified":"2024-10-01T15:16:21","modified_gmt":"2024-10-01T12:16:21","slug":"konverents","status":"publish","type":"page","link":"https:\/\/sisu.ut.ee\/parandusfestival2024\/konverents\/","title":{"rendered":"Rahvusvaheline konverents \u201eP\u00e4rand kestliku kogukonna teenistuses\u201c"},"content":{"rendered":"<p><\/p>\n\n\n\n<p class=\"has-extra-large-font-size\"><strong>1.\u2500<\/strong>\u00a0<strong>2. oktoober 2024<\/strong>\u00a0<strong>P\u00e4rimusmuusika Aidas Viljandis<\/strong><\/p>\n\n\n\n<p class=\"has-large-font-size\">Konverents toimub 1. oktoobril kell 10.00-18.00 ja 2. oktoobril kell 9.00-17.50<\/p>\n\n\n\n<p class=\"has-large-font-size\">Konverentsil arutletakse traditsiooni kui kultuurilise protsessi \u00fcle ja k\u00e4sitletakse p\u00e4randit kui keskkondlikku, kultuurilist<span xml:lang=\"ET-EE\" data-contrast=\"auto\">, <\/span>sotsiaalset ja majanduslikku v\u00e4\u00e4rtust, mis toetab ja aitab \u00fchiskonda arendada nii kohalikul, riiklikul kui globaalsel tasandil.<\/p>\n\n\n\n<p class=\"has-large-font-size\">Konverentsi t\u00f6\u00f6keel on inglise keel.<\/p>\n\n\n\n<div class=\"wp-block-buttons is-layout-flex wp-block-buttons-is-layout-flex\">\n<div class=\"wp-block-button has-custom-font-size has-large-font-size\"><a class=\"wp-block-button__link has-primary-background-color has-background wp-element-button\" href=\"https:\/\/sisu.ut.ee\/wp-content\/uploads\/sites\/693\/Viljandi_conference_abstracts_ENG_04.pdf\" target=\"_blank\" rel=\"noreferrer noopener\"><strong>KONVERENTSI KOKKUV\u00d5TTED<\/strong><\/a><\/div>\n<\/div>\n\n\n\n<p><\/p>\n\n\n\n<p class=\"has-extra-large-font-size\"><strong>Registreerimine ja osalustasu<\/strong><\/p>\n\n\n\n<p class=\"has-large-font-size\">Konverentsile saab registreerida 20. septembrini 2024 (v\u00f5i kuni kohti j\u00e4tkub).<\/p>\n\n\n\n<div class=\"wp-block-buttons has-custom-font-size has-large-font-size is-content-justification-left is-layout-flex wp-container-core-buttons-is-layout-fdcfc74e wp-block-buttons-is-layout-flex\">\n<div class=\"wp-block-button\"><a class=\"wp-block-button__link has-primary-background-color has-background wp-element-button\" href=\"https:\/\/survey.ut.ee\/index.php\/registration_2024\" target=\"_blank\" rel=\"noreferrer noopener\"><strong>REGISTREERU<\/strong><\/a><\/div>\n<\/div>\n\n\n\n<p><\/p>\n\n\n\n<ul class=\"wp-block-list has-large-font-size\">\n<li><strong>tavapilet: <\/strong>80 eurot<\/li>\n\n\n\n<li><strong>sooduspilet (\u00fcli\u00f5pilane, pension\u00e4r): <\/strong>60 eurot<\/li>\n<\/ul>\n\n\n\n<p><\/p>\n\n\n\n<p class=\"has-large-font-size\">Osalustasu sisaldab ka m\u00f5lema p\u00e4eva l\u00f5unas\u00f6\u00f6ki ja kohvipause.<br>Osalustasu maksmine toimub arve alusel, mille esitab T\u00dc Viljandi kultuuriakadeemia.<\/p>\n\n\n\n<p class=\"has-large-font-size\"><strong>Transport ja majutus<\/strong> (sh hommikus\u00f6\u00f6k) on osaleja enda korraldada (vaata meie soovitusi alalehel <a href=\"https:\/\/sisu.ut.ee\/parandusfestival2024\/kuidas-tulla\/\" target=\"_blank\" rel=\"noreferrer noopener\">kuidas tulla<\/a>).<\/p>\n\n\n\n<p class=\"has-large-font-size\"><strong>NB!\u00a0<\/strong>Konverentsi pidulik elava muusikaga \u00f5htus\u00f6\u00f6k toimub <strong>1. oktoobril kell 19-22<\/strong> Viljandi Sakala keskuses. \u00d5htus\u00f6\u00f6gi osalemistasu on 55 eurot ja registreeruda saab konverentsi \u00fcldise registreerimisvormi kaudu.<\/p>\n\n\n\n<p class=\"has-large-font-size\">Konverentsile\u00a0esitati 42 teesi.<\/p>\n","protected":false},"excerpt":{"rendered":"<p>1.\u2500\u00a02. oktoober 2024\u00a0P\u00e4rimusmuusika Aidas Viljandis Konverents toimub 1. oktoobril kell 10.00-18.00 ja 2. oktoobril kell 9.00-17.50 Konverentsil arutletakse traditsiooni kui kultuurilise protsessi \u00fcle ja k\u00e4sitletakse p\u00e4randit kui keskkondlikku, kultuurilist, sotsiaalset ja majanduslikku v\u00e4\u00e4rtust, mis toetab ja aitab \u00fchiskonda arendada nii &#8230;<\/p>\n","protected":false},"author":342,"featured_media":0,"parent":0,"menu_order":0,"comment_status":"closed","ping_status":"closed","template":"","meta":{"_acf_changed":false,"inline_featured_image":false,"footnotes":""},"class_list":["post-5","page","type-page","status-publish","hentry"],"acf":[],"_links":{"self":[{"href":"https:\/\/sisu.ut.ee\/parandusfestival2024\/wp-json\/wp\/v2\/pages\/5","targetHints":{"allow":["GET"]}}],"collection":[{"href":"https:\/\/sisu.ut.ee\/parandusfestival2024\/wp-json\/wp\/v2\/pages"}],"about":[{"href":"https:\/\/sisu.ut.ee\/parandusfestival2024\/wp-json\/wp\/v2\/types\/page"}],"author":[{"embeddable":true,"href":"https:\/\/sisu.ut.ee\/parandusfestival2024\/wp-json\/wp\/v2\/users\/342"}],"replies":[{"embeddable":true,"href":"https:\/\/sisu.ut.ee\/parandusfestival2024\/wp-json\/wp\/v2\/comments?post=5"}],"version-history":[{"count":24,"href":"https:\/\/sisu.ut.ee\/parandusfestival2024\/wp-json\/wp\/v2\/pages\/5\/revisions"}],"predecessor-version":[{"id":1168,"href":"https:\/\/sisu.ut.ee\/parandusfestival2024\/wp-json\/wp\/v2\/pages\/5\/revisions\/1168"}],"wp:attachment":[{"href":"https:\/\/sisu.ut.ee\/parandusfestival2024\/wp-json\/wp\/v2\/media?parent=5"}],"curies":[{"name":"wp","href":"https:\/\/api.w.org\/{rel}","templated":true}]}}