{"id":117,"date":"2024-05-08T12:06:31","date_gmt":"2024-05-08T09:06:31","guid":{"rendered":"https:\/\/sisu.ut.ee\/parandusfestival2024\/?page_id=117"},"modified":"2024-09-25T13:53:05","modified_gmt":"2024-09-25T10:53:05","slug":"kuidas-tulla","status":"publish","type":"page","link":"https:\/\/sisu.ut.ee\/parandusfestival2024\/kuidas-tulla\/","title":{"rendered":"Kasulik info"},"content":{"rendered":"<p class=\"has-large-font-size\"><\/p>\n\n\n\n<p class=\"has-large-font-size\"><br>Hea P\u00e4randusfestivali k\u00fclastaja! Hoiame koos oma keskkonda ja veedame aja Viljandis seda arvestades.<\/p>\n\n\n\n<figure class=\"wp-block-gallery has-nested-images columns-default is-cropped wp-block-gallery-1 is-layout-flex wp-block-gallery-is-layout-flex\">\n<figure class=\"wp-block-image size-large\"><img loading=\"lazy\" decoding=\"async\" width=\"1024\" height=\"683\" data-id=\"967\" src=\"https:\/\/sisu.ut.ee\/wp-content\/uploads\/sites\/693\/53916875322_9b70a3b71e_o-1024x683.jpg\" alt=\"\" class=\"wp-image-967\" srcset=\"https:\/\/sisu.ut.ee\/wp-content\/uploads\/sites\/693\/53916875322_9b70a3b71e_o-1024x683.jpg 1024w, https:\/\/sisu.ut.ee\/wp-content\/uploads\/sites\/693\/53916875322_9b70a3b71e_o-300x200.jpg 300w, https:\/\/sisu.ut.ee\/wp-content\/uploads\/sites\/693\/53916875322_9b70a3b71e_o-768x512.jpg 768w, https:\/\/sisu.ut.ee\/wp-content\/uploads\/sites\/693\/53916875322_9b70a3b71e_o-1536x1024.jpg 1536w, https:\/\/sisu.ut.ee\/wp-content\/uploads\/sites\/693\/53916875322_9b70a3b71e_o-2048x1365.jpg 2048w, https:\/\/sisu.ut.ee\/wp-content\/uploads\/sites\/693\/53916875322_9b70a3b71e_o-1920x1280.jpg 1920w\" sizes=\"auto, (max-width: 1024px) 100vw, 1024px\"><\/figure>\n\n\n\n<figure class=\"wp-block-image size-large\"><img loading=\"lazy\" decoding=\"async\" width=\"1024\" height=\"683\" data-id=\"965\" src=\"https:\/\/sisu.ut.ee\/wp-content\/uploads\/sites\/693\/53918119779_c4daf468ba_o-1024x683.jpg\" alt=\"\" class=\"wp-image-965\" srcset=\"https:\/\/sisu.ut.ee\/wp-content\/uploads\/sites\/693\/53918119779_c4daf468ba_o-1024x683.jpg 1024w, https:\/\/sisu.ut.ee\/wp-content\/uploads\/sites\/693\/53918119779_c4daf468ba_o-300x200.jpg 300w, https:\/\/sisu.ut.ee\/wp-content\/uploads\/sites\/693\/53918119779_c4daf468ba_o-768x512.jpg 768w, https:\/\/sisu.ut.ee\/wp-content\/uploads\/sites\/693\/53918119779_c4daf468ba_o-1536x1024.jpg 1536w, https:\/\/sisu.ut.ee\/wp-content\/uploads\/sites\/693\/53918119779_c4daf468ba_o-2048x1365.jpg 2048w, https:\/\/sisu.ut.ee\/wp-content\/uploads\/sites\/693\/53918119779_c4daf468ba_o-1920x1280.jpg 1920w\" sizes=\"auto, (max-width: 1024px) 100vw, 1024px\"><\/figure>\n\n\n\n<figure class=\"wp-block-image size-large\"><img loading=\"lazy\" decoding=\"async\" width=\"1024\" height=\"683\" data-id=\"961\" src=\"https:\/\/sisu.ut.ee\/wp-content\/uploads\/sites\/693\/53918212445_0dbaff0a90_o-1-1024x683.jpg\" alt=\"\" class=\"wp-image-961\" srcset=\"https:\/\/sisu.ut.ee\/wp-content\/uploads\/sites\/693\/53918212445_0dbaff0a90_o-1-1024x683.jpg 1024w, https:\/\/sisu.ut.ee\/wp-content\/uploads\/sites\/693\/53918212445_0dbaff0a90_o-1-300x200.jpg 300w, https:\/\/sisu.ut.ee\/wp-content\/uploads\/sites\/693\/53918212445_0dbaff0a90_o-1-768x512.jpg 768w, https:\/\/sisu.ut.ee\/wp-content\/uploads\/sites\/693\/53918212445_0dbaff0a90_o-1-1536x1024.jpg 1536w, https:\/\/sisu.ut.ee\/wp-content\/uploads\/sites\/693\/53918212445_0dbaff0a90_o-1-2048x1365.jpg 2048w, https:\/\/sisu.ut.ee\/wp-content\/uploads\/sites\/693\/53918212445_0dbaff0a90_o-1-1920x1280.jpg 1920w\" sizes=\"auto, (max-width: 1024px) 100vw, 1024px\"><\/figure>\n<\/figure>\n\n\n\n<p class=\"has-extra-small-font-size\">Fotod: Siim Verner Teder<\/p>\n\n\n\n<p class=\"has-extra-large-font-size\"><strong>Kui tuled festivalile siis:<\/strong><\/p>\n\n\n\n<ul class=\"wp-block-list\">\n<li class=\"has-large-font-size\">V\u00f5ta kaasa oma korduvkasutatav veepudel. Saad seda festivalialal t\u00e4ita.<\/li>\n\n\n\n<li class=\"has-large-font-size\">Kasutame festivalil korduvkasutatavaid n\u00f5usid ja s\u00f6\u00f6giriistu. Kui oled s\u00f6\u00f6mise l\u00f5petanud, siis palun anna n\u00f5ud tagasi toitlustajale.<\/li>\n\n\n\n<li class=\"has-large-font-size\">Festivalil kogume j\u00e4\u00e4tmed liigiti. J\u00e4lgi pr\u00fcgikastidel olevaid m\u00e4rgiseid.<\/li>\n\n\n\n<li class=\"has-large-font-size\">Tule v\u00f5imalusel festivalile jala v\u00f5i rattaga, mille saad lukustada P\u00e4rimusmuusika Aida ja Viljand Spordihoone ette.<\/li>\n\n\n\n<li class=\"has-large-font-size\">Kui tuled kaugemalt, tee seda v\u00f5imalusel rongi v\u00f5i bussiga. P\u00e4rimusmuusika Ait ja Viljand Spordihoone asuvad Viljandi Rongijaamast u 1,5 km ja Viljandi Bussijaamast u 850 m kaugusel. Rongiaegu vaata <a href=\"https:\/\/elron.ee\/\">siit<\/a>, bussiaegu <a href=\"https:\/\/www.tpilet.ee\/\">siit<\/a> ja Viljandi linnaliinide aegu <a href=\"https:\/\/transport.viljandimaa.ee\/soiduplaanid\/\">siit<\/a>. L\u00e4him bussipeatus on Vabaduse plats, mis asub Spordihoone ees.\u00a0<\/li>\n\n\n\n<li class=\"has-large-font-size\">Kui tuled autoga, jaga s\u00f5itu siia tulevate s\u00f5pradega.<\/li>\n<\/ul>\n\n\n\n<p><\/p>\n\n\n\n<p class=\"has-extra-large-font-size\"><strong>Kuidas tulla<\/strong><\/p>\n\n\n<div class=\"accordion-block mb-3\">\n\t\t<div class=\"accordion accordion--limited-width\" id=\"accordion-accordion-69d9b51d5635d\">\n\t\t\t\t\t\t\t<div class=\"accordion-item accordion-item--white\">\n\t\t\t\t\t<h2 class=\"accordion-header\" id=\"accordion-69d9b51d5635d-heading-1\">\n\t\t\t\t\t\t<button class=\"accordion-button collapsed\" type=\"button\" data-bs-toggle=\"collapse\" data-bs-target=\"#accordion-69d9b51d5635d-collapse-1\" aria-expanded=\"true\" aria-controls=\"accordion-69d9b51d5635d-collapse-1\">\n\t\t\t\t\t\t\tTRANSPORT\n\t\t\t\t\t\t<\/button>\n\t\t\t\t\t<\/h2>\n\t\t\t\t\t<div id=\"accordion-69d9b51d5635d-collapse-1\" class=\"accordion-collapse collapse \" aria-labelledby=\"accordion-69d9b51d5635d-heading-1\">\n\t\t\t\t\t\t<div class=\"accordion-body\">\n\t\t\t\t\t\t\t<p><!-- wp:paragraph {\"fontSize\":\"large\"} --><\/p>\n<p class=\"has-large-font-size\">Suurematest linnadest saab Viljandisse mugavalt bussiga. Vaata t\u00e4pseid graafikuid ja piletihindu: <a href=\"https:\/\/www.tpilet.ee\/\">https:\/\/www.tpilet.ee\/<\/a><\/p>\n<p><!-- \/wp:paragraph --> <!-- wp:paragraph {\"fontSize\":\"large\"} --><\/p>\n<p class=\"has-large-font-size\">Tallinnast saab Viljandisse ka rongiga. Vaata t\u00e4pseid graafikuid ja piletihindu:<a href=\"https:\/\/elron.ee\/\"> https:\/\/elron.ee\/<\/a><\/p>\n<p><!-- \/wp:paragraph --><\/p>\n\n\t\t\t\t\t\t<\/div>\n\t\t\t\t\t<\/div>\n\t\t\t\t<\/div>\n\t\t\t\t\t\t\t<div class=\"accordion-item accordion-item--white\">\n\t\t\t\t\t<h2 class=\"accordion-header\" id=\"accordion-69d9b51d5635d-heading-2\">\n\t\t\t\t\t\t<button class=\"accordion-button collapsed\" type=\"button\" data-bs-toggle=\"collapse\" data-bs-target=\"#accordion-69d9b51d5635d-collapse-2\" aria-expanded=\"true\" aria-controls=\"accordion-69d9b51d5635d-collapse-2\">\n\t\t\t\t\t\t\tMAJUTUS\n\t\t\t\t\t\t<\/button>\n\t\t\t\t\t<\/h2>\n\t\t\t\t\t<div id=\"accordion-69d9b51d5635d-collapse-2\" class=\"accordion-collapse collapse \" aria-labelledby=\"accordion-69d9b51d5635d-heading-2\">\n\t\t\t\t\t\t<div class=\"accordion-body\">\n\t\t\t\t\t\t\t<p><!-- wp:paragraph {\"fontSize\":\"large\"} --><\/p>\n<p class=\"has-large-font-size\"><strong><a href=\"https:\/\/centrum.ee\/?utm_campaign=hotellid&amp;utm_source=google&amp;utm_medium=ppc&amp;utm_term=hotell%20viljandis&amp;utm_content=1940302-e1-ng-mp-c905830783-g43572061605-a425286849339-uCj0KCQjw0ruyBhDuARIsANSZ3woZWz1XzoALLbKftNAApfhOr-Aesr5AXBRBYIUbm39M2KjTtpteTsIaAjGwEALw_wcB-cat5494774-khotell%20viljandis-mod&amp;gad_source=1&amp;gclid=Cj0KCQjw0ruyBhDuARIsANSZ3woZWz1XzoALLbKftNAApfhOr-Aesr5AXBRBYIUbm39M2KjTtpteTsIaAjGwEALw_wcB\" target=\"_blank\" rel=\"noopener\">Centrum Hotell Viljandi<\/a><\/strong> (1km jala P\u00e4rimusmuusika Aidast)<br>\nTubadele kehtib 10% soodustus letihinnast:<br>\n\u00dchekohaline tuba: 63eur\/\u00f6\u00f6<br>\nKahekohaline tuba: 76 eur\/\u00f6\u00f6<br>\nKolmekohaline tuba: 108 eur\/\u00f6\u00f6<br>\nSviit: \u00fchele 110 eur\/\u00f6\u00f6, kahele 135 eur\/\u00f6\u00f6<\/p>\n<p><!-- \/wp:paragraph --> <!-- wp:paragraph {\"fontSize\":\"large\"} --><\/p>\n<p class=\"has-large-font-size\">Hinnad sisaldavad hommikus\u00f6\u00f6ki. Broneerimiseks saatke e-kiri: bron@centrum.ee kasutades m\u00e4rks\u00f5na \u201cp\u00e4randusfestival\u201d.<\/p>\n<p><!-- \/wp:paragraph --> <!-- wp:paragraph {\"fontSize\":\"large\"} --><\/p>\n<p class=\"has-large-font-size\"><strong><a href=\"https:\/\/www.ghv.ee\/\" target=\"_blank\" rel=\"noopener\">Grand Hotel Viljandi<\/a><\/strong> (0,5km jala P\u00e4rimusmuusika Aidast)<br>\nBroneerides toa enne 15.09 kehtivad j\u00e4rgmised hinnad:<br>\n\u00dchekohaline tuba: 88 eur\/\u00f6\u00f6<br>\nKahekohaline tuba (double v\u00f5i twin): 107 eur\/\u00f6\u00f6<\/p>\n<p><!-- \/wp:paragraph --> <!-- wp:paragraph {\"fontSize\":\"large\"} --><\/p>\n<p class=\"has-large-font-size\">Hinnad sisaldavad hommikus\u00f6\u00f6ki. Broneerimiseks saatke e-kiri info@ghv.ee kasutades m\u00e4rks\u00f5na \u201cp\u00e4randusfestival\u201d.<\/p>\n<p><!-- \/wp:paragraph --> <!-- wp:paragraph {\"fontSize\":\"large\"} --><\/p>\n<p class=\"has-large-font-size\"><strong><a href=\"https:\/\/www.parkhotelviljandi.ee\/\" target=\"_blank\" rel=\"noopener\">Park Hotell Viljandi<\/a><\/strong> (0,5km jala P\u00e4rimusmuusika Aidast)<br>\nM\u00e4rks\u00f5naga \u201cp\u00e4randusfestival\u201d kehtib letihindadest soodustus 10%. Broneerimiseks saatke e-kiri info@parkhotellviljandi.ee.<\/p>\n<p><!-- \/wp:paragraph --><\/p>\n\n\t\t\t\t\t\t<\/div>\n\t\t\t\t\t<\/div>\n\t\t\t\t<\/div>\n\t\t\t\t\t\t\t<div class=\"accordion-item accordion-item--white\">\n\t\t\t\t\t<h2 class=\"accordion-header\" id=\"accordion-69d9b51d5635d-heading-3\">\n\t\t\t\t\t\t<button class=\"accordion-button collapsed\" type=\"button\" data-bs-toggle=\"collapse\" data-bs-target=\"#accordion-69d9b51d5635d-collapse-3\" aria-expanded=\"true\" aria-controls=\"accordion-69d9b51d5635d-collapse-3\">\n\t\t\t\t\t\t\tFESTIVALI TOIMUMISPAIGAD\n\t\t\t\t\t\t<\/button>\n\t\t\t\t\t<\/h2>\n\t\t\t\t\t<div id=\"accordion-69d9b51d5635d-collapse-3\" class=\"accordion-collapse collapse \" aria-labelledby=\"accordion-69d9b51d5635d-heading-3\">\n\t\t\t\t\t\t<div class=\"accordion-body\">\n\t\t\t\t\t\t\t<p><!-- wp:paragraph {\"fontSize\":\"large\"} --><\/p>\n<p class=\"has-large-font-size\"><strong>P\u00e4rimusmuusika Ait <\/strong>(konverents, P\u00e4rimusmuusika L\u00f5ikuspidu), Tasuja pst 6, <a href=\"https:\/\/www.folk.ee\/\">www.folk.ee\/<\/a><\/p>\n<p><!-- \/wp:paragraph --> <!-- wp:paragraph {\"fontSize\":\"large\"} --><\/p>\n<p class=\"has-large-font-size\"><strong>Sakala Keskus<\/strong> (konverentsi pidulik \u00f5htus\u00f6\u00f6k), Tallinna tn 5, <a href=\"http:\/\/www.sakalakeskus.ee\">www.sakalakeskus.ee\/<\/a><\/p>\n<p><!-- \/wp:paragraph --> <!-- wp:paragraph {\"fontSize\":\"large\"} --><\/p>\n<p class=\"has-large-font-size\"><strong>Viljandi Spordikeskus <\/strong>(UNESCO ala ja parandusfestivali ala), Vaksali tn 4, <a href=\"https:\/\/www.viljandispordikeskus.ee\/\">www.viljandispordikeskus.ee\/<\/a><\/p>\n<p><!-- \/wp:paragraph --> <!-- wp:paragraph {\"fontSize\":\"large\"} --><\/p>\n<p class=\"has-large-font-size\"><strong>T\u00dc Viljandi kultuuriakadeemia<\/strong> (meistriklassid), erinevad majad, j\u00e4lgi t\u00e4pset infot meistriklasside lehel<\/p>\n<p><!-- \/wp:paragraph --><\/p>\n\n\t\t\t\t\t\t<\/div>\n\t\t\t\t\t<\/div>\n\t\t\t\t<\/div>\n\t\t\t\t\t\t\t<div class=\"accordion-item accordion-item--white\">\n\t\t\t\t\t<h2 class=\"accordion-header\" id=\"accordion-69d9b51d5635d-heading-4\">\n\t\t\t\t\t\t<button class=\"accordion-button collapsed\" type=\"button\" data-bs-toggle=\"collapse\" data-bs-target=\"#accordion-69d9b51d5635d-collapse-4\" aria-expanded=\"true\" aria-controls=\"accordion-69d9b51d5635d-collapse-4\">\n\t\t\t\t\t\t\tPARKIMINE JA \u00dcHISTRANSPORT VILJANDIS\n\t\t\t\t\t\t<\/button>\n\t\t\t\t\t<\/h2>\n\t\t\t\t\t<div id=\"accordion-69d9b51d5635d-collapse-4\" class=\"accordion-collapse collapse \" aria-labelledby=\"accordion-69d9b51d5635d-heading-4\">\n\t\t\t\t\t\t<div class=\"accordion-body\">\n\t\t\t\t\t\t\t<p>Viljandi linna t\u00e4navatel on parkimine tasuta. \u00dcldjuhul tuleb kaubandushoonete ja ostukeskuste parklates tasuda. M\u00f5nes kohas on parkimine tasuta kuni kaks tundi, kasutades parkimiskella. J\u00e4lgi alati parkimist reguleerivaid m\u00e4rke!<\/p>\n<p>Kui sinu majutus asub kesklinnas, on enamik kohti jalutusk\u00e4igu kaugusel. Kui peatute kaugemal, saate bussiliinide ja piletihindade kohta teavet <a href=\"https:\/\/transport.viljandimaa.ee\/soiduplaanid\/\" target=\"_blank\" rel=\"noopener\">SIIT<\/a>. Linnas tegutseb ka mitu taksofirmat, helistage +372 1222 v\u00f5i +372 1200 v\u00f5i kasutage Bolt rakendust.<\/p>\n\n\t\t\t\t\t\t<\/div>\n\t\t\t\t\t<\/div>\n\t\t\t\t<\/div>\n\t\t\t\t\t<\/div>\n\t<\/div>\n","protected":false},"excerpt":{"rendered":"<p>Hea P\u00e4randusfestivali k\u00fclastaja! Hoiame koos oma keskkonda ja veedame aja Viljandis seda arvestades. Fotod: Siim Verner Teder Kui tuled festivalile siis: Kuidas tulla<\/p>\n","protected":false},"author":342,"featured_media":0,"parent":0,"menu_order":0,"comment_status":"closed","ping_status":"closed","template":"","meta":{"_acf_changed":false,"inline_featured_image":false,"footnotes":""},"class_list":["post-117","page","type-page","status-publish","hentry"],"acf":[],"_links":{"self":[{"href":"https:\/\/sisu.ut.ee\/parandusfestival2024\/wp-json\/wp\/v2\/pages\/117","targetHints":{"allow":["GET"]}}],"collection":[{"href":"https:\/\/sisu.ut.ee\/parandusfestival2024\/wp-json\/wp\/v2\/pages"}],"about":[{"href":"https:\/\/sisu.ut.ee\/parandusfestival2024\/wp-json\/wp\/v2\/types\/page"}],"author":[{"embeddable":true,"href":"https:\/\/sisu.ut.ee\/parandusfestival2024\/wp-json\/wp\/v2\/users\/342"}],"replies":[{"embeddable":true,"href":"https:\/\/sisu.ut.ee\/parandusfestival2024\/wp-json\/wp\/v2\/comments?post=117"}],"version-history":[{"count":17,"href":"https:\/\/sisu.ut.ee\/parandusfestival2024\/wp-json\/wp\/v2\/pages\/117\/revisions"}],"predecessor-version":[{"id":972,"href":"https:\/\/sisu.ut.ee\/parandusfestival2024\/wp-json\/wp\/v2\/pages\/117\/revisions\/972"}],"wp:attachment":[{"href":"https:\/\/sisu.ut.ee\/parandusfestival2024\/wp-json\/wp\/v2\/media?parent=117"}],"curies":[{"name":"wp","href":"https:\/\/api.w.org\/{rel}","templated":true}]}}