{"id":7,"date":"2024-04-04T01:58:34","date_gmt":"2024-04-03T22:58:34","guid":{"rendered":"https:\/\/sisu.ut.ee\/pabertoodemeisterdamine\/toovahendid\/"},"modified":"2024-04-15T15:26:47","modified_gmt":"2024-04-15T12:26:47","slug":"toovahendid","status":"publish","type":"page","link":"https:\/\/sisu.ut.ee\/pabertoodemeisterdamine\/toovahendid\/","title":{"rendered":"T\u00f6\u00f6vahendid ja materjalid"},"content":{"rendered":"<p><strong>T\u00f6\u00f6vahendid<\/strong><\/p>\n\n\n\n<p>Vasakuk\u00e4elistele on tehtud toovahendid, mis on m\u00f5eldud ainult vasakuk\u00e4elistele kasutamiseks. Kui antud toovahendid kasutavad lapsed, siis peavad need olema lapse k\u00e4ele \u00f5ige suurusega ning kerge k\u00e4sitleda, et ei tekiks lisapingeid. Pabert\u00f6\u00f6de meisterdamise juures on enamkasutatavatest t\u00f6\u00f6vahenditest\u00a0k\u00e4\u00e4rid, liim, teritaja ja joonlaud, millest antakse j\u00e4rgnevalt \u00fclevaade.\u00a0<\/p>\n\n\n\n<p><strong>K\u00e4\u00e4rid \u2013\u00a0<\/strong>Lapsele on sobivad k\u00e4\u00e4rid, mis on umbes 10-15 cm pikkused.\u00a0Lasteaias kasutatakse \u00fcmara otsaga k\u00e4\u00e4rid, et v\u00e4ltida vigastusi.\u00a0Vasakuk\u00e4elistele on m\u00f5eldud spetsiaalsed k\u00e4\u00e4rid, mida kasutades ei pea nad k\u00e4tt painutama, et l\u00f5ikejoont n\u00e4ha. Kui aga vasakuk\u00e4eline kasutab vasakus k\u00e4es paremak\u00e4eliste k\u00e4\u00e4re, siis normaalses asendis ta l\u00f5ikejoont ei n\u00e4e. Vasakuk\u00e4eliste k\u00e4\u00e4ridel on v\u00f5rreldes\u00a0paremak\u00e4eliste k\u00e4\u00e4ridest erinev lihv ja hoova surve ning ka k\u00e4epide.<\/p>\n\n\n\n<figure class=\"wp-block-image size-full\"><img loading=\"lazy\" decoding=\"async\" width=\"298\" height=\"310\" src=\"https:\/\/sisu.ut.ee\/wp-content\/uploads\/sites\/152\/laste_vasaku-500x416-1.jpg\" alt=\"\" class=\"wp-image-13\" srcset=\"https:\/\/sisu.ut.ee\/wp-content\/uploads\/sites\/152\/laste_vasaku-500x416-1.jpg 298w, https:\/\/sisu.ut.ee\/wp-content\/uploads\/sites\/152\/laste_vasaku-500x416-1-288x300.jpg 288w\" sizes=\"auto, (max-width: 298px) 100vw, 298px\"><\/figure>\n\n\n\n<p><strong>Liim \u2013\u00a0<\/strong>Tavalist paberit on kerge liimida <strong>liimipulgaga<\/strong>. 3- aastasele lapsele sobiv liimipulk on v\u00e4ike v\u00f5i keskmine, et lapsel oleks seda mugav k\u00e4es hoida. Roosat v\u00e4rvi liimipulgad on lapsele hea kasutada, siis ta n\u00e4eb kuhu on juba liimi pannud. Tugevamate kartongide v\u00f5i muude materjalide kinnitamiseks\u00a0kasutatakse<strong>\u00a0PVA-d, <\/strong>mida kantakse t\u00f6\u00f6le pintsliga<\/p>\n\n\n\n<div class=\"wp-block-group is-layout-constrained wp-block-group-is-layout-constrained\">\n<figure class=\"wp-block-gallery has-nested-images columns-default is-cropped wp-block-gallery-1 is-layout-flex wp-block-gallery-is-layout-flex\">\n<figure class=\"wp-block-image size-large\"><a href=\"https:\/\/sisu.ut.ee\/wp-content\/uploads\/sites\/152\/4650059152029.jpg\"><img loading=\"lazy\" decoding=\"async\" width=\"530\" height=\"530\" data-id=\"17\" src=\"https:\/\/sisu.ut.ee\/wp-content\/uploads\/sites\/152\/4650059152029.jpg\" alt=\"\" class=\"wp-image-17\" srcset=\"https:\/\/sisu.ut.ee\/wp-content\/uploads\/sites\/152\/4650059152029.jpg 530w, https:\/\/sisu.ut.ee\/wp-content\/uploads\/sites\/152\/4650059152029-300x300.jpg 300w, https:\/\/sisu.ut.ee\/wp-content\/uploads\/sites\/152\/4650059152029-150x150.jpg 150w\" sizes=\"auto, (max-width: 530px) 100vw, 530px\"><\/a><\/figure>\n\n\n\n<figure class=\"wp-block-image size-large\"><a href=\"https:\/\/sisu.ut.ee\/wp-content\/uploads\/sites\/152\/liimipulk-erich-krause-15g-magic-roosa-jalg.jpg\"><img loading=\"lazy\" decoding=\"async\" width=\"400\" height=\"400\" data-id=\"15\" src=\"https:\/\/sisu.ut.ee\/wp-content\/uploads\/sites\/152\/liimipulk-erich-krause-15g-magic-roosa-jalg.jpg\" alt=\"\" class=\"wp-image-15\" srcset=\"https:\/\/sisu.ut.ee\/wp-content\/uploads\/sites\/152\/liimipulk-erich-krause-15g-magic-roosa-jalg.jpg 400w, https:\/\/sisu.ut.ee\/wp-content\/uploads\/sites\/152\/liimipulk-erich-krause-15g-magic-roosa-jalg-300x300.jpg 300w, https:\/\/sisu.ut.ee\/wp-content\/uploads\/sites\/152\/liimipulk-erich-krause-15g-magic-roosa-jalg-150x150.jpg 150w\" sizes=\"auto, (max-width: 400px) 100vw, 400px\"><\/a><\/figure>\n<\/figure>\n<\/div>\n\n\n\n<p><strong>Teritaja \u2013\u00a0<\/strong>Vasakuk\u00e4eliste teritajat hoitakse paremas k\u00e4es ning vasaku k\u00e4ega keeratakse pliiatsit vastup\u00e4eva.<\/p>\n\n\n\n<figure class=\"wp-block-image size-full is-resized\"><img loading=\"lazy\" decoding=\"async\" width=\"500\" height=\"500\" src=\"https:\/\/sisu.ut.ee\/wp-content\/uploads\/sites\/152\/2119103.jpg\" alt=\"\" class=\"wp-image-19\" style=\"width:153px;height:auto\" srcset=\"https:\/\/sisu.ut.ee\/wp-content\/uploads\/sites\/152\/2119103.jpg 500w, https:\/\/sisu.ut.ee\/wp-content\/uploads\/sites\/152\/2119103-300x300.jpg 300w, https:\/\/sisu.ut.ee\/wp-content\/uploads\/sites\/152\/2119103-150x150.jpg 150w\" sizes=\"auto, (max-width: 500px) 100vw, 500px\"><\/figure>\n\n\n\n<p><strong>Joonlaud\u00a0\u2013\u00a0<\/strong>Joonlaua numbrid jooksevad paremalt vasakule. Laps hoiab parema k\u00e4ega joonlauda kinni ja vasaku k\u00e4ega t\u00f5mbab joont. Kui vasakuk\u00e4eline laps kasutaks tavalist joonlauda, kus numbrid jooksevad vasakult paremale, siis j\u00e4\u00e4ks vasak k\u00e4si numbritele ette.\u00a0<\/p>\n\n\n\n<figure class=\"wp-block-image size-full is-resized\"><img loading=\"lazy\" decoding=\"async\" width=\"581\" height=\"287\" src=\"https:\/\/sisu.ut.ee\/wp-content\/uploads\/sites\/152\/707-ruler_z-2.jpg\" alt=\"\" class=\"wp-image-41\" style=\"width:251px;height:auto\" srcset=\"https:\/\/sisu.ut.ee\/wp-content\/uploads\/sites\/152\/707-ruler_z-2.jpg 581w, https:\/\/sisu.ut.ee\/wp-content\/uploads\/sites\/152\/707-ruler_z-2-300x148.jpg 300w\" sizes=\"auto, (max-width: 581px) 100vw, 581px\"><\/figure>\n\n\n\n<p><strong>Materjalid<\/strong><\/p>\n\n\n\n<p>Kindlasti saab meisterdamiseks leida erinevaid vahendeid poest, kuid v\u00f5ib ka k\u00f5ik koduses majapidamises tavaliselt \u00fcle j\u00e4\u00e4vaid asju \u00e4ra kasutada ning materjale otsida loodusest.\u00a0J\u00e4rgnevalt antakse \u00fclevaade paberist, mis on enim kasutatav materjal meisterdamisel ning taaskasutatavatest- ja looduslikest materjalidest.\u00a0<\/p>\n\n\n\n<p><strong>Paber \u2013<\/strong> Paberit kasutatakse enamustes meisterdamise t\u00f6\u00f6des. Pabereid on v\u00e4ga mitmesuguseid- erineva v\u00e4rvi ja paksusega ning erineva struktuuriga. Kasutatakse <strong>ajalehepaberit<\/strong>, mis on \u00f5huke ja \u00f5rn ning <strong>kirjapaberit<\/strong>. Palju kasutatakse ka <strong>joonistuspaberit<\/strong>, mis on kirjapaberist paksem.\u00a0<\/p>\n\n\n\n<p><strong>Taaskasutatavad materjalid\u00a0\u2013\u00a0<\/strong>Igap\u00e4evaselt visatakse suurtes kogustes j\u00e4\u00e4tmeid minema, kuid paljut saab uuesti kasutada.\u00a0Taaskasutatavate materjalidega s\u00e4\u00e4stetakse energiat, keskkonda ja loomade maailma.\u00a0Nende materjalidega saavad lapsed luua v\u00e4ga omap\u00e4raseid t\u00f6id, kasutades n\u00e4iteks: tikutopsid, wc-paberi rullid, pudeli korgid, karbid jne.<\/p>\n\n\n\n<p><strong>Looduslikud materjalid \u2013 <\/strong>Looduslike materjalide puhul on\u00a0oluline, kuidas me \u00fchendame erinevaid detaile, kuidas kuivatame materjali, kleebime, seome ja p\u00f5imime kokku.\u00a0Looduslike materjale saavad lapsed ise v\u00e4ljast korjata ning teha meisterdusi. Looduslikud materjalid on v\u00e4ga p\u00f5nevad, sest kunagi ei leia t\u00e4pselt samasuguseid materjale. Headeks vahenditeks on n\u00e4iteks: kivid, puuoksad, liiv, lilled, seemned, sammal, savi jne.<\/p>\n","protected":false},"excerpt":{"rendered":"<p>T\u00f6\u00f6vahendid Vasakuk\u00e4elistele on tehtud toovahendid, mis on m\u00f5eldud ainult vasakuk\u00e4elistele kasutamiseks. Kui antud toovahendid kasutavad lapsed, siis peavad need olema lapse k\u00e4ele \u00f5ige suurusega ning kerge k\u00e4sitleda, et ei tekiks lisapingeid. Pabert\u00f6\u00f6de meisterdamise juures on enamkasutatavatest t\u00f6\u00f6vahenditest\u00a0k\u00e4\u00e4rid, liim, teritaja ja &#8230;<\/p>\n","protected":false},"author":73,"featured_media":0,"parent":0,"menu_order":0,"comment_status":"closed","ping_status":"closed","template":"","meta":{"_acf_changed":false,"inline_featured_image":false,"footnotes":""},"class_list":["post-7","page","type-page","status-publish","hentry"],"acf":[],"_links":{"self":[{"href":"https:\/\/sisu.ut.ee\/pabertoodemeisterdamine\/wp-json\/wp\/v2\/pages\/7","targetHints":{"allow":["GET"]}}],"collection":[{"href":"https:\/\/sisu.ut.ee\/pabertoodemeisterdamine\/wp-json\/wp\/v2\/pages"}],"about":[{"href":"https:\/\/sisu.ut.ee\/pabertoodemeisterdamine\/wp-json\/wp\/v2\/types\/page"}],"author":[{"embeddable":true,"href":"https:\/\/sisu.ut.ee\/pabertoodemeisterdamine\/wp-json\/wp\/v2\/users\/73"}],"replies":[{"embeddable":true,"href":"https:\/\/sisu.ut.ee\/pabertoodemeisterdamine\/wp-json\/wp\/v2\/comments?post=7"}],"version-history":[{"count":3,"href":"https:\/\/sisu.ut.ee\/pabertoodemeisterdamine\/wp-json\/wp\/v2\/pages\/7\/revisions"}],"predecessor-version":[{"id":78,"href":"https:\/\/sisu.ut.ee\/pabertoodemeisterdamine\/wp-json\/wp\/v2\/pages\/7\/revisions\/78"}],"wp:attachment":[{"href":"https:\/\/sisu.ut.ee\/pabertoodemeisterdamine\/wp-json\/wp\/v2\/media?parent=7"}],"curies":[{"name":"wp","href":"https:\/\/api.w.org\/{rel}","templated":true}]}}