{"id":5,"date":"2024-04-03T23:11:39","date_gmt":"2024-04-03T20:11:39","guid":{"rendered":"https:\/\/sisu.ut.ee\/otsing\/votmesona-ehk-vabatekstiotsing\/"},"modified":"2026-02-05T18:54:16","modified_gmt":"2026-02-05T16:54:16","slug":"votmesona-ehk-vabatekstiotsing","status":"publish","type":"page","link":"https:\/\/sisu.ut.ee\/otsing\/votmesona-ehk-vabatekstiotsing\/","title":{"rendered":"(V\u00f5tme)s\u00f5naotsing"},"content":{"rendered":"<p><span class=\"nolink\">V\u00f5tmes\u00f5nad (ingl k <em>keywords<\/em>) on teie e<\/span><span class=\"nolink\">nda poolt vabalt valitud s\u00f5nad, mida te otsingul kasutate. V\u00f5tmes\u00f5naotsing on otsinguviis, kus kasutaja sisestab otsingusse s\u00f5nad v\u00f5i fraasid, mis tema arvates k\u00f5ige paremini kirjeldavad otsitavat teemat. See on otsing andmebaasis paiknevates kirjetes v\u00f5i t\u00e4istekstides leiduvate \u00fcksiks\u00f5nade j\u00e4rgi. Need v\u00f5ivad esineda andmebaasi kirjes erinevatel v\u00e4ljadel \u2013 pealkirjas, autorite hulgas, m\u00e4rks\u00f5nade hulgas ning t\u00e4istekstandmebaaside puhul ka tekstides. S\u00f5naotsing on k\u00f5ige laiem otsinguviis ning sarnaneb Google\u2019i otsinguga.<\/span><\/p>\n\n\n<p><\/p>\n\n\n\n<p>.<\/p>\n","protected":false},"excerpt":{"rendered":"<p>V\u00f5tmes\u00f5nad (ingl k keywords) on teie enda poolt vabalt valitud s\u00f5nad, mida te otsingul kasutate. V\u00f5tmes\u00f5naotsing on otsinguviis, kus kasutaja sisestab otsingusse s\u00f5nad v\u00f5i fraasid, mis tema arvates k\u00f5ige paremini kirjeldavad otsitavat teemat. See on otsing andmebaasis paiknevates kirjetes v\u00f5i &#8230;<\/p>\n","protected":false},"author":5,"featured_media":0,"parent":0,"menu_order":0,"comment_status":"closed","ping_status":"closed","template":"","meta":{"_acf_changed":false,"inline_featured_image":false,"footnotes":""},"class_list":["post-5","page","type-page","status-publish","hentry"],"acf":[],"_links":{"self":[{"href":"https:\/\/sisu.ut.ee\/otsing\/wp-json\/wp\/v2\/pages\/5","targetHints":{"allow":["GET"]}}],"collection":[{"href":"https:\/\/sisu.ut.ee\/otsing\/wp-json\/wp\/v2\/pages"}],"about":[{"href":"https:\/\/sisu.ut.ee\/otsing\/wp-json\/wp\/v2\/types\/page"}],"author":[{"embeddable":true,"href":"https:\/\/sisu.ut.ee\/otsing\/wp-json\/wp\/v2\/users\/5"}],"replies":[{"embeddable":true,"href":"https:\/\/sisu.ut.ee\/otsing\/wp-json\/wp\/v2\/comments?post=5"}],"version-history":[{"count":5,"href":"https:\/\/sisu.ut.ee\/otsing\/wp-json\/wp\/v2\/pages\/5\/revisions"}],"predecessor-version":[{"id":160,"href":"https:\/\/sisu.ut.ee\/otsing\/wp-json\/wp\/v2\/pages\/5\/revisions\/160"}],"wp:attachment":[{"href":"https:\/\/sisu.ut.ee\/otsing\/wp-json\/wp\/v2\/media?parent=5"}],"curies":[{"name":"wp","href":"https:\/\/api.w.org\/{rel}","templated":true}]}}