{"id":11,"date":"2024-04-03T23:11:39","date_gmt":"2024-04-03T20:11:39","guid":{"rendered":"https:\/\/sisu.ut.ee\/otsing\/registrid\/"},"modified":"2024-04-03T23:11:46","modified_gmt":"2024-04-03T20:11:46","slug":"registrid","status":"publish","type":"page","link":"https:\/\/sisu.ut.ee\/otsing\/registrid\/","title":{"rendered":"Registrid"},"content":{"rendered":"<p>Register (ingk k<em> index<\/em>) on t\u00e4hestikuline loetelu k\u00f5igist v\u00f5tmes\u00f5nadest, mis esinevad andmebaasi \u00fchel v\u00e4ljal.<\/p>\n<p>N\u00e4iteks on olemas<\/p>\n<ul>\n<li><strong>nimeregistrid<\/strong>\u00a0\u2013 loetelu autoritest ning isikutest, kellest kirjutistes on juttu;<\/li>\n<li><strong>koharegistrid<\/strong>;<\/li>\n<li><strong>v\u00e4ljaannete registrid\u00a0<\/strong>\u2013 loetelu ajakirjadest, ajalehtedest, raamatutest jne, mille p\u00f5hjal andmebaas on koostatud.<\/li>\n<\/ul>\n<p>Enamasti saab otse registris\u00f5nal kl\u00f5psates v\u00f5i seda \u00e4ra m\u00e4rkides otsingut teha. Mitut s\u00f5na \u00e4ra m\u00e4rkides j\u00e4lgige, millise operaatoriga neid \u00fchendatakse (saate seda ise muuta).<\/p>\n<p>Registritest on abi, kui kahtlete n\u00e4iteks m\u00f5ne s\u00f5na kirjaviisis, kui andmebaasis on mitu samanimelist autorit, sarnaseid kohanimesid jne. Register annab kiire \u00fclevaate, kas teile huvipakkuva isiku v\u00f5i koha kohta leidub andmebaasis infot.<\/p>\n","protected":false},"excerpt":{"rendered":"<p>Register (ingk k index) on t\u00e4hestikuline loetelu k\u00f5igist v\u00f5tmes\u00f5nadest, mis esinevad andmebaasi \u00fchel v\u00e4ljal. N\u00e4iteks on olemas nimeregistrid\u00a0\u2013 loetelu autoritest ning isikutest, kellest kirjutistes on juttu; koharegistrid; v\u00e4ljaannete registrid\u00a0\u2013 loetelu ajakirjadest, ajalehtedest, raamatutest jne, mille p\u00f5hjal andmebaas on koostatud. Enamasti &#8230;<\/p>\n","protected":false},"author":5,"featured_media":0,"parent":0,"menu_order":0,"comment_status":"closed","ping_status":"closed","template":"","meta":{"_acf_changed":false,"inline_featured_image":false,"footnotes":""},"class_list":["post-11","page","type-page","status-publish","hentry"],"acf":[],"_links":{"self":[{"href":"https:\/\/sisu.ut.ee\/otsing\/wp-json\/wp\/v2\/pages\/11","targetHints":{"allow":["GET"]}}],"collection":[{"href":"https:\/\/sisu.ut.ee\/otsing\/wp-json\/wp\/v2\/pages"}],"about":[{"href":"https:\/\/sisu.ut.ee\/otsing\/wp-json\/wp\/v2\/types\/page"}],"author":[{"embeddable":true,"href":"https:\/\/sisu.ut.ee\/otsing\/wp-json\/wp\/v2\/users\/5"}],"replies":[{"embeddable":true,"href":"https:\/\/sisu.ut.ee\/otsing\/wp-json\/wp\/v2\/comments?post=11"}],"version-history":[{"count":1,"href":"https:\/\/sisu.ut.ee\/otsing\/wp-json\/wp\/v2\/pages\/11\/revisions"}],"predecessor-version":[{"id":92,"href":"https:\/\/sisu.ut.ee\/otsing\/wp-json\/wp\/v2\/pages\/11\/revisions\/92"}],"wp:attachment":[{"href":"https:\/\/sisu.ut.ee\/otsing\/wp-json\/wp\/v2\/media?parent=11"}],"curies":[{"name":"wp","href":"https:\/\/api.w.org\/{rel}","templated":true}]}}