{"id":8,"date":"2024-04-04T07:09:46","date_gmt":"2024-04-04T04:09:46","guid":{"rendered":"https:\/\/sisu.ut.ee\/oskuskeel\/konakt\/"},"modified":"2024-08-26T11:02:52","modified_gmt":"2024-08-26T08:02:52","slug":"konakt","status":"publish","type":"page","link":"https:\/\/sisu.ut.ee\/oskuskeel\/konakt\/","title":{"rendered":"Kontakt"},"content":{"rendered":"<p>\n\t\u00d5ppematerjali koostajatega saab \u00fchendust j\u00e4rgmistel kontaktidel:\n<\/p>\n<p>\n\tMarja-Leena Jaanus: jaaniuss1728@gmail.com\n<\/p>\n<p>\n\tAve Matsin: ave.matsin@ut.ee<\/p>\n","protected":false},"excerpt":{"rendered":"<p>\u00d5ppematerjali koostajatega saab \u00fchendust j\u00e4rgmistel kontaktidel: Marja-Leena Jaanus: jaaniuss1728@gmail.com Ave Matsin: ave.matsin@ut.ee<\/p>\n","protected":false},"author":249,"featured_media":0,"parent":0,"menu_order":0,"comment_status":"closed","ping_status":"closed","template":"","meta":{"_acf_changed":false,"inline_featured_image":false,"footnotes":""},"class_list":["post-8","page","type-page","status-publish","hentry"],"acf":[],"_links":{"self":[{"href":"https:\/\/sisu.ut.ee\/oskuskeel\/wp-json\/wp\/v2\/pages\/8","targetHints":{"allow":["GET"]}}],"collection":[{"href":"https:\/\/sisu.ut.ee\/oskuskeel\/wp-json\/wp\/v2\/pages"}],"about":[{"href":"https:\/\/sisu.ut.ee\/oskuskeel\/wp-json\/wp\/v2\/types\/page"}],"author":[{"embeddable":true,"href":"https:\/\/sisu.ut.ee\/oskuskeel\/wp-json\/wp\/v2\/users\/249"}],"replies":[{"embeddable":true,"href":"https:\/\/sisu.ut.ee\/oskuskeel\/wp-json\/wp\/v2\/comments?post=8"}],"version-history":[{"count":2,"href":"https:\/\/sisu.ut.ee\/oskuskeel\/wp-json\/wp\/v2\/pages\/8\/revisions"}],"predecessor-version":[{"id":64,"href":"https:\/\/sisu.ut.ee\/oskuskeel\/wp-json\/wp\/v2\/pages\/8\/revisions\/64"}],"wp:attachment":[{"href":"https:\/\/sisu.ut.ee\/oskuskeel\/wp-json\/wp\/v2\/media?parent=8"}],"curies":[{"name":"wp","href":"https:\/\/api.w.org\/{rel}","templated":true}]}}