{"id":7,"date":"2024-04-04T07:09:46","date_gmt":"2024-04-04T04:09:46","guid":{"rendered":"https:\/\/sisu.ut.ee\/oskuskeel\/testid\/"},"modified":"2024-08-26T11:15:57","modified_gmt":"2024-08-26T08:15:57","slug":"testid","status":"publish","type":"page","link":"https:\/\/sisu.ut.ee\/oskuskeel\/testid\/","title":{"rendered":"Testid"},"content":{"rendered":"<p>Siin on kolm harjutustesti ja l\u00f5putest, mille sooritamise j\u00e4rel saab tunnistuse teema eduka l\u00e4bimise kohta.<\/p>\n\n\n\n<p>Kahe esimese harjutustesti (<a href=\"https:\/\/sisu.ut.ee\/oskuskeel\/1-harjutustest\/\" target=\"_blank\" rel=\"noreferrer noopener\">1.<\/a> ja <a href=\"https:\/\/sisu.ut.ee\/oskuskeel\/2-harjutustest\/\" target=\"_blank\" rel=\"noreferrer noopener\">2. harjutustest<\/a>) k\u00fcsimused on koostatud loengumaterjalide p\u00f5hjal. Kui olete vaadanud-kuulanud videoloengut, peaks olema kerge vastata k\u00f5ikidele k\u00fcsimustele.\u00a0Kolmas harjutustest (<a href=\"https:\/\/sisu.ut.ee\/oskuskeel\/3-harjutustest\/\" target=\"_blank\" rel=\"noreferrer noopener\">3. harjutustest<\/a>) on s\u00f5nastike ja nende kasutamise kohta. Selle testi lahendamiseks on abi \u201eKust saab keeleabi?\u201c lehek\u00fcljest (<a href=\"https:\/\/sisu.ut.ee\/oskuskeel\/kust-saab-keelabi\" target=\"_blank\" rel=\"noreferrer noopener\">https:\/\/sisu.ut.ee\/oskuskeel\/kust-saab-keelabi<\/a>) ja veebis\u00f5nastike (<a href=\"https:\/\/portaal.eki.ee\/sonaraamatud.html\" target=\"_blank\" rel=\"noreferrer noopener\">https:\/\/portaal.eki.ee\/sonaraamatud.html<\/a>) kasutusjuhendite uurimisest.<\/p>\n\n\n\n<p><a href=\"https:\/\/sisu.ut.ee\/oskuskeel\/loputest\/\" data-type=\"link\" data-id=\"https:\/\/sisu.ut.ee\/oskuskeel\/loputest\/\" target=\"_blank\" rel=\"noreferrer noopener\">L\u00f5putest<\/a> tugineb peamiselt loengumaterjalidele, kuid edukaks lahendamiseks on soovitav vaadata ka lehele <a href=\"https:\/\/sisu.ut.ee\/oskuskeel\/kust-saab-keelabi\" target=\"_blank\" rel=\"noreferrer noopener\">\u201eKust saab keeleabi?\u201c<\/a>. Tunnistuse l\u00f5putesti eduka l\u00e4bimise kohta saab\u00a0juhiseid j\u00e4rgides.<\/p>\n\n\n\n<p>Edukat lahendamist!<\/p>\n","protected":false},"excerpt":{"rendered":"<p>Siin on kolm harjutustesti ja l\u00f5putest, mille sooritamise j\u00e4rel saab tunnistuse teema eduka l\u00e4bimise kohta. Kahe esimese harjutustesti (1. ja 2. harjutustest) k\u00fcsimused on koostatud loengumaterjalide p\u00f5hjal. Kui olete vaadanud-kuulanud videoloengut, peaks olema kerge vastata k\u00f5ikidele k\u00fcsimustele.\u00a0Kolmas harjutustest (3. harjutustest) &#8230;<\/p>\n","protected":false},"author":249,"featured_media":0,"parent":0,"menu_order":0,"comment_status":"closed","ping_status":"closed","template":"","meta":{"_acf_changed":false,"inline_featured_image":false,"footnotes":""},"class_list":["post-7","page","type-page","status-publish","hentry"],"acf":[],"_links":{"self":[{"href":"https:\/\/sisu.ut.ee\/oskuskeel\/wp-json\/wp\/v2\/pages\/7","targetHints":{"allow":["GET"]}}],"collection":[{"href":"https:\/\/sisu.ut.ee\/oskuskeel\/wp-json\/wp\/v2\/pages"}],"about":[{"href":"https:\/\/sisu.ut.ee\/oskuskeel\/wp-json\/wp\/v2\/types\/page"}],"author":[{"embeddable":true,"href":"https:\/\/sisu.ut.ee\/oskuskeel\/wp-json\/wp\/v2\/users\/249"}],"replies":[{"embeddable":true,"href":"https:\/\/sisu.ut.ee\/oskuskeel\/wp-json\/wp\/v2\/comments?post=7"}],"version-history":[{"count":4,"href":"https:\/\/sisu.ut.ee\/oskuskeel\/wp-json\/wp\/v2\/pages\/7\/revisions"}],"predecessor-version":[{"id":77,"href":"https:\/\/sisu.ut.ee\/oskuskeel\/wp-json\/wp\/v2\/pages\/7\/revisions\/77"}],"wp:attachment":[{"href":"https:\/\/sisu.ut.ee\/oskuskeel\/wp-json\/wp\/v2\/media?parent=7"}],"curies":[{"name":"wp","href":"https:\/\/api.w.org\/{rel}","templated":true}]}}