{"id":13,"date":"2024-04-03T23:06:45","date_gmt":"2024-04-03T20:06:45","guid":{"rendered":"https:\/\/sisu.ut.ee\/ortodontia\/reteineri-kleepimine\/"},"modified":"2024-04-03T23:06:47","modified_gmt":"2024-04-03T20:06:47","slug":"reteineri-kleepimine","status":"publish","type":"page","link":"https:\/\/sisu.ut.ee\/ortodontia\/reteineri-kleepimine\/","title":{"rendered":"3. Reteineri Kleepimine"},"content":{"rendered":"<p>\n\tKui lingvaalne v\u00f5i palatinaalne reteiner on \u00fche hamba k\u00fcljest lahti, siis hambaarst v\u00f5iks seda parandada:\n<\/p>\n<ul>\n<li>\n\t\t<span style=\"line-height: 1.6em\">kui t\u00e4idismaterjal on j\u00e4\u00e4nud kaare k\u00fclge, siis suru see mittel\u00f5ikava tangiga katki<\/span>\n\t<\/li>\n<li>\n\t\t<span style=\"line-height: 1.6em\">puhasta\u00a0 vee ja \u00f5huga v\u00f5imalikult h\u00e4sti reteineri traadi ja hamba vaheline ala<\/span>\n\t<\/li>\n<li>\n\t\t<span style=\"line-height: 1.6em\">isoleeri hammas k\u00fcljest<\/span>\n\t<\/li>\n<li>\n\t\t<span style=\"line-height: 1.6em\">t\u00f6\u00f6tle hambapinda happega<\/span>\n\t<\/li>\n<li>\n\t\t<span style=\"line-height: 1.6em\">pese hape hambalt \u00e4ra<\/span>\n\t<\/li>\n<li>\n\t\t<span style=\"line-height: 1.6em\">vajadusel t\u00f6\u00f6tle hambapinda adhesiiviga (s\u00f5ltub, millist t\u00e4idismaterjali plaanid kasutada)<\/span>\n\t<\/li>\n<li>\n\t\t<span style=\"line-height: 1.6em\">suru traat instrumendiga (sond, spaatel) vastu hammast<\/span>\n\t<\/li>\n<li>\n\t\t<span style=\"line-height: 1.6em\">aseta t\u00e4idismaterjal hambakrooni keskosas \u00fcle traadi ja pol\u00fcmeriseeri<\/span>\n\t<\/li>\n<\/ul>\n<p>\n\tKui plaanid asetada reteinerit kaniinist kaniinini, siis v\u00f5tted on samad, kui eelnevalt kirjeldatud. Erinevus seisneb selles, et korraga saab t\u00f6\u00f6delda k\u00f5iki hambaid, mille k\u00fclge planeerid fikseerida reteineri.\u00a0\n<\/p>\n<p style=\"text-align: center\">\n\t<\/p><div class=\"ratio ratio-16x9 mb-3\"><div class=\"video-placeholder-wrapper video-placeholder-wrapper--16x9\">\n\t\t\t    <div class=\"video-placeholder d-flex justify-content-center align-items-center\">\n\t\t\t        <div class=\"overlay text-white p-2 w-100 text-center d-block justify-content-center align-items-center\">\n\t\t\t            <div>Kolmandate osapoolte sisu n\u00e4gemiseks palun n\u00f5ustu k\u00fcpsistega.<\/div>\n\t\t\t            <button class=\"btn btn-secondary btn-sm mt-1 consent-change\">Muuda n\u00f5usolekut<\/button>\n\t\t\t        <\/div>\n\t\t\t    <\/div>\n\t\t\t<\/div>\n<\/div>\n\n<p style=\"text-align: center\">\n\t<a data-url=\"https:\/\/panopto.ut.ee\/Panopto\/Pages\/Viewer.aspx?id=9f227bb4-2f98-46ca-b2a2-ae700062f358\" href=\"https:\/\/panopto.ut.ee\/Panopto\/Pages\/Viewer.aspx?id=9f227bb4-2f98-46ca-b2a2-ae700062f358\" target=\"_blank\" title=\"\" rel=\"noopener\">Viide videole<\/a><\/p>\n","protected":false},"excerpt":{"rendered":"<p>Kui lingvaalne v\u00f5i palatinaalne reteiner on \u00fche hamba k\u00fcljest lahti, siis hambaarst v\u00f5iks seda parandada: kui t\u00e4idismaterjal on j\u00e4\u00e4nud kaare k\u00fclge, siis suru see mittel\u00f5ikava tangiga katki puhasta\u00a0 vee ja \u00f5huga v\u00f5imalikult h\u00e4sti reteineri traadi ja hamba vaheline ala isoleeri &#8230;<\/p>\n","protected":false},"author":2,"featured_media":0,"parent":0,"menu_order":0,"comment_status":"closed","ping_status":"closed","template":"","meta":{"_acf_changed":false,"inline_featured_image":false,"footnotes":""},"class_list":["post-13","page","type-page","status-publish","hentry"],"acf":[],"_links":{"self":[{"href":"https:\/\/sisu.ut.ee\/ortodontia\/wp-json\/wp\/v2\/pages\/13","targetHints":{"allow":["GET"]}}],"collection":[{"href":"https:\/\/sisu.ut.ee\/ortodontia\/wp-json\/wp\/v2\/pages"}],"about":[{"href":"https:\/\/sisu.ut.ee\/ortodontia\/wp-json\/wp\/v2\/types\/page"}],"author":[{"embeddable":true,"href":"https:\/\/sisu.ut.ee\/ortodontia\/wp-json\/wp\/v2\/users\/2"}],"replies":[{"embeddable":true,"href":"https:\/\/sisu.ut.ee\/ortodontia\/wp-json\/wp\/v2\/comments?post=13"}],"version-history":[{"count":1,"href":"https:\/\/sisu.ut.ee\/ortodontia\/wp-json\/wp\/v2\/pages\/13\/revisions"}],"predecessor-version":[{"id":46,"href":"https:\/\/sisu.ut.ee\/ortodontia\/wp-json\/wp\/v2\/pages\/13\/revisions\/46"}],"wp:attachment":[{"href":"https:\/\/sisu.ut.ee\/ortodontia\/wp-json\/wp\/v2\/media?parent=13"}],"curies":[{"name":"wp","href":"https:\/\/api.w.org\/{rel}","templated":true}]}}