{"id":12,"date":"2024-04-03T23:06:45","date_gmt":"2024-04-03T20:06:45","guid":{"rendered":"https:\/\/sisu.ut.ee\/ortodontia\/breketi-tagasi-kleepimine-esmaabi-korras\/"},"modified":"2024-04-03T23:06:47","modified_gmt":"2024-04-03T20:06:47","slug":"breketi-tagasi-kleepimine-esmaabi-korras","status":"publish","type":"page","link":"https:\/\/sisu.ut.ee\/ortodontia\/breketi-tagasi-kleepimine-esmaabi-korras\/","title":{"rendered":"4. Breketi tagasi kleepimine esmaabi korras"},"content":{"rendered":"<p>\n\tHambaarst ei pea esmaabi korras \u00fchte hamba k\u00fcljest lahti tulnud \u00a0breketit tagasi kleepima, sest patsiendile ei tee see valu. Pigem v\u00f5ik hambaarst eelk\u00f5ige rahustada patsienti ja seej\u00e4rel soovitada, et ta p\u00f6\u00f6rduks esimesel v\u00f5imalusel teda ravinud ortodondi vastuv\u00f5tule.\n<\/p>\n<p>\n\tKui hambaarst plaanib breketi tagasi kleepida, siis:\n<\/p>\n<ul>\n<li>\n\t\t<span style=\"line-height: 1.6em\">eemalda ligatuur, mis hoiab breketit kaare k\u00fcljes v\u00f5i ava iseligeeruv breket<\/span>\n\t<\/li>\n<li>\n\t\t<span style=\"line-height: 1.6em\">kontrolli breketi aluspinda; kui seal on kleepaine, siis p\u00fc\u00fca see eemaldada<\/span>\n\t<\/li>\n<li>\n\t\t<span style=\"line-height: 1.6em\">puhasta hamba pind roteeruva instrumendiga sinna j\u00e4\u00e4nud kleepainest<\/span>\n\t<\/li>\n<li>\n\t\t<span style=\"line-height: 1.6em\">eemalda ligatuurid ka taaskleepimist vajava hamba eest ja tagant, et saaksid kaart veidi p\u00f5se poole tuua ja seej\u00e4rel breket kaare alt hambale asetada. Kui kaar on v\u00e4ga tugev ja seda ei ole v\u00f5imalik p\u00f5skmisele poole painutada, siis\u00a0 tuleb eemaldada kogu kaar. J\u00e4ta meelde, millises asendis kaar oli, et see siis samamoodi tagasi panna<\/span>\n\t<\/li>\n<li>\n\t\t<span style=\"line-height: 1.6em\">t\u00f6\u00f6tle hamba pinda happega<\/span>\n\t<\/li>\n<li>\n\t\t<span style=\"line-height: 1.6em\">pese hape hambalt<\/span>\n\t<\/li>\n<li>\n\t\t<span style=\"line-height: 1.6em\">isoleeri hammas s\u00fcljest<\/span>\n\t<\/li>\n<li>\n\t\t<span style=\"line-height: 1.6em\">aseta breketi aluspinnale kleepaine (sobivad erinevad t\u00e4idismaterjalid, kasuta t\u00e4idismaterjaliga sobivat adhesiivi) ja suru breket vastu hammast, j\u00e4lgides naaberhammastel olevate breketite k\u00f5rgust<\/span>\n\t<\/li>\n<li>\n\t\t<span style=\"line-height: 1.6em\">suuna valguslambi kiir nii oklusaalselt kui ka gingivaalselt, et t\u00e4idismaterjal k\u00f5veneks \u00fchtlaselt<\/span>\n\t<\/li>\n<li>\n\t\t<span style=\"line-height: 1.6em\">aseta kaare otsad tuubidesse, kaare keskkoht kohakuti intsisiivide keskkohaga, suru kaar breketite horisontaalsetesse vagudesse ehk slottidesse<\/span>\n\t<\/li>\n<li>\n\t\t<span style=\"line-height: 1.6em\">fikseeri kaar breketi(te) \u00a0k\u00fclge ligatuuriga v\u00f5i sulge iseligeeruv breket<\/span>\n\t<\/li>\n<\/ul>\n<p style=\"text-align: center\">\n\t<\/p><div class=\"ratio ratio-16x9 mb-3\"><div class=\"video-placeholder-wrapper video-placeholder-wrapper--16x9\">\n\t\t\t    <div class=\"video-placeholder d-flex justify-content-center align-items-center\">\n\t\t\t        <div class=\"overlay text-white p-2 w-100 text-center d-block justify-content-center align-items-center\">\n\t\t\t            <div>Kolmandate osapoolte sisu n\u00e4gemiseks palun n\u00f5ustu k\u00fcpsistega.<\/div>\n\t\t\t            <button class=\"btn btn-secondary btn-sm mt-1 consent-change\">Muuda n\u00f5usolekut<\/button>\n\t\t\t        <\/div>\n\t\t\t    <\/div>\n\t\t\t<\/div>\n<\/div>\n\n<p style=\"text-align: center\">\n\t<a data-url=\"https:\/\/panopto.ut.ee\/Panopto\/Pages\/Viewer.aspx?id=97eee60c-5329-4b1d-8849-ae70005fe16b\" href=\"https:\/\/panopto.ut.ee\/Panopto\/Pages\/Viewer.aspx?id=97eee60c-5329-4b1d-8849-ae70005fe16b\" target=\"_blank\" title=\"\" rel=\"noopener\">Viide videole<\/a><\/p>\n","protected":false},"excerpt":{"rendered":"<p>Hambaarst ei pea esmaabi korras \u00fchte hamba k\u00fcljest lahti tulnud \u00a0breketit tagasi kleepima, sest patsiendile ei tee see valu. Pigem v\u00f5ik hambaarst eelk\u00f5ige rahustada patsienti ja seej\u00e4rel soovitada, et ta p\u00f6\u00f6rduks esimesel v\u00f5imalusel teda ravinud ortodondi vastuv\u00f5tule. Kui hambaarst plaanib &#8230;<\/p>\n","protected":false},"author":2,"featured_media":0,"parent":0,"menu_order":0,"comment_status":"closed","ping_status":"closed","template":"","meta":{"_acf_changed":false,"inline_featured_image":false,"footnotes":""},"class_list":["post-12","page","type-page","status-publish","hentry"],"acf":[],"_links":{"self":[{"href":"https:\/\/sisu.ut.ee\/ortodontia\/wp-json\/wp\/v2\/pages\/12","targetHints":{"allow":["GET"]}}],"collection":[{"href":"https:\/\/sisu.ut.ee\/ortodontia\/wp-json\/wp\/v2\/pages"}],"about":[{"href":"https:\/\/sisu.ut.ee\/ortodontia\/wp-json\/wp\/v2\/types\/page"}],"author":[{"embeddable":true,"href":"https:\/\/sisu.ut.ee\/ortodontia\/wp-json\/wp\/v2\/users\/2"}],"replies":[{"embeddable":true,"href":"https:\/\/sisu.ut.ee\/ortodontia\/wp-json\/wp\/v2\/comments?post=12"}],"version-history":[{"count":1,"href":"https:\/\/sisu.ut.ee\/ortodontia\/wp-json\/wp\/v2\/pages\/12\/revisions"}],"predecessor-version":[{"id":45,"href":"https:\/\/sisu.ut.ee\/ortodontia\/wp-json\/wp\/v2\/pages\/12\/revisions\/45"}],"wp:attachment":[{"href":"https:\/\/sisu.ut.ee\/ortodontia\/wp-json\/wp\/v2\/media?parent=12"}],"curies":[{"name":"wp","href":"https:\/\/api.w.org\/{rel}","templated":true}]}}