{"id":3,"date":"2024-04-04T08:16:05","date_gmt":"2024-04-04T05:16:05","guid":{"rendered":"https:\/\/sisu.ut.ee\/oreilly\/avaleht\/"},"modified":"2026-03-03T21:38:19","modified_gmt":"2026-03-03T19:38:19","slug":"avaleht","status":"publish","type":"page","link":"https:\/\/sisu.ut.ee\/oreilly\/","title":{"rendered":"Avaleht"},"content":{"rendered":"<p>Andmebaas O\u2019Reilly sisaldab \u00fcle 45000 raamatu ja video peamiselt IT, digitaalmeedia ja meditsiini alalt, lisaks ka muudest valdkondadest.<\/p>\n<p>Andmebaasi kasutamiseks on vaja luua kasutajakonto. Registreerimiseks minge <a class=\"ext\" title=\"(opens in a new window)\" href=\"https:\/\/www.oreilly.com\/library-access\" target=\"_blank\" rel=\"noopener noreferrer\" data-extlink=\"\">O\u2019Reilly Library Access<\/a> lehele, valige rippmen\u00fc\u00fcst <em>Tartu University<\/em> ning sisestage oma \u00fclikooli e-posti aadress (@ut.ee). Saate ajutise juurdep\u00e4\u00e4su andmebaasile ja 5-30 minuti jooksul e-kirja konto loomiseks.<\/p>\n<p>Andmebaasi avalehel \u00fcleval paremal on otsingukast<\/p>\n<p><img loading=\"lazy\" decoding=\"async\" class=\"alignnone size-full wp-image-38\" src=\"https:\/\/sisu.ut.ee\/wp-content\/uploads\/sites\/590\/Screenshot-2026-03-03-161934.png\" alt=\"\" width=\"448\" height=\"56\" srcset=\"https:\/\/sisu.ut.ee\/wp-content\/uploads\/sites\/590\/Screenshot-2026-03-03-161934.png 448w, https:\/\/sisu.ut.ee\/wp-content\/uploads\/sites\/590\/Screenshot-2026-03-03-161934-300x38.png 300w\" sizes=\"auto, (max-width: 448px) 100vw, 448px\"><\/p>\n<p dir=\"ltr\">Otsingutulemusi saab vasakul t\u00e4psustada erinevate formaatidega (raamatud, kursused, videod, artiklid).\u00a0 Kui valida raamatud, siis saab edasi t\u00e4psustada ilmumisaega, kirjastust, keelt jm ning \u00fcleval paremal sinisel ribal saab otsingutulemusi j\u00e4rjestada relevantsuse, ilmumisaja, andmebaasi lisamise aja ja veel muude tunnuste j\u00e4rgi.<\/p>\n<p dir=\"ltr\"><img loading=\"lazy\" decoding=\"async\" class=\"alignnone size-large wp-image-36\" src=\"https:\/\/sisu.ut.ee\/wp-content\/uploads\/sites\/590\/Screenshot-2026-03-03-161556-1024x494.png\" alt=\"\" width=\"1024\" height=\"494\" srcset=\"https:\/\/sisu.ut.ee\/wp-content\/uploads\/sites\/590\/Screenshot-2026-03-03-161556-1024x494.png 1024w, https:\/\/sisu.ut.ee\/wp-content\/uploads\/sites\/590\/Screenshot-2026-03-03-161556-300x145.png 300w, https:\/\/sisu.ut.ee\/wp-content\/uploads\/sites\/590\/Screenshot-2026-03-03-161556-768x371.png 768w, https:\/\/sisu.ut.ee\/wp-content\/uploads\/sites\/590\/Screenshot-2026-03-03-161556.png 1694w\" sizes=\"auto, (max-width: 1024px) 100vw, 1024px\"><\/p>\n<p dir=\"ltr\">Raamatu\u00a0 pealkirjal kl\u00f5psates n\u00e4ete raamatu kaanepildi all punast riba <strong>Continue<\/strong> ja sellel kl\u00f5psates saabki hakata raamatut lugema.\u00a0All on punased nooled lehek\u00fclgede kaupa liikumiseks ja paremal m\u00f5ned kasulikud nupud (raamatu sisukord, sisust otsing, teksti kuvamise v\u00f5imalused)<\/p>\n<p dir=\"ltr\">Erinevates kohtades n\u00e4ete ka nuppu <strong>Add to playlist,\u00a0<\/strong>millel kl\u00f5psates lisate raamatu on nimekirja, et oleks mugav seda hiljem edasi luigeda.<\/p>\n<p dir=\"ltr\"><img loading=\"lazy\" decoding=\"async\" class=\"alignnone size-large wp-image-17\" src=\"https:\/\/sisu.ut.ee\/wp-content\/uploads\/sites\/590\/Screenshot-2025-02-03-200308-1024x412.png\" alt=\"\" width=\"1024\" height=\"412\" srcset=\"https:\/\/sisu.ut.ee\/wp-content\/uploads\/sites\/590\/Screenshot-2025-02-03-200308-1024x412.png 1024w, https:\/\/sisu.ut.ee\/wp-content\/uploads\/sites\/590\/Screenshot-2025-02-03-200308-300x121.png 300w, https:\/\/sisu.ut.ee\/wp-content\/uploads\/sites\/590\/Screenshot-2025-02-03-200308-768x309.png 768w, https:\/\/sisu.ut.ee\/wp-content\/uploads\/sites\/590\/Screenshot-2025-02-03-200308-1536x618.png 1536w, https:\/\/sisu.ut.ee\/wp-content\/uploads\/sites\/590\/Screenshot-2025-02-03-200308.png 1783w\" sizes=\"auto, (max-width: 1024px) 100vw, 1024px\"><\/p>\n<p dir=\"ltr\">Andmebaasis pakutavast saab \u00fclevaate, kl\u00f5psates \u00fcleval ribal <b>Explore Skills<\/b><\/p>\n<p dir=\"ltr\"><img loading=\"lazy\" decoding=\"async\" class=\"alignnone size-full wp-image-20\" src=\"https:\/\/sisu.ut.ee\/wp-content\/uploads\/sites\/590\/Screenshot-2025-02-03-202757.png\" alt=\"\" width=\"619\" height=\"590\" srcset=\"https:\/\/sisu.ut.ee\/wp-content\/uploads\/sites\/590\/Screenshot-2025-02-03-202757.png 619w, https:\/\/sisu.ut.ee\/wp-content\/uploads\/sites\/590\/Screenshot-2025-02-03-202757-300x286.png 300w\" sizes=\"auto, (max-width: 619px) 100vw, 619px\"><\/p>\n<p dir=\"ltr\">Rohkem infot andmebaasi v\u00f5imaluste kohta leiate \u00a0<a href=\"https:\/\/www.oreilly.com\/online-learning\/features.html\" target=\"_blank\" rel=\"noopener\">https:\/\/www.oreilly.com\/online-learning\/features.html<\/a>.<\/p>\n<footer id=\"footer\">\u00a0<\/footer>\n","protected":false},"excerpt":{"rendered":"<p>Andmebaas O\u2019Reilly sisaldab \u00fcle 45000 raamatu ja video peamiselt IT, digitaalmeedia ja meditsiini alalt, lisaks ka muudest valdkondadest. Andmebaasi kasutamiseks on vaja luua kasutajakonto. Registreerimiseks minge O\u2019Reilly Library Access lehele, valige rippmen\u00fc\u00fcst Tartu University ning sisestage oma \u00fclikooli e-posti aadress &#8230;<\/p>\n","protected":false},"author":5,"featured_media":0,"parent":0,"menu_order":0,"comment_status":"closed","ping_status":"closed","template":"","meta":{"_acf_changed":false,"inline_featured_image":false,"footnotes":""},"class_list":["post-3","page","type-page","status-publish","hentry"],"acf":[],"_links":{"self":[{"href":"https:\/\/sisu.ut.ee\/oreilly\/wp-json\/wp\/v2\/pages\/3","targetHints":{"allow":["GET"]}}],"collection":[{"href":"https:\/\/sisu.ut.ee\/oreilly\/wp-json\/wp\/v2\/pages"}],"about":[{"href":"https:\/\/sisu.ut.ee\/oreilly\/wp-json\/wp\/v2\/types\/page"}],"author":[{"embeddable":true,"href":"https:\/\/sisu.ut.ee\/oreilly\/wp-json\/wp\/v2\/users\/5"}],"replies":[{"embeddable":true,"href":"https:\/\/sisu.ut.ee\/oreilly\/wp-json\/wp\/v2\/comments?post=3"}],"version-history":[{"count":14,"href":"https:\/\/sisu.ut.ee\/oreilly\/wp-json\/wp\/v2\/pages\/3\/revisions"}],"predecessor-version":[{"id":42,"href":"https:\/\/sisu.ut.ee\/oreilly\/wp-json\/wp\/v2\/pages\/3\/revisions\/42"}],"wp:attachment":[{"href":"https:\/\/sisu.ut.ee\/oreilly\/wp-json\/wp\/v2\/media?parent=3"}],"curies":[{"name":"wp","href":"https:\/\/api.w.org\/{rel}","templated":true}]}}