{"id":11,"date":"2024-04-03T23:08:31","date_gmt":"2024-04-03T20:08:31","guid":{"rendered":"https:\/\/sisu.ut.ee\/oppemeetodid1\/hindamine\/"},"modified":"2024-04-12T13:27:16","modified_gmt":"2024-04-12T10:27:16","slug":"hindamine","status":"publish","type":"page","link":"https:\/\/sisu.ut.ee\/oppemeetodid1\/hindamine\/","title":{"rendered":"Avastus\u00f5pe ja riiklik \u00f5ppekava"},"content":{"rendered":"<p><span style=\"line-height: 1.6em;\">Avastus\u00f5pe toetab <a href=\"http:\/\/www.riigiteataja.ee\/akt\/114012011001\" target=\"_blank\" rel=\"noopener\">p\u00f5hikooli riikliku \u00f5ppekava<\/a>\u00a0(PR\u00d5K) \u00f5ppimise k\u00e4sitlust, r\u00f5hutades muutusi \u00f5pilaste v\u00f5i \u00f5pilaste r\u00fchma k\u00e4itumisv\u00f5imes ja toetatakse igap\u00e4evaelus toimetulemist, \u00f5ppimise aluseks on \u00f5pilastele sobivate kogemuste pakkumine, \u00f5pilane on \u00f5ppimises aktiivne osaleja, \u00f5pib \u00fcksi ja koos kaaslasega, \u00f5pib oma kaaslasi ja ennast hindama ning oma \u00f5ppimist anal\u00fc\u00fcsima ja juhtima. Uute teadmiste omandamisel tugineb \u00f5pilane varasematele ja konstrueerib uue teabe p\u00f5hjal enda teadmised. Omandatud teadmisi rakendab \u00f5pilane uutes olukordades, probleemide lahendamisel, valikute tegemisel, oma seisukohtade argumenteerimisel.<\/span><\/p>\n\n\n\n<h2 class=\"wp-block-heading\">Avastus\u00f5pe ja hindamine<\/h2>\n\n\n\n<p>Toetutakse PR\u00d5K hindamise eesm\u00e4rkidele, sh kujundava hindamise p\u00f5him\u00f5tetele. Hindamise k\u00e4igus anal\u00fc\u00fcsitakse \u00f5pilaste teadmisi, oskusi, hoiakuid, v\u00e4\u00e4rtushinnanguid ja k\u00e4itumist, antakse tagasisidet \u00f5pilase seniste tulemuste ja vajakaj\u00e4\u00e4miste kohta, innustatakse ja suunatakse \u00f5pilast edasisel \u00f5ppimisel ning kavandatakse edasise \u00f5ppimise eesm\u00e4rgid ja teed. Kujundav hindamine keskendub eelk\u00f5ige \u00f5pilase arengu v\u00f5rdlemisele tema varasemate saavutustega. Tagasiside kirjeldab \u00f5igel ajal ja v\u00f5imalikult t\u00e4pselt \u00f5pilase tugevaid k\u00fclgi ja vajakaj\u00e4\u00e4misi ning sisaldab ettepanekuid edaspidisteks tegevusteks, mis toetavad \u00f5pilase arengut.<\/p>\n\n\n\n<p>\u00d5pilane kaasatakse enese ja kaaslaste hindamisse, et arendada tema oskust seada\u00a0eesm\u00e4rke, anal\u00fc\u00fcsida\u00a0oma \u00f5ppimist ja k\u00e4itumist eesm\u00e4rkide alusel ja t\u00f5sta \u00f5pimotivatsiooni.<\/p>\n\n\n\n<p>Kuna avastus\u00f5ppe eesm\u00e4rgiks on \u00f5pilaste uudishimu toetamine ja ilma avastamise entusiasmi suurendamine, siis ei ole eesm\u00e4rgiks kindlate vastusteni j\u00f5udmine, vaid \u00f5pilaste olemasolevate teadmiste v\u00e4ljaselgitamine. Seep\u00e4rast ei ole\u00a0 vaja \u00f5pilaste t\u00e4helepanekuid \u00f5ppimise algul parandada v\u00f5i t\u00e4psustada, \u00f5ppe k\u00e4igus peaks \u00f5pilaste t\u00e4helepanekud muutuma t\u00e4psemaks ja toetuma \u00f5pitule (sh k\u00f5iki elemente).<\/p>\n\n\n\n<h2 class=\"wp-block-heading\">Avastus\u00f5pe ja \u00f5ppekeskkond<\/h2>\n\n\n\n<p>Avastus\u00f5pe toetab p\u00f5hikooli riiklikus \u00f5ppekavas kirjeldatud \u00f5ppekeskkonna j\u00e4rgmisi aspekte. Sotsiaalse ja vaimse keskkonna kujundamisel luuakse vastastikusel lugupidamisel ja \u00fcksteise seisukohtade arvestamisel p\u00f5hinevad suhted; koheldakse k\u00f5ik \u00f5pilasi eelarvamusteta, \u00f5iglaselt ja v\u00f5rd\u00f5iguslikult, austades nende enesev\u00e4\u00e4rikust ning isikup\u00e4ra; m\u00e4rgatakse ja tunnustatakse k\u00f5igi \u00f5pilaste pingutusi ja \u00f5piedu; hoidutakse \u00f5pilaste sildistamisest ja nende eneseusu v\u00e4hendamisest; ollakse avatud vabale arvamusvahetusele, sealhulgas kriitikale; luuakse \u00f5pilastele v\u00f5imalus n\u00e4idata initsiatiivi, osaleda otsustamises ning tegutseda nii \u00fcksi kui ka koos kaaslastega; luuakse \u00f5hkkond, mis rajaneb inimeste usalduslikel suhetel, s\u00f5bralikkusel ja heatahtlikkusel.<\/p>\n\n\n\n<div class=\"accordion mb-3\">\n        <div class=\"accordion-item accordion-item--white\">\n        <h2 class=\"accordion-header\" id=\"accordion-69eea12c44c18-heading\">\n            <button class=\"accordion-button collapsed\" type=\"button\" data-bs-toggle=\"collapse\" data-bs-target=\"#accordion-69eea12c44c18-collapse\" aria-expanded=\"true\" aria-controls=\"accordion-69eea12c44c18-collapse\">Avastus\u00f5pe toetab \u00fcldp\u00e4devuste saavutamist. Loe lisa.<\/button>\n        <\/h2>\n        <div id=\"accordion-69eea12c44c18-collapse\" class=\"accordion-collapse collapse\" aria-labelledby=\"accordion-69eea12c44c18-heading\">\n            <div class=\"accordion-body\">\n<ul>\n<li><span style=\"line-height: 1.6em;\">V\u00e4\u00e4rtusp\u00e4devus \u2013 tajuda ja v\u00e4\u00e4rtustada oma seotust teiste inimestega, loodusega; v\u00e4\u00e4rtustada loomingut. <\/span><\/li>\n<li><span style=\"line-height: 1.6em;\">Sotsiaalne p\u00e4devus \u2013 suutlikkus ennast teostada; teada ja j\u00e4rgida erinevate keskkondade reegleid; teha koost\u00f6\u00f6d teiste inimestega erinevates situatsioonides; aktsepteerida inimeste erinevusi ning arvestada neid suhtlemisel. <\/span><\/li>\n<li><span style=\"line-height: 1.6em;\">Enesem\u00e4\u00e4ratlusp\u00e4devus \u2013 suutlikkus m\u00f5ista ja hinnata iseennast, oma n\u00f5rku ja tugevaid k\u00fclgi. <\/span><\/li>\n<li><span style=\"line-height: 1.6em;\">\u00d5pip\u00e4devus \u2013 suutlikkus organiseerida \u00f5ppekeskkonda ja hankida \u00f5ppimiseks vajaminevat teavet; kasutada \u00f5pitut, sealhulgas \u00f5pioskusi ja \u2013strateegiaid, erinevates kontekstides ning probleeme lahendades; anal\u00fc\u00fcsida enda teadmisi ja oskusi, tugevusi ja n\u00f5rkusi ning selle p\u00f5hjal edasi\u00f5ppimise vajadust. <\/span><\/li>\n<li><span style=\"line-height: 1.6em;\">Suhtlusp\u00e4devus \u2013 suutlikkus ennast selgelt ja asjakohaselt v\u00e4ljendada, arvestades olukordi ja suhtluspartnereid, oma seisukohti esitada ja p\u00f5hjendada; lugeda ning m\u00f5ista teabe- ja tarbetekste; kirjutada eri liiki tekste. <\/span><\/li>\n<li><span style=\"line-height: 1.6em;\">Matemaatikap\u00e4devus \u2013 suutlikkus kasutada matemaatikale omast keelt, s\u00fcmboleid ning meetodeid erinevaid \u00fclesandeid lahendades k\u00f5igis elu- ja tegevusvaldkondades. <\/span><\/li>\n<li><span style=\"line-height: 1.6em;\">Ettev\u00f5tlikkusp\u00e4devus \u2013 suutlikkus ideid luua ja neid ellu viia, kasutades omandatud teadmisi ja oskusi erinevates elu- ja tegevusvaldkondades; n\u00e4ha probleeme ja neis peituvaid v\u00f5imalusi; n\u00e4idata initsiatiivi ja vastutada tulemuste eest.<\/span><\/li>\n<\/ul>\n<\/div>\n        <\/div>\n        <\/div>\n    <\/div>\n\n\n\n<div class=\"accordion mb-3\">\n        <div class=\"accordion-item accordion-item--white\">\n        <h2 class=\"accordion-header\" id=\"accordion-69eea12c44c32-heading\">\n            <button class=\"accordion-button collapsed\" type=\"button\" data-bs-toggle=\"collapse\" data-bs-target=\"#accordion-69eea12c44c32-collapse\" aria-expanded=\"true\" aria-controls=\"accordion-69eea12c44c32-collapse\">Avastus\u00f5ppega toetatakse l\u00e4bivate teemade eesm\u00e4rkide saavutamist.<\/button>\n        <\/h2>\n        <div id=\"accordion-69eea12c44c32-collapse\" class=\"accordion-collapse collapse\" aria-labelledby=\"accordion-69eea12c44c32-heading\">\n            <div class=\"accordion-body\">\n<ul>\n<li><span style=\"line-height: 1.6em;\">L\u00e4biv teema \u201eElukestev \u00f5pe ja karj\u00e4\u00e4ri planeerimine\u201c \u2013 arendama oma \u00f5pioskusi, suhtlemisoskusi, koost\u00f6\u00f6- ja otsustamisoskusi ning teabega \u00fcmberk\u00e4imise oskusi; arendama oskust seada endale eesm\u00e4rke ning tegutseda neid ellu viies s\u00fcsteemselt; teadvustama oma huve, v\u00f5imeid ja oskusi, mis aitavad kaasa adekvaatse enesehinnangu kujunemisele. <\/span><\/li>\n<li><span style=\"line-height: 1.6em;\">L\u00e4biv teema \u201eKeskkond ja j\u00e4tkusuutlik areng\u201c \u2013 aru saama loodusest kui terviks\u00fcsteemist, inimese ja teda \u00fcmbritseva keskkonna vastastikustest seostest.<\/span><\/li>\n<li><span style=\"line-height: 1.6em;\"> L\u00e4biv teema \u201eKodanikualgatus ja ettev\u00f5tlikkus\u201c \u2013 v\u00e4\u00e4rtustama \u00fchiselu demokraatlikku korraldamist, koost\u00f6\u00f6d; olema algatusv\u00f5imeline ja ettev\u00f5tlik, kujundama isiklikke seisukohti ning neid v\u00e4ljendama. <\/span><\/li>\n<li><span style=\"line-height: 1.6em;\">L\u00e4biv teema \u201eKultuuriline identiteet\u201c \u2013 tundma \u00f5ppima ning v\u00e4\u00e4rtustama oma ja teiste kultuuride p\u00e4randit ja erip\u00e4ra.<\/span><\/li>\n<li><span style=\"line-height: 1.6em;\"> L\u00e4biv teema \u201eTeabekeskkond\u201c \u2013 m\u00e4\u00e4rama oma teabevajadusi ja leidma sobivat teavet; kujundama t\u00f5husaid teabeotsingumeetodeid, mis h\u00f5lmavad erinevaid teavikuid ja teabekeskkondi; arendama kriitilise teabeanal\u00fc\u00fcsi oskust.<\/span><\/li>\n<li><span style=\"line-height: 1.6em;\"> L\u00e4biv teema \u201eTehnoloogia ja innovatsioon\u201c \u2013 m\u00f5istma tehnoloogiliste uuenduste m\u00f5ju inimeste t\u00f6\u00f6- ja eluviisile, elukvaliteedile ning keskkonnale nii t\u00e4nap\u00e4eval kui ka minevikus; kasutama info- ja kommunikatsioonitehnoloogiat (IKT ) eluliste probleemide lahendamiseks ning oma \u00f5ppimise ja t\u00f6\u00f6 t\u00f5hustamiseks; arendama loovust, koost\u00f6\u00f6oskusi ja algatusv\u00f5imet uuenduslike ideede rakendamisel erinevates projektides.<\/span><\/li>\n<\/ul>\n<\/div>\n        <\/div>\n        <\/div>\n    <\/div>\n","protected":false},"excerpt":{"rendered":"<p>Avastus\u00f5pe toetab p\u00f5hikooli riikliku \u00f5ppekava\u00a0(PR\u00d5K) \u00f5ppimise k\u00e4sitlust, r\u00f5hutades muutusi \u00f5pilaste v\u00f5i \u00f5pilaste r\u00fchma k\u00e4itumisv\u00f5imes ja toetatakse igap\u00e4evaelus toimetulemist, \u00f5ppimise aluseks on \u00f5pilastele sobivate kogemuste pakkumine, \u00f5pilane on \u00f5ppimises aktiivne osaleja, \u00f5pib \u00fcksi ja koos kaaslasega, \u00f5pib oma kaaslasi ja ennast &#8230;<\/p>\n","protected":false},"author":11,"featured_media":0,"parent":0,"menu_order":0,"comment_status":"closed","ping_status":"closed","template":"","meta":{"_acf_changed":false,"inline_featured_image":false,"footnotes":""},"class_list":["post-11","page","type-page","status-publish","hentry"],"acf":[],"_links":{"self":[{"href":"https:\/\/sisu.ut.ee\/oppemeetodid1\/wp-json\/wp\/v2\/pages\/11","targetHints":{"allow":["GET"]}}],"collection":[{"href":"https:\/\/sisu.ut.ee\/oppemeetodid1\/wp-json\/wp\/v2\/pages"}],"about":[{"href":"https:\/\/sisu.ut.ee\/oppemeetodid1\/wp-json\/wp\/v2\/types\/page"}],"author":[{"embeddable":true,"href":"https:\/\/sisu.ut.ee\/oppemeetodid1\/wp-json\/wp\/v2\/users\/11"}],"replies":[{"embeddable":true,"href":"https:\/\/sisu.ut.ee\/oppemeetodid1\/wp-json\/wp\/v2\/comments?post=11"}],"version-history":[{"count":2,"href":"https:\/\/sisu.ut.ee\/oppemeetodid1\/wp-json\/wp\/v2\/pages\/11\/revisions"}],"predecessor-version":[{"id":57,"href":"https:\/\/sisu.ut.ee\/oppemeetodid1\/wp-json\/wp\/v2\/pages\/11\/revisions\/57"}],"wp:attachment":[{"href":"https:\/\/sisu.ut.ee\/oppemeetodid1\/wp-json\/wp\/v2\/media?parent=11"}],"curies":[{"name":"wp","href":"https:\/\/api.w.org\/{rel}","templated":true}]}}