{"id":45,"date":"2024-04-05T00:14:40","date_gmt":"2024-04-04T21:14:40","guid":{"rendered":"https:\/\/sisu.ut.ee\/oppeaine-tagasiside\/?page_id=45"},"modified":"2024-04-24T09:12:35","modified_gmt":"2024-04-24T06:12:35","slug":"kasutatud-kirjandus","status":"publish","type":"page","link":"https:\/\/sisu.ut.ee\/oppeaine-tagasiside\/kasutatud-kirjandus\/","title":{"rendered":"Kasutatud kirjandus"},"content":{"rendered":"<a name=\"name_directory_position1\"><\/a><div class=\"name_directory_index\"><a class=\"name_directory_startswith\" href=\"https:\/\/sisu.ut.ee\/oppeaine-tagasiside\/kasutatud-kirjandus\/?dir=1&amp;name_directory_startswith=\">All<\/a> | <a class=\"name_directory_startswith  name_directory_empty\" href=\"https:\/\/sisu.ut.ee\/oppeaine-tagasiside\/kasutatud-kirjandus\/?dir=1&amp;name_directory_startswith=%23\">#<\/a>  <a class=\"name_directory_startswith  name_directory_empty\" href=\"https:\/\/sisu.ut.ee\/oppeaine-tagasiside\/kasutatud-kirjandus\/?dir=1&amp;name_directory_startswith=A\">A<\/a>  <a class=\"name_directory_startswith  name_directory_empty\" href=\"https:\/\/sisu.ut.ee\/oppeaine-tagasiside\/kasutatud-kirjandus\/?dir=1&amp;name_directory_startswith=B\">B<\/a>  <a class=\"name_directory_startswith  name_directory_empty\" href=\"https:\/\/sisu.ut.ee\/oppeaine-tagasiside\/kasutatud-kirjandus\/?dir=1&amp;name_directory_startswith=C\">C<\/a>  <a class=\"name_directory_startswith  name_directory_empty\" href=\"https:\/\/sisu.ut.ee\/oppeaine-tagasiside\/kasutatud-kirjandus\/?dir=1&amp;name_directory_startswith=D\">D<\/a>  <a class=\"name_directory_startswith  name_directory_empty\" href=\"https:\/\/sisu.ut.ee\/oppeaine-tagasiside\/kasutatud-kirjandus\/?dir=1&amp;name_directory_startswith=E\">E<\/a>  <a class=\"name_directory_startswith  name_directory_empty\" href=\"https:\/\/sisu.ut.ee\/oppeaine-tagasiside\/kasutatud-kirjandus\/?dir=1&amp;name_directory_startswith=F\">F<\/a>  <a class=\"name_directory_startswith  name_directory_empty\" href=\"https:\/\/sisu.ut.ee\/oppeaine-tagasiside\/kasutatud-kirjandus\/?dir=1&amp;name_directory_startswith=G\">G<\/a>  <a class=\"name_directory_startswith  name_directory_empty\" href=\"https:\/\/sisu.ut.ee\/oppeaine-tagasiside\/kasutatud-kirjandus\/?dir=1&amp;name_directory_startswith=H\">H<\/a>  <a class=\"name_directory_startswith  name_directory_empty\" href=\"https:\/\/sisu.ut.ee\/oppeaine-tagasiside\/kasutatud-kirjandus\/?dir=1&amp;name_directory_startswith=I\">I<\/a>  <a class=\"name_directory_startswith  name_directory_empty\" href=\"https:\/\/sisu.ut.ee\/oppeaine-tagasiside\/kasutatud-kirjandus\/?dir=1&amp;name_directory_startswith=J\">J<\/a>  <a class=\"name_directory_startswith  name_directory_empty\" href=\"https:\/\/sisu.ut.ee\/oppeaine-tagasiside\/kasutatud-kirjandus\/?dir=1&amp;name_directory_startswith=K\">K<\/a>  <a class=\"name_directory_startswith  name_directory_empty\" href=\"https:\/\/sisu.ut.ee\/oppeaine-tagasiside\/kasutatud-kirjandus\/?dir=1&amp;name_directory_startswith=L\">L<\/a>  <a class=\"name_directory_startswith  name_directory_empty\" href=\"https:\/\/sisu.ut.ee\/oppeaine-tagasiside\/kasutatud-kirjandus\/?dir=1&amp;name_directory_startswith=M\">M<\/a>  <a class=\"name_directory_startswith  name_directory_empty\" href=\"https:\/\/sisu.ut.ee\/oppeaine-tagasiside\/kasutatud-kirjandus\/?dir=1&amp;name_directory_startswith=N\">N<\/a>  <a class=\"name_directory_startswith  name_directory_empty\" href=\"https:\/\/sisu.ut.ee\/oppeaine-tagasiside\/kasutatud-kirjandus\/?dir=1&amp;name_directory_startswith=O\">O<\/a>  <a class=\"name_directory_startswith  name_directory_empty\" href=\"https:\/\/sisu.ut.ee\/oppeaine-tagasiside\/kasutatud-kirjandus\/?dir=1&amp;name_directory_startswith=P\">P<\/a>  <a class=\"name_directory_startswith  name_directory_empty\" href=\"https:\/\/sisu.ut.ee\/oppeaine-tagasiside\/kasutatud-kirjandus\/?dir=1&amp;name_directory_startswith=Q\">Q<\/a>  <a class=\"name_directory_startswith  name_directory_empty\" href=\"https:\/\/sisu.ut.ee\/oppeaine-tagasiside\/kasutatud-kirjandus\/?dir=1&amp;name_directory_startswith=R\">R<\/a>  <a class=\"name_directory_startswith  name_directory_empty\" href=\"https:\/\/sisu.ut.ee\/oppeaine-tagasiside\/kasutatud-kirjandus\/?dir=1&amp;name_directory_startswith=S\">S<\/a>  <a class=\"name_directory_startswith  name_directory_empty\" href=\"https:\/\/sisu.ut.ee\/oppeaine-tagasiside\/kasutatud-kirjandus\/?dir=1&amp;name_directory_startswith=%C5%A0\">\u0160<\/a>  <a class=\"name_directory_startswith  name_directory_empty\" href=\"https:\/\/sisu.ut.ee\/oppeaine-tagasiside\/kasutatud-kirjandus\/?dir=1&amp;name_directory_startswith=Z\">Z<\/a>  <a class=\"name_directory_startswith  name_directory_empty\" href=\"https:\/\/sisu.ut.ee\/oppeaine-tagasiside\/kasutatud-kirjandus\/?dir=1&amp;name_directory_startswith=%C5%BD\">\u017d<\/a>  <a class=\"name_directory_startswith  name_directory_empty\" href=\"https:\/\/sisu.ut.ee\/oppeaine-tagasiside\/kasutatud-kirjandus\/?dir=1&amp;name_directory_startswith=T\">T<\/a>  <a class=\"name_directory_startswith  name_directory_empty\" href=\"https:\/\/sisu.ut.ee\/oppeaine-tagasiside\/kasutatud-kirjandus\/?dir=1&amp;name_directory_startswith=U\">U<\/a>  <a class=\"name_directory_startswith  name_directory_empty\" href=\"https:\/\/sisu.ut.ee\/oppeaine-tagasiside\/kasutatud-kirjandus\/?dir=1&amp;name_directory_startswith=V\">V<\/a>  <a class=\"name_directory_startswith  name_directory_empty\" href=\"https:\/\/sisu.ut.ee\/oppeaine-tagasiside\/kasutatud-kirjandus\/?dir=1&amp;name_directory_startswith=W\">W<\/a>  <a class=\"name_directory_startswith  name_directory_empty\" href=\"https:\/\/sisu.ut.ee\/oppeaine-tagasiside\/kasutatud-kirjandus\/?dir=1&amp;name_directory_startswith=%C3%95\">\u00d5<\/a>  <a class=\"name_directory_startswith  name_directory_empty\" href=\"https:\/\/sisu.ut.ee\/oppeaine-tagasiside\/kasutatud-kirjandus\/?dir=1&amp;name_directory_startswith=%C3%84\">\u00c4<\/a>  <a class=\"name_directory_startswith  name_directory_empty\" href=\"https:\/\/sisu.ut.ee\/oppeaine-tagasiside\/kasutatud-kirjandus\/?dir=1&amp;name_directory_startswith=%C3%96\">\u00d6<\/a>  <a class=\"name_directory_startswith  name_directory_empty\" href=\"https:\/\/sisu.ut.ee\/oppeaine-tagasiside\/kasutatud-kirjandus\/?dir=1&amp;name_directory_startswith=%C3%9C\">\u00dc<\/a>  <a class=\"name_directory_startswith  name_directory_empty\" href=\"https:\/\/sisu.ut.ee\/oppeaine-tagasiside\/kasutatud-kirjandus\/?dir=1&amp;name_directory_startswith=X\">X<\/a>  <a class=\"name_directory_startswith  name_directory_empty\" href=\"https:\/\/sisu.ut.ee\/oppeaine-tagasiside\/kasutatud-kirjandus\/?dir=1&amp;name_directory_startswith=Y\">Y<\/a> <\/div><div class=\"name_directory_total\"><\/div><div class=\"name_directory_names\"><div class=\"name_directory_column name_directory_nr1\"><div class=\"name_directory_name_box\"><a name=\"namedirectory_1\"><\/a><strong role=\"term\">[1]<\/strong><br><div role=\"definition\"><p>Ang, L., Breyer, Y. A. and J. Pritt. (2018). Course recommendation as construct in student evaluations: will students recommend your course? <em>Studies in Higher Education<\/em>, 43:6, 944-958).<\/p><\/div><\/div><div class=\"name_directory_name_box\"><a name=\"namedirectory_2\"><\/a><strong role=\"term\">[2]<\/strong><br><div role=\"definition\"><p>Asikainen, H. (2014). Successful learning and studying in biosciences: exploring how students\u2019 conceptions of learning, approaches to learning, motivation and their experiences of the teaching-learning environment are related to study success. (Doctoral dissertation). University of Helsinki. Available from E-thesis.<\/p><\/div><\/div><div class=\"name_directory_name_box\"><a name=\"namedirectory_3\"><\/a><strong role=\"term\">[3]<\/strong><br><div role=\"definition\"><p>Berk, R. A. (2018). Beyond student ratings: 14 Other sources of evidence to evaluate teaching. In R. Ellis &amp; E. Hogard (Eds.), Handbook of quality assurance for university teaching. London, UK: Routledge.<\/p><\/div><\/div><div class=\"name_directory_name_box\"><a name=\"namedirectory_4\"><\/a><strong role=\"term\">[4]<\/strong><br><div role=\"definition\"><p>Borglund, D., Carlsson, U., Colarieti-Tosti, M., Havtun, H., Hjelm, N., &amp; Naimi-Akbar, I. (2016). Learning Experience Questionnaire \u2013 Course analysis for development. Version 2. <a href=\"https:\/\/www.kth.se\/polopoly_fs\/1.661155.1550158349!\/LEQ_Guide_v2.pdf\" target=\"_blank\">https:\/\/www.kth.se\/polopoly_fs\/1.661155.1550158349!\/LEQ_Guide_v2.pdf<\/a><\/p><\/div><\/div><div class=\"name_directory_name_box\"><a name=\"namedirectory_5\"><\/a><strong role=\"term\">[5]<\/strong><br><div role=\"definition\"><p>Linse, A. R. (2017). Interpreting and using student ratings data: Guidance for faculty serving as administrators and on evaluation commitees. Studies in Educational Evaluation, 54, 94-106.<\/p><\/div><\/div><div class=\"name_directory_name_box\"><a name=\"namedirectory_6\"><\/a><strong role=\"term\">[6]<\/strong><br><div role=\"definition\">Eccles, J. S.; Wigfield, A. (2002). Motivational Beliefs, Values, and Goals. Annual Review of Psychology , 53, 109\u2013132.<\/div><\/div><div class=\"name_directory_name_box\"><a name=\"namedirectory_7\"><\/a><strong role=\"term\">[7]<\/strong><br><div role=\"definition\"><p>Erikson, M., Erikson, M. G. &amp; Punzi, E. (2016). Student responses to a reflexive course evaluation. <em>Reflective Practice<\/em>, 17(6), 663-675.<\/p><\/div><\/div><div class=\"name_directory_name_box\"><a name=\"namedirectory_8\"><\/a><strong role=\"term\">[8]<\/strong><br><div role=\"definition\">Carini, R.M., Kuh, G.D. &amp; Klein, S.P. (2006). Student Engagement and Student Learning: Testing the Linkages. Research in Higher Education, 47: 1.<\/div><\/div><div class=\"name_directory_name_box\"><a name=\"namedirectory_9\"><\/a><strong role=\"term\">[9]<\/strong><br><div role=\"definition\">Coertjens, L., Vanthournout, G., Lindblom-Yl\u00e4nne, S., &amp; Postareff, L. (2016) Understanding individual differences in approaches to learning across courses: A mixed method approach. Learning and Individual Differences, 51, 69-80.<\/div><\/div><div class=\"name_directory_name_box\"><a name=\"namedirectory_10\"><\/a><strong role=\"term\">[10]<\/strong><br><div role=\"definition\">Deci, E. L., &amp; R. M. Ryan (2012). Motivation, Personality, and Development within Embedded Social Contexts: An Overview of Self-Determination Theory. In The Oxford Handbook of Human Motivation.<\/div><\/div><div class=\"name_directory_name_box\"><a name=\"namedirectory_11\"><\/a><strong role=\"term\">[11]<\/strong><br><div role=\"definition\"><p>Entwistle, N., McCune, V. &amp; J. Hounsell. (2002). Approaches to Studying and Perceptions of University Teaching-Learning Environments: Concepts, Measures and Preliminary Findings. Occasional Raport 1. <a href=\"http:\/\/www.etl.tla.ed.ac.uk\/docs\/ETLreport1.pdf\" target=\"_blank\">http:\/\/www.etl.tla.ed.ac.uk\/docs\/ETLreport1.pdf<\/a> (16.04.2018)<\/p><\/div><\/div><div class=\"name_directory_name_box\"><a name=\"namedirectory_12\"><\/a><strong role=\"term\">[12]<\/strong><br><div role=\"definition\">Groccia, J. E. (2018). What Is Student Engagement? In J. E. Groccia and W. Buskist (Eds.) Student Engagement: A Multidimensional Perspective. Wiley.<\/div><\/div><div class=\"name_directory_name_box\"><a name=\"namedirectory_13\"><\/a><strong role=\"term\">[13]<\/strong><br><div role=\"definition\"><p>Hailikari, T., Tuononen, T. &amp; Parpala, A. (2018) \u201cStudents\u2019 experiences of the factors affecting their study progress: differences in study profiles.\u201d <em>Journal of Further and Higher Education<\/em> 42 (1): 1-12.<\/p><\/div><\/div><div class=\"name_directory_name_box\"><a name=\"namedirectory_14\"><\/a><strong role=\"term\">[14]<\/strong><br><div role=\"definition\">Hoidn, S. (2017). Student-Centred Learning Environments in Higher Education Classrooms. Palgrave Macmillan.<\/div><\/div><div class=\"name_directory_name_box\"><a name=\"namedirectory_15\"><\/a><strong role=\"term\">[15]<\/strong><br><div role=\"definition\"><p>Lawson, M. A., and Lawson, H. A. (2013). New Conceptual Frameworks for Student Engagement Research, Policy and Practice. <em>Review of Educational Research<\/em>, 83:3, 432-479.<\/p><\/div><\/div><div class=\"name_directory_name_box\"><a name=\"namedirectory_16\"><\/a><strong role=\"term\">[16]<\/strong><br><div role=\"definition\">Lindblom-Yl\u00e4nne, S., Parpala, A., &amp; Postareff, L. (2018). What constitutes the surface approach to learning in the light of new empirical evidence? Studies in Higher Education, DOI: 10.1080\/03075079.2018.1482267.<\/div><\/div><div class=\"name_directory_name_box\"><a name=\"namedirectory_17\"><\/a><strong role=\"term\">[17]<\/strong><br><div role=\"definition\"><p>Kahu, E., Nelson, K. and Picton, C. (2017). Student interest as a key driver of engagement for first year students. <em>Student Success<\/em>, Vol 8:2; 55-66.<\/p><\/div><\/div><div class=\"name_directory_name_box\"><a name=\"namedirectory_18\"><\/a><strong role=\"term\">[18]<\/strong><br><div role=\"definition\">Kuh, D.G., Cruce, T.M., Shoup, R., Kinzie, J. And Gonyea, R. M. (2008). Unmasking the Effects of Student Engagement on First-Year College Grades and Persistance. The Journal of Higher Education, 79:5, 540-563.<\/div><\/div><div class=\"name_directory_name_box\"><a name=\"namedirectory_19\"><\/a><strong role=\"term\">[19]<\/strong><br><div role=\"definition\">Manwaring, K. C. (2017). Emotional and Cognitive Engagement in Higher Education Classrooms. All Theses and Dissertations. 6636. Birgham Young University. <\/div><\/div><div class=\"name_directory_name_box\"><a name=\"namedirectory_20\"><\/a><strong role=\"term\">[20]<\/strong><br><div role=\"definition\"><p>Mayer, R. E. (2004). \u201cShould There Be a Three-Strikes Rule Against Pure Discovery Learning? The Case for Guided Methods of Instruction.\u201d <em>American Psychologist<\/em> 59 (1): 14-19.<\/p><\/div><\/div><div class=\"name_directory_name_box\"><a name=\"namedirectory_21\"><\/a><strong role=\"term\">[21]<\/strong><br><div role=\"definition\">Parpala, A. (2010) Exploring the experiences and conceptions of good teaching in higher education: Development of a questionnaire for assessing students\u2019 approaches to learning and experiences of the teaching-learning environment.  Doctoral dissertation. University of Helsinki. Available from E-thesis.<\/div><\/div><div class=\"name_directory_name_box\"><a name=\"namedirectory_22\"><\/a><strong role=\"term\">[22]<\/strong><br><div role=\"definition\"><p>Postareff, L., Parpala, A., &amp; Lindblom-Yl\u00e4nne, S. (2015). Factors Contributing to Changes in a Deep Approach to Learning in Different Learning Environments. <em>Learning Environments Research<\/em>, 18(3)<\/p><\/div><\/div><div class=\"name_directory_name_box\"><a name=\"namedirectory_23\"><\/a><strong role=\"term\">[23]<\/strong><br><div role=\"definition\">Zerihun, Z. (2012). Evaluating Teaching Quality in Higher Education: A Focus on Student\u2019s Learning Experiences. Doctoral dissertation. <\/div><\/div><div class=\"name_directory_name_box\"><a name=\"namedirectory_24\"><\/a><strong role=\"term\">[24]<\/strong><br><div role=\"definition\"><p>Oldfield, J., J. Rodwell, L. Curry, and G. Marks. (2019). \u201cA Face in a Sea of Faces: Exploring University Students\u2019 Reasons for Non-attendance to Teaching Sessions.\u201d <em>Journal of Further and Higher Education<\/em>. Advance online publication. doi:10.1080\/0309877X.2017.1363387.<\/p><\/div><\/div><div class=\"name_directory_name_box\"><a name=\"namedirectory_25\"><\/a><strong role=\"term\">[25]<\/strong><br><div role=\"definition\">Uiboleht, K., Karm, M. and L. Postareff, L. (2018). Relations between students\u2019 perceptions of the teaching-learning environment and teachers\u2019 approaches to teaching: a qualitative study. Journal of Further and Higher Education, DOI: 10.1080\/0309877X.2018.1491958.<\/div><\/div><div class=\"name_directory_name_box\"><a name=\"namedirectory_26\"><\/a><strong role=\"term\">[26]<\/strong><br><div role=\"definition\">Uuendatakse \u00f5ppeaine tagasiside k\u00fcsimustikku. (2019). Tartu \u00dclikooli ajakiri, Aprill nr 4. <\/div><\/div><div class=\"name_directory_name_box\"><a name=\"namedirectory_27\"><\/a><strong role=\"term\">[27]<\/strong><br><div role=\"definition\">Vansteenkiste, M., Lens, W. &amp; E. L. Deci (2006). Intrinsic versus Extrinsic Goal Contents in Self-Determination Theory: Another Look at the Quality of Academic Motivation., Educational Psychologist, 41:1, 19-31.<\/div><\/div><div class=\"name_directory_name_box\"><a name=\"namedirectory_28\"><\/a><strong role=\"term\">[28]<\/strong><br><div role=\"definition\"><p>Varunki, M., Katajavuori, N., &amp; Postareff, L. (2017). First-year Students\u2019 Approaches to Learning, and Factors Related to Change or Stability in Their Deep Approach during a Pharmacy Course. <em>Studies in Higher Education<\/em>, 42(2), 331-353.<\/p><\/div><\/div><div class=\"name_directory_name_box\"><a name=\"namedirectory_29\"><\/a><strong role=\"term\">[29]<\/strong><br><div role=\"definition\">Virtanen, A. and P. Tynj\u00e4l\u00e4 (2018). Factors explaining the learning of generic skills: a study of university students experiences. Teaching in Higher Education, DOI: 10.1080\/13562517.2018.1515195.<\/div><\/div><div class=\"name_directory_name_box\"><a name=\"namedirectory_30\"><\/a><strong role=\"term\">[30]<\/strong><br><div role=\"definition\"><p>Wang, X., X. Su, S. Cheung, E. Wong, and T. Kwong. (2013). \u201cAn Exploration of Biggs\u2019 Constructive Alignment in Course Design and its Impact on Students\u2019 Learning Approaches.\u201d <em>Assessment and Evaluation in Higher Education<\/em> 38 (4): 477-491.<\/p><\/div><\/div><div class=\"name_directory_name_box\"><a name=\"namedirectory_31\"><\/a><strong role=\"term\">[31]<\/strong><br><div role=\"definition\"><p>Thelk, A. D., Sundre, D.L., Horst, S. J. &amp; S. J. Finney (2009). Motivation Matters: Using the Student Opinion Scale to Make Valid Inferences About Student Performance. <em>The Journal of General Education<\/em>, 58:3, 129-151.<\/p><\/div><\/div><div class=\"name_directory_name_box\"><a name=\"namedirectory_32\"><\/a><strong role=\"term\">[32]<\/strong><br><div role=\"definition\"><p>Golding, C. &amp; Adam, L. (2016). Evaluate to improve: useful approaches to student evaluation. Assessment &amp; Evaluation in Higher Education, 41 (4): 1-14.<\/p><\/div><\/div><\/div><\/div><style>\n            .name_directory_readmore_state ~ .name_directory_readmore_trigger:before {\n                content: '... Show more';\n            }\n\n            .name_directory_readmore_state:checked ~ .name_directory_readmore_trigger:before {\n                content: 'Show less';\n            }\n            <\/style>\n","protected":false},"excerpt":{"rendered":"","protected":false},"author":280,"featured_media":0,"parent":0,"menu_order":0,"comment_status":"closed","ping_status":"closed","template":"","meta":{"_acf_changed":false,"inline_featured_image":false,"footnotes":""},"class_list":["post-45","page","type-page","status-publish","hentry"],"acf":[],"_links":{"self":[{"href":"https:\/\/sisu.ut.ee\/oppeaine-tagasiside\/wp-json\/wp\/v2\/pages\/45","targetHints":{"allow":["GET"]}}],"collection":[{"href":"https:\/\/sisu.ut.ee\/oppeaine-tagasiside\/wp-json\/wp\/v2\/pages"}],"about":[{"href":"https:\/\/sisu.ut.ee\/oppeaine-tagasiside\/wp-json\/wp\/v2\/types\/page"}],"author":[{"embeddable":true,"href":"https:\/\/sisu.ut.ee\/oppeaine-tagasiside\/wp-json\/wp\/v2\/users\/280"}],"replies":[{"embeddable":true,"href":"https:\/\/sisu.ut.ee\/oppeaine-tagasiside\/wp-json\/wp\/v2\/comments?post=45"}],"version-history":[{"count":1,"href":"https:\/\/sisu.ut.ee\/oppeaine-tagasiside\/wp-json\/wp\/v2\/pages\/45\/revisions"}],"predecessor-version":[{"id":47,"href":"https:\/\/sisu.ut.ee\/oppeaine-tagasiside\/wp-json\/wp\/v2\/pages\/45\/revisions\/47"}],"wp:attachment":[{"href":"https:\/\/sisu.ut.ee\/oppeaine-tagasiside\/wp-json\/wp\/v2\/media?parent=45"}],"curies":[{"name":"wp","href":"https:\/\/api.w.org\/{rel}","templated":true}]}}