{"id":9,"date":"2024-04-04T03:19:36","date_gmt":"2024-04-04T00:19:36","guid":{"rendered":"https:\/\/sisu.ut.ee\/opistsenaariumid\/teemanadal-minu-eesti\/"},"modified":"2024-04-04T03:22:00","modified_gmt":"2024-04-04T00:22:00","slug":"teemanadal-minu-eesti","status":"publish","type":"page","link":"https:\/\/sisu.ut.ee\/opistsenaariumid\/teemanadal-minu-eesti\/","title":{"rendered":"Teeman\u00e4dal &#8220;Minu Eesti&#8221;"},"content":{"rendered":"<p style=\"text-align: right\">Selle \u00f5pistsenaariumi autorid on Viljandi Paalalinna kooli \u00f5petajad Lea Elis ja Mare Luht.<\/p>\n<p>\u201cMinu Eesti\u201d on \u00fclekooliline teema\u00f5pe, mille jooksul saavad \u00f5pilased teadmisi Eesti Vabariigi loomise, oma kodukandi ja Eesti m\u00e4rgi kohta. \u00d5ppes l\u00f5imitakse ajalugu ja \u00fchiskonna\u00f5petust ning arendatakse \u00fcldp\u00e4devusi.<\/p>\n<p>Siinse teeman\u00e4dala sihtr\u00fchmaks on 5.-9. klassi \u00f5pilased. Teeman\u00e4dal viidi l\u00e4bi Viljandi Paalalinna koolis sotsiaalainete n\u00e4dala raames 2017. aasta veebruaris.<\/p>\n<p><\/p><div class=\"accordion mb-3\">\n        <div class=\"accordion-item accordion-item--white\">\n        <h2 class=\"accordion-header\" id=\"accordion-69ee6e1386cc1-heading\">\n            <button class=\"accordion-button collapsed\" type=\"button\" data-bs-toggle=\"collapse\" data-bs-target=\"#accordion-69ee6e1386cc1-collapse\" aria-expanded=\"true\" aria-controls=\"accordion-69ee6e1386cc1-collapse\">Mida saab \u00f5petada?<\/button>\n        <\/h2>\n        <div id=\"accordion-69ee6e1386cc1-collapse\" class=\"accordion-collapse collapse\" aria-labelledby=\"accordion-69ee6e1386cc1-heading\">\n            <div class=\"accordion-body\"> Teeman\u00e4dala eesm\u00e4rk on tutvustada ja t\u00e4htsustada Eestit. <br>Teeman\u00e4dala jooksul arendatakse j\u00e4rgmisi \u00fcldp\u00e4devusi:\n<ul>\n<li>ettev\u00f5tlikkusp\u00e4devus (vanade asjade otsimine ja n\u00e4itusele toomine);<\/li>\n<li>kultuuri- ja v\u00e4\u00e4rtusp\u00e4devus (m\u00e4lum\u00e4ng \u201cMe armastame Eestit\u201d, arutlus \u201eMilline on hea kodanik?\u201c r\u00fchmat\u00f6\u00f6 Viljandi tulevikust);<\/li>\n<li>digip\u00e4devus (m\u00e4lum\u00e4ng Kahootis);<\/li>\n<li>suhtlusp\u00e4devus (r\u00fchmat\u00f6\u00f6); sotsiaalne ja kodanikup\u00e4devus (kohtumine linnapeaga).<\/li>\n<\/ul>\n<p>P\u00e4rast teeman\u00e4dalat:<\/p>\n<ul>\n<li>tunnevad \u00f5pilased paremini Eesti ajalugu;<\/li>\n<li>oskavad nimetada Eestile olulisi inimesi, t\u00e4htp\u00e4evi, s\u00fcndmusi;<\/li>\n<li>oskavad anal\u00fc\u00fcsida, millist kodanikku Eesti riik vajab, ja j\u00e4reldada sellest, mida riik \u00f5pilaselt ootab.<\/li>\n<\/ul>\n<p>Kokkuv\u00f5ttes peab \u00f5pilasel tekkima kujutlus riigist, kes temast hoolib ning kellest tema hoolib.<\/p><\/div>\n        <\/div>\n        <\/div>\n    <\/div>\n<p><\/p><div class=\"accordion mb-3\">\n        <div class=\"accordion-item accordion-item--white\">\n        <h2 class=\"accordion-header\" id=\"accordion-69ee6e1386cd6-heading\">\n            <button class=\"accordion-button collapsed\" type=\"button\" data-bs-toggle=\"collapse\" data-bs-target=\"#accordion-69ee6e1386cd6-collapse\" aria-expanded=\"true\" aria-controls=\"accordion-69ee6e1386cd6-collapse\">Kuidas teeman\u00e4dalat kavandada?<\/button>\n        <\/h2>\n        <div id=\"accordion-69ee6e1386cd6-collapse\" class=\"accordion-collapse collapse\" aria-labelledby=\"accordion-69ee6e1386cd6-heading\">\n            <div class=\"accordion-body\">Teeman\u00e4dal \u201cMinu Eesti\u201d viiakse l\u00e4bi nelja p\u00e4eva jooksul. Iga p\u00e4ev kestavad \u00f5ppetegevused kaks tundi. \u00d5ppes kasutatakse aktiiv\u00f5ppemeetodeid ja viiakse l\u00e4bi j\u00e4rgmised \u00f5ppetegevused:\n<ol>\n<li>vanade asjade n\u00e4itus;<\/li>\n<li>n\u00e4itus \u201eEesti m\u00e4rk 99\u201c;<\/li>\n<li>m\u00e4lum\u00e4ng \u201eMe armastame Eestit\u201c;<\/li>\n<li>kohtumine linnapeaga ja arutelu \u201eMinu Viljandi\u201c;<\/li>\n<li>valimissimulatsioon;<\/li>\n<li>viktoriin \u201eMe tunneme Eestit\u201c;<\/li>\n<li>arutlus \u201eMilline on hea kodanik?\u201c \u00d5ppes kasutatakse internetti, et m\u00e4lum\u00e4ng <em>Kahoot<\/em>is l\u00e4bi viia. R\u00fchmat\u00f6\u00f6ks on vaja suuri paberilehti ja vanu tarbeesemeid.<\/li><\/ol><\/div>\n        <\/div>\n        <\/div>\n    <\/div>\n\n<p><\/p><div class=\"accordion mb-3\">\n        <div class=\"accordion-item accordion-item--white\">\n        <h2 class=\"accordion-header\" id=\"accordion-69ee6e1386cd9-heading\">\n            <button class=\"accordion-button collapsed\" type=\"button\" data-bs-toggle=\"collapse\" data-bs-target=\"#accordion-69ee6e1386cd9-collapse\" aria-expanded=\"true\" aria-controls=\"accordion-69ee6e1386cd9-collapse\">Kuidas anda tagasisidet?<\/button>\n        <\/h2>\n        <div id=\"accordion-69ee6e1386cd9-collapse\" class=\"accordion-collapse collapse\" aria-labelledby=\"accordion-69ee6e1386cd9-heading\">\n            <div class=\"accordion-body\">Tagasisidet kogutakse klassijuhataja tundides, arutledes, mida uut teeman\u00e4dalal \u00f5piti ja kogeti, mis oli huvitav jne. \u00d5petajad koguvad ideid j\u00e4rgmiseks \u00f5ppeaastaks. \u00d5pilased saavad kaks hinnet \u2013 ajaloos m\u00e4lum\u00e4ngu ja \u00fchiskonna\u00f5petuses arutluse eest.<\/div>\n        <\/div>\n        <\/div>\n    <\/div>\n<p><div class=\"video-placeholder-wrapper video-placeholder-wrapper--fixed\" style=\"height: 240px;\">\n\t\t\t    <div class=\"video-placeholder d-flex justify-content-center align-items-center\">\n\t\t\t        <div class=\"overlay text-white p-2 w-100 text-center d-block justify-content-center align-items-center\">\n\t\t\t            <div>Kolmandate osapoolte sisu n\u00e4gemiseks palun n\u00f5ustu k\u00fcpsistega.<\/div>\n\t\t\t            <button class=\"btn btn-secondary btn-sm mt-1 consent-change\">Muuda n\u00f5usolekut<\/button>\n\t\t\t        <\/div>\n\t\t\t    <\/div>\n\t\t\t<\/div>\n<\/p>\n","protected":false},"excerpt":{"rendered":"<p>Selle \u00f5pistsenaariumi autorid on Viljandi Paalalinna kooli \u00f5petajad Lea Elis ja Mare Luht. \u201cMinu Eesti\u201d on \u00fclekooliline teema\u00f5pe, mille jooksul saavad \u00f5pilased teadmisi Eesti Vabariigi loomise, oma kodukandi ja Eesti m\u00e4rgi kohta. \u00d5ppes l\u00f5imitakse ajalugu ja \u00fchiskonna\u00f5petust ning arendatakse \u00fcldp\u00e4devusi. &#8230;<\/p>\n","protected":false},"author":31,"featured_media":0,"parent":0,"menu_order":0,"comment_status":"closed","ping_status":"closed","template":"","meta":{"_acf_changed":false,"inline_featured_image":false,"footnotes":""},"class_list":["post-9","page","type-page","status-publish","hentry"],"acf":[],"_links":{"self":[{"href":"https:\/\/sisu.ut.ee\/opistsenaariumid\/wp-json\/wp\/v2\/pages\/9","targetHints":{"allow":["GET"]}}],"collection":[{"href":"https:\/\/sisu.ut.ee\/opistsenaariumid\/wp-json\/wp\/v2\/pages"}],"about":[{"href":"https:\/\/sisu.ut.ee\/opistsenaariumid\/wp-json\/wp\/v2\/types\/page"}],"author":[{"embeddable":true,"href":"https:\/\/sisu.ut.ee\/opistsenaariumid\/wp-json\/wp\/v2\/users\/31"}],"replies":[{"embeddable":true,"href":"https:\/\/sisu.ut.ee\/opistsenaariumid\/wp-json\/wp\/v2\/comments?post=9"}],"version-history":[{"count":1,"href":"https:\/\/sisu.ut.ee\/opistsenaariumid\/wp-json\/wp\/v2\/pages\/9\/revisions"}],"predecessor-version":[{"id":312,"href":"https:\/\/sisu.ut.ee\/opistsenaariumid\/wp-json\/wp\/v2\/pages\/9\/revisions\/312"}],"wp:attachment":[{"href":"https:\/\/sisu.ut.ee\/opistsenaariumid\/wp-json\/wp\/v2\/media?parent=9"}],"curies":[{"name":"wp","href":"https:\/\/api.w.org\/{rel}","templated":true}]}}

Teemanädal &#8220;Minu Eesti&#8221;

<p style="text-align: right">Selle õpistsenaariumi autorid on Viljandi Paalalinna kooli õpetajad Lea Elis ja Mare Luht.</p>
<p>“Minu Eesti” on ülekooliline teemaõpe, mille jooksul saavad õpilased teadmisi Eesti Vabariigi loomise, oma kodukandi ja Eesti märgi kohta. Õppes lõimitakse ajalugu ja ühiskonnaõpetust ning arendatakse üldpädevusi.</p>
<p>Siinse teemanädala sihtrühmaks on 5.-9. klassi õpilased. Teemanädal viidi läbi Viljandi Paalalinna koolis sotsiaalainete nädala raames 2017. aasta veebruaris.</p>
<p></p><div class="accordion mb-3">
        <div class="accordion-item accordion-item--white">
        <h2 class="accordion-header" id="accordion-69ee6e1386cc1-heading">
            <button class="accordion-button collapsed" type="button" data-bs-toggle="collapse" data-bs-target="#accordion-69ee6e1386cc1-collapse" aria-expanded="true" aria-controls="accordion-69ee6e1386cc1-collapse">Mida saab õpetada?</button>
        </h2>
        <div id="accordion-69ee6e1386cc1-collapse" class="accordion-collapse collapse" aria-labelledby="accordion-69ee6e1386cc1-heading">
            <div class="accordion-body"> Teemanädala eesmärk on tutvustada ja tähtsustada Eestit. <br>Teemanädala jooksul arendatakse järgmisi üldpädevusi:
<ul>
<li>ettevõtlikkuspädevus (vanade asjade otsimine ja näitusele toomine);</li>
<li>kultuuri- ja väärtuspädevus (mälumäng “Me armastame Eestit”, arutlus „Milline on hea kodanik?“ rühmatöö Viljandi tulevikust);</li>
<li>digipädevus (mälumäng Kahootis);</li>
<li>suhtluspädevus (rühmatöö); sotsiaalne ja kodanikupädevus (kohtumine linnapeaga).</li>
</ul>
<p>Pärast teemanädalat:</p>
<ul>
<li>tunnevad õpilased paremini Eesti ajalugu;</li>
<li>oskavad nimetada Eestile olulisi inimesi, tähtpäevi, sündmusi;</li>
<li>oskavad analüüsida, millist kodanikku Eesti riik vajab, ja järeldada sellest, mida riik õpilaselt ootab.</li>
</ul>
<p>Kokkuvõttes peab õpilasel tekkima kujutlus riigist, kes temast hoolib ning kellest tema hoolib.</p></div>
        </div>
        </div>
    </div>
<p></p><div class="accordion mb-3">
        <div class="accordion-item accordion-item--white">
        <h2 class="accordion-header" id="accordion-69ee6e1386cd6-heading">
            <button class="accordion-button collapsed" type="button" data-bs-toggle="collapse" data-bs-target="#accordion-69ee6e1386cd6-collapse" aria-expanded="true" aria-controls="accordion-69ee6e1386cd6-collapse">Kuidas teemanädalat kavandada?</button>
        </h2>
        <div id="accordion-69ee6e1386cd6-collapse" class="accordion-collapse collapse" aria-labelledby="accordion-69ee6e1386cd6-heading">
            <div class="accordion-body">Teemanädal “Minu Eesti” viiakse läbi nelja päeva jooksul. Iga päev kestavad õppetegevused kaks tundi. Õppes kasutatakse aktiivõppemeetodeid ja viiakse läbi järgmised õppetegevused:
<ol>
<li>vanade asjade näitus;</li>
<li>näitus „Eesti märk 99“;</li>
<li>mälumäng „Me armastame Eestit“;</li>
<li>kohtumine linnapeaga ja arutelu „Minu Viljandi“;</li>
<li>valimissimulatsioon;</li>
<li>viktoriin „Me tunneme Eestit“;</li>
<li>arutlus „Milline on hea kodanik?“ Õppes kasutatakse internetti, et mälumäng <em>Kahoot</em>is läbi viia. Rühmatööks on vaja suuri paberilehti ja vanu tarbeesemeid.</li></ol></div>
        </div>
        </div>
    </div>

<p></p><div class="accordion mb-3">
        <div class="accordion-item accordion-item--white">
        <h2 class="accordion-header" id="accordion-69ee6e1386cd9-heading">
            <button class="accordion-button collapsed" type="button" data-bs-toggle="collapse" data-bs-target="#accordion-69ee6e1386cd9-collapse" aria-expanded="true" aria-controls="accordion-69ee6e1386cd9-collapse">Kuidas anda tagasisidet?</button>
        </h2>
        <div id="accordion-69ee6e1386cd9-collapse" class="accordion-collapse collapse" aria-labelledby="accordion-69ee6e1386cd9-heading">
            <div class="accordion-body">Tagasisidet kogutakse klassijuhataja tundides, arutledes, mida uut teemanädalal õpiti ja kogeti, mis oli huvitav jne. Õpetajad koguvad ideid järgmiseks õppeaastaks. Õpilased saavad kaks hinnet – ajaloos mälumängu ja ühiskonnaõpetuses arutluse eest.</div>
        </div>
        </div>
    </div>
<p><div class="video-placeholder-wrapper video-placeholder-wrapper--fixed" style="height: 240px;">
			    <div class="video-placeholder d-flex justify-content-center align-items-center">
			        <div class="overlay text-white p-2 w-100 text-center d-block justify-content-center align-items-center">
			            <div>Kolmandate osapoolte sisu nägemiseks palun nõustu küpsistega.</div>
			            <button class="btn btn-secondary btn-sm mt-1 consent-change">Muuda nõusolekut</button>
			        </div>
			    </div>
			</div>
</p>

<p>Selle õpistsenaariumi autorid on Viljandi Paalalinna kooli õpetajad Lea Elis ja Mare Luht. “Minu Eesti” on ülekooliline teemaõpe, mille jooksul saavad õpilased teadmisi Eesti Vabariigi loomise, oma kodukandi ja Eesti märgi kohta. Õppes lõimitakse ajalugu ja ühiskonnaõpetust ning arendatakse üldpädevusi. &#8230;</p>
