{"id":30,"date":"2024-04-04T03:19:38","date_gmt":"2024-04-04T00:19:38","guid":{"rendered":"https:\/\/sisu.ut.ee\/opistsenaariumid\/lingid-mujal-tehtud-toodele\/"},"modified":"2024-04-04T03:22:00","modified_gmt":"2024-04-04T00:22:00","slug":"lingid-mujal-tehtud-toodele","status":"publish","type":"page","link":"https:\/\/sisu.ut.ee\/opistsenaariumid\/lingid-mujal-tehtud-toodele\/","title":{"rendered":"Lingid mujal tehtud t\u00f6\u00f6dele"},"content":{"rendered":"<p>\n\t<a href=\"https:\/\/sisu.ut.ee\/opikasitus\" target=\"_blank\" rel=\"noopener\"><strong class=\"field-content ut-site-categories-site-title\">N\u00fc\u00fcdisaegsest \u00f5pik\u00e4situsest<\/strong><\/a>\n<\/p>\n<p>\n\t<strong class=\"field-content ut-site-categories-site-title\"><a href=\"https:\/\/creativeclassroomprojekt.wordpress.com\/creative-classroom-kogumik\/projektope\/\" target=\"_blank\" rel=\"noopener\">Projekt\u00f5pe<\/a><\/strong>\n<\/p>\n<p>\n\t<a href=\"https:\/\/creativeclassroomprojekt.wordpress.com\/creative-classroom-kogumik\/probleemipohine-ope\/\" target=\"_blank\" rel=\"noopener\"><strong class=\"field-content ut-site-categories-site-title\">Probleem\u00f5pe<\/strong><\/a>\n<\/p>\n<p>\n\t<a href=\"https:\/\/creativeclassroomprojekt.wordpress.com\/creative-classroom-kogumik\/pooratud-klass\/\" target=\"_blank\" rel=\"noopener\"><strong class=\"field-content ut-site-categories-site-title\">P\u00f6\u00f6ratud klassiruum<\/strong><\/a>\n<\/p>\n<p>\n\t<strong><a data-url=\"http:\/\/usundiopetus.weebly.com\/voorused.html\" href=\"http:\/\/usundiopetus.weebly.com\/voorused.html\" target=\"_blank\" title=\"\" rel=\"noopener\">V\u00e4\u00e4rtused ja valikud: tunnid kardinaalvoorustest<\/a><\/strong>\n<\/p>\n<p>\n\t<strong class=\"field-content ut-site-categories-site-title\"><a href=\"https:\/\/sisu.ut.ee\/node\/471\">\u00d5ppemeetodid: avastus\u00f5pe<\/a><\/strong>\n<\/p>\n<p>\n\t<strong class=\"field-content ut-site-categories-site-title\"><strong class=\"field-content ut-site-categories-site-title\"><a href=\"https:\/\/sisu.ut.ee\/node\/1786\">\u00d5ppemeetodid: draamapedagoogika<\/a><\/strong><\/strong>\n<\/p>\n<p>\n\t<strong class=\"field-content ut-site-categories-site-title\"><a href=\"https:\/\/sisu.ut.ee\/node\/2850\">\u00d5ppemeetodid: lastega filosofeerimine<\/a><\/strong>\n<\/p>\n<p>\n\t<strong class=\"field-content ut-site-categories-site-title\"><a href=\"https:\/\/sisu.ut.ee\/node\/2850\">\u00d5ppemeetodid: seikluspedagoogika<\/a><\/strong>\n<\/p>\n<p>\n\t<strong><a href=\"https:\/\/sisu.ut.ee\/kultuuridkoolis\/\" target=\"_blank\" rel=\"noopener\">Mitmekultuurilisus koolis<\/a><\/strong>\n<\/p>\n<p>\n\t<strong><a data-url=\"https:\/\/haridusekraanil.ee\/\" href=\"https:\/\/haridusekraanil.ee\/\" target=\"_blank\" title=\"\" rel=\"noopener\">Haridus ekraanil <\/a>(filmi\u00f5pe l\u00f5imingus kirjanduse, ajaloo, kultuuri, identiteediloomega)<\/strong><\/p>\n","protected":false},"excerpt":{"rendered":"<p>N\u00fc\u00fcdisaegsest \u00f5pik\u00e4situsest Projekt\u00f5pe Probleem\u00f5pe P\u00f6\u00f6ratud klassiruum V\u00e4\u00e4rtused ja valikud: tunnid kardinaalvoorustest \u00d5ppemeetodid: avastus\u00f5pe \u00d5ppemeetodid: draamapedagoogika \u00d5ppemeetodid: lastega filosofeerimine \u00d5ppemeetodid: seikluspedagoogika Mitmekultuurilisus koolis Haridus ekraanil (filmi\u00f5pe l\u00f5imingus kirjanduse, ajaloo, kultuuri, identiteediloomega)<\/p>\n","protected":false},"author":31,"featured_media":0,"parent":0,"menu_order":0,"comment_status":"closed","ping_status":"closed","template":"","meta":{"_acf_changed":false,"inline_featured_image":false,"footnotes":""},"class_list":["post-30","page","type-page","status-publish","hentry"],"acf":[],"_links":{"self":[{"href":"https:\/\/sisu.ut.ee\/opistsenaariumid\/wp-json\/wp\/v2\/pages\/30","targetHints":{"allow":["GET"]}}],"collection":[{"href":"https:\/\/sisu.ut.ee\/opistsenaariumid\/wp-json\/wp\/v2\/pages"}],"about":[{"href":"https:\/\/sisu.ut.ee\/opistsenaariumid\/wp-json\/wp\/v2\/types\/page"}],"author":[{"embeddable":true,"href":"https:\/\/sisu.ut.ee\/opistsenaariumid\/wp-json\/wp\/v2\/users\/31"}],"replies":[{"embeddable":true,"href":"https:\/\/sisu.ut.ee\/opistsenaariumid\/wp-json\/wp\/v2\/comments?post=30"}],"version-history":[{"count":1,"href":"https:\/\/sisu.ut.ee\/opistsenaariumid\/wp-json\/wp\/v2\/pages\/30\/revisions"}],"predecessor-version":[{"id":291,"href":"https:\/\/sisu.ut.ee\/opistsenaariumid\/wp-json\/wp\/v2\/pages\/30\/revisions\/291"}],"wp:attachment":[{"href":"https:\/\/sisu.ut.ee\/opistsenaariumid\/wp-json\/wp\/v2\/media?parent=30"}],"curies":[{"name":"wp","href":"https:\/\/api.w.org\/{rel}","templated":true}]}}