{"id":28,"date":"2024-04-04T03:19:38","date_gmt":"2024-04-04T00:19:38","guid":{"rendered":"https:\/\/sisu.ut.ee\/opistsenaariumid\/antiikaeg\/"},"modified":"2024-04-04T03:22:00","modified_gmt":"2024-04-04T00:22:00","slug":"antiikaeg","status":"publish","type":"page","link":"https:\/\/sisu.ut.ee\/opistsenaariumid\/antiikaeg\/","title":{"rendered":"Antiikaeg"},"content":{"rendered":"<p style=\"text-align: right\">\n\tSelle \u00f5pistsenaariumi autorid on Viljandi G\u00fcmnaasiumi \u00f5petajad Juta Klettenberg, Ene Runing ja Liivi Vislapuu.\n<\/p>\n<p>\n\tTeema\u00f5pe \u201eAntiikaeg\u201c on antiikperioodi l\u00f5imitud k\u00e4sitlus kolmes aines \u2013 ajaloos, kirjanduses ja kunsti\u00f5petuses.<br>Sihtr\u00fchmaks on 10. klassi \u00f5pilased. \u00d5ppe mahuks on kavandatud 15 tundi.\n<\/p>\n<p>\n\t<\/p><div class=\"accordion mb-3\">\n        <div class=\"accordion-item accordion-item--white\">\n        <h2 class=\"accordion-header\" id=\"accordion-69ee6e130cb90-heading\">\n            <button class=\"accordion-button collapsed\" type=\"button\" data-bs-toggle=\"collapse\" data-bs-target=\"#accordion-69ee6e130cb90-collapse\" aria-expanded=\"true\" aria-controls=\"accordion-69ee6e130cb90-collapse\">Mida saab \u00f5petada?<\/button>\n        <\/h2>\n        <div id=\"accordion-69ee6e130cb90-collapse\" class=\"accordion-collapse collapse\" aria-labelledby=\"accordion-69ee6e130cb90-heading\">\n            <div class=\"accordion-body\">Teeman\u00e4dala eesm\u00e4rk on tutvustada \u00fcht ajastut, antiikaega. \u00d5pilased oskavad seostada ajastut kui tervikut, n\u00e4evad m\u00fctoloogilisi tegelasi kunstis ja loevad nende kohta erinevatest kirjandusteostest. \u00d5pilased saavad teada, kuidas kunst muutus seoses \u00fchiskondlike protsessidega. <\/div>\n        <\/div>\n        <\/div>\n    <\/div>\n\n<p>\n\t<\/p><div class=\"accordion mb-3\">\n        <div class=\"accordion-item accordion-item--white\">\n        <h2 class=\"accordion-header\" id=\"accordion-69ee6e130cba6-heading\">\n            <button class=\"accordion-button collapsed\" type=\"button\" data-bs-toggle=\"collapse\" data-bs-target=\"#accordion-69ee6e130cba6-collapse\" aria-expanded=\"true\" aria-controls=\"accordion-69ee6e130cba6-collapse\">Kuidas \u00f5pet kavandada?<\/button>\n        <\/h2>\n        <div id=\"accordion-69ee6e130cba6-collapse\" class=\"accordion-collapse collapse\" aria-labelledby=\"accordion-69ee6e130cba6-heading\">\n            <div class=\"accordion-body\">II kooliastmes on ajaloo tundides r\u00e4\u00e4gitud Antiik-Kreekast ja Antiik-Roomast, poliitikast, ol\u00fcmpiam\u00e4ngudest, teatrist, koolist, kunstist, m\u00fctoloogiast jne. Teema\u00f5pet saab l\u00e4bi viia, kui kirjandus-, kunsti- ja ajalootunnid on samas perioodis. V\u00f5imalik on ka see, et \u00f5petajad vahetavad omavahel tunde v\u00f5i annavad neid \u00fcheaegselt (mitu \u00f5petajat korraga tunnis). \u00d5ppetegevused v\u00f5ivad olla j\u00e4rgmised:\n\n<ul>\n<li>\n\t\tteooriatunnid klassiruumis, kooli avatud aladel, raamatukogus;\n\t<\/li>\n<li>\n\t\taktiiv\u00f5pe v\u00e4ljaspool klassiruumi (muuseumik\u00fclastus (T\u00dc ajaloomuuseum, KUMU), teatrik\u00fclastus (\u201cKuningas Oidipus\u201d Cabaret Rhizome\u015b), \u00fchine filmi vaatamine (dokumentaalfilmid, ajaloolised m\u00e4ngufilmid, n\u00e4iteks \u201cGladiaator\u201d)\n\t<\/li>\n<\/ul>\n<p>\n\t\u00a0\u00d5pet aitab kavandada j\u00e4rgmine tabel, kus on esitatud erinevate \u00f5ppeainete \u00f5ppesisu:\n<\/p>\n<table class=\"table table-hover\" border=\"1\" cellpadding=\"0\" cellspacing=\"0\" style=\"width: 100%\">\n<tbody>\n<tr>\n<td valign=\"top\">\n<p>\n\t\t\t\t\tKirjandus\n\t\t\t\t<\/p>\n<\/td>\n<td valign=\"top\">\n<p>\n\t\t\t\t\tAjalugu\n\t\t\t\t<\/p>\n<\/td>\n<td valign=\"top\">\n<p>\n\t\t\t\t\tKunst\n\t\t\t\t<\/p>\n<\/td>\n<td valign=\"top\">\n<p>\n\t\t\t\t\t\u00dchisosa\n\t\t\t\t<\/p>\n<\/td>\n<\/tr>\n<tr>\n<td valign=\"top\">\n<p>\n\t\t\t\t\tMaailma loomise m\u00fc\u00fcdid ja muistendid\n\t\t\t\t<\/p>\n<p>\n\t\t\t\t\tVana-Kreeka m\u00fc\u00fcdid<strong>\u00a0 <\/strong>\n\t\t\t\t<\/p>\n<\/td>\n<td valign=\"top\">\n<p>\n\t\t\t\t\tKreeka kultuur: m\u00fctoloogia ja religioon\n\t\t\t\t<\/p>\n<p>\n\t\t\t\t\t\u00a0Homerose eeposed\n\t\t\t\t<\/p>\n<p>\n\t\t\t\t\tAjalookirjutuse algus\n\t\t\t\t<\/p>\n<p>\n\t\t\t\t\tK\u00f5nekunst\n\t\t\t\t<\/p>\n<\/td>\n<td valign=\"top\">\n<p>\n\t\t\t\t\tVana-Kreeka arhitektuur ja skulptuur\n\t\t\t\t<\/p>\n<p>\n\t\t\t\t\tUsk ja jumalad\n\t\t\t\t<\/p>\n<p>\n\t\t\t\t\tInimkeha t\u00e4iuslikkuse otsingud\n\t\t\t\t<\/p>\n<\/td>\n<td valign=\"top\">\n<p>\n\t\t\t\t\tpol\u00fcteism\n\t\t\t\t<\/p>\n<p>\n\t\t\t\t\tm\u00fctoloogia\n\t\t\t\t<\/p>\n<p>\n\t\t\t\t\tajatelg\n\t\t\t\t<\/p>\n<\/td>\n<\/tr>\n<tr>\n<td valign=\"top\">\n<p>\n\t\t\t\t\tSophokles \u201eKuningas Oidipus\u201c\n\t\t\t\t<\/p>\n<\/td>\n<td valign=\"top\">\n<p>\n\t\t\t\t\tTeater. Filosoofia: Sokrates, Platon, Aristoteles. Ol\u00fcmpiam\u00e4ngud\n\t\t\t\t<\/p>\n<\/td>\n<td valign=\"top\">\n<p>\n\t\t\t\t\tVana-Kreeka vaasimaal\n\t\t\t\t<\/p>\n<p>\n\t\t\t\t\thellenistlik skulptuur\n\t\t\t\t<\/p>\n<p>\n\t\t\t\t\t\u00a0\n\t\t\t\t<\/p>\n<p>\n\t\t\t\t\t\u00a0\n\t\t\t\t<\/p>\n<\/td>\n<td valign=\"top\">\n<p>\n\t\t\t\t\tL\u00f5bustused: teater ja k\u00f5nekoosolekud\n\t\t\t\t<\/p>\n<\/td>\n<\/tr>\n<tr>\n<td valign=\"top\">\n<p>\n\t\t\t\t\tAntiikkirjandus (Homeros, Sophokles, Vergilius jt)\n\t\t\t\t<\/p>\n<\/td>\n<td valign=\"top\">\n<p>\n\t\t\t\t\tHellenism\n\t\t\t\t<\/p>\n<p>\n\t\t\t\t\t\u00a0\n\t\t\t\t<\/p>\n<\/td>\n<td valign=\"top\">\n<p>\n\t\t\t\t\tkadunud linnad (Pompei, Herkulaneum, Teeba)\n\t\t\t\t<\/p>\n<\/td>\n<td valign=\"top\">\n<p>\n\t\t\t\t\tVana-Kreeka\u00a0 kultuuri t\u00e4ius ja liialdused\n\t\t\t\t<\/p>\n<\/td>\n<\/tr>\n<tr>\n<td valign=\"top\">\n<p>\n\t\t\t\t\tRooma m\u00fc\u00fcdid\n\t\t\t\t<\/p>\n<p>\n\t\t\t\t\tEepos, kirjanduse alustekstid\n\t\t\t\t<\/p>\n<\/td>\n<td valign=\"top\">\n<p>\n\t\t\t\t\tRooma \u00fchiskond ja eluolu: perekond, kasvatus ja haridus. Rooma kui antiikaja suurlinn. Ehituskunst\n\t\t\t\t<\/p>\n<\/td>\n<td valign=\"top\">\n<p>\n\t\t\t\t\tRooma arhitektuur, skulptuur, maalikunst.\n\t\t\t\t<\/p>\n<p>\n\t\t\t\t\tJumalad ja legendid\n\t\t\t\t<\/p>\n<\/td>\n<td valign=\"top\">\n<p>\n\t\t\t\t\tPol\u00fcteism ja v\u00f5rdlus Vana-Kreekaga\n\t\t\t\t<\/p>\n<p>\n\t\t\t\t\tRooma riigi suurus ja l\u00f5bustused\n\t\t\t\t<\/p>\n<\/td>\n<\/tr>\n<tr>\n<td valign=\"top\">\n<p>\n\t\t\t\t\tAntiikfilosoofid\n\t\t\t\t<\/p>\n<p>\n\t\t\t\t\tArhet\u00fc\u00fcpsed s\u00fc\u017eeed ja tegelased\n\t\t\t\t<\/p>\n<p>\n\t\t\t\t\t\u00a0\n\t\t\t\t<\/p>\n<\/td>\n<td valign=\"top\">\n<p>\n\t\t\t\t\tAntiiktsivilisatsioonide saavutused ja t\u00e4htsus maailma ajaloos\n\t\t\t\t<\/p>\n<\/td>\n<td valign=\"top\">\n<p>\n\t\t\t\t\tM\u00fctoloogia kajastamine hilisemas kunstis\n\t\t\t\t<\/p>\n<\/td>\n<td valign=\"top\">\n<p>\n\t\t\t\t\tAntiigi m\u00f5ju edaspidistele ajastutele\n\t\t\t\t<\/p>\n<\/td>\n<\/tr>\n<tr>\n<td valign=\"top\">\n<p>\n\t\t\t\t\tP\u00fchakud ja piiblilood\n\t\t\t\t<\/p>\n<\/td>\n<td valign=\"top\">\n<p>\n\t\t\t\t\tReligioon: ristiusu teke ja levik ning t\u00f5us riigiusuks\n\t\t\t\t<\/p>\n<p>\n\t\t\t\t\t\u00a0\n\t\t\t\t<\/p>\n<\/td>\n<td valign=\"top\">\n<p>\n\t\t\t\t\tVarakristlik kultuur, katakombid, s\u00fcmbolid, m\u00e4rtrid, kirikuehituse algus\n\t\t\t\t<\/p>\n<\/td>\n<td valign=\"top\">\n<p>\n\t\t\t\t\tRistiusu teke\n\t\t\t\t<\/p>\n<p>\n\t\t\t\t\tMonoteism\n\t\t\t\t<\/p>\n<p>\n\t\t\t\t\tRooma riigi lagunemine ja uus maailma k\u00e4situs\n\t\t\t\t<\/p>\n<\/td>\n<\/tr>\n<\/tbody>\n<\/table>\n<p>\n\t<\/p><\/div>\n        <\/div>\n        <\/div>\n    <\/div>\n\n<p>\n\t<\/p><div class=\"accordion mb-3\">\n        <div class=\"accordion-item accordion-item--white\">\n        <h2 class=\"accordion-header\" id=\"accordion-69ee6e130cbab-heading\">\n            <button class=\"accordion-button collapsed\" type=\"button\" data-bs-toggle=\"collapse\" data-bs-target=\"#accordion-69ee6e130cbab-collapse\" aria-expanded=\"true\" aria-controls=\"accordion-69ee6e130cbab-collapse\">Milliseid m\u00f5isteid \u00f5pitakse?<\/button>\n        <\/h2>\n        <div id=\"accordion-69ee6e130cbab-collapse\" class=\"accordion-collapse collapse\" aria-labelledby=\"accordion-69ee6e130cbab-heading\">\n            <div class=\"accordion-body\">Ajalootunnis: \u00d5pilane teab ja kasutab kontekstis j\u00e4rgmisi m\u00f5isteid: polis, aristokraatia, t\u00fcrannia, demokraatia, hellen, barbar, kodanik, senat, konsul, vabariik, keisririik, patriits, plebei, Piibel, Vana Testament, Uus Testament, Rooma \u00f5igus.\n\n<p>\n\tKirjandustunnis: antiikkirjandus, eepos, m\u00fc\u00fct\n<\/p>\n<p>\n\tKunstitunnis: stiilidest \u2013 dooria, joonia, korintose; ehituses \u2013 tempel, sambaosad, v\u00f5lvid, kaared, lubim\u00f6rt, akvedukt, term, foorum, triumfikaar, v\u00f5idusammas, basiilika (selle osad), katakombid; skulptuuris \u2013 kontrapost, koopia, figuraalskulptuur, b\u00fcst, reljeef; maalikunstis \u2013 ornamentika, pompei maal, mosaiik, kristlikud s\u00fcmbolid <\/p><\/div>\n        <\/div>\n        <\/div>\n    <\/div>\n\n<p>\n\t<\/p><div class=\"accordion mb-3\">\n        <div class=\"accordion-item accordion-item--white\">\n        <h2 class=\"accordion-header\" id=\"accordion-69ee6e130cbae-heading\">\n            <button class=\"accordion-button collapsed\" type=\"button\" data-bs-toggle=\"collapse\" data-bs-target=\"#accordion-69ee6e130cbae-collapse\" aria-expanded=\"true\" aria-controls=\"accordion-69ee6e130cbae-collapse\">Kuidas teadmisi rakendada?<\/button>\n        <\/h2>\n        <div id=\"accordion-69ee6e130cbae-collapse\" class=\"accordion-collapse collapse\" aria-labelledby=\"accordion-69ee6e130cbae-heading\">\n            <div class=\"accordion-body\">1. Teemap\u00e4eva korraldamine \u2013 erinevad variandid:\n\n<ul>\n<li>\n\t\tp\u00e4ev Foorumil\n\t<\/li>\n<li>\n\t\trahvakoosolek polises\n\t<\/li>\n<li>\n\t\tteatrip\u00e4ev \u2013 m\u00fc\u00fctide lavastamine koos maskide ja koturnidega\n\t<\/li>\n<li>\n\t\tl\u00fchifilmi lavastamine\n\t<\/li>\n<li>\n\t\tp\u00e4ev koos filosoofiga\n\t<\/li>\n<li>\n\t\tRaffaeli \u201cAteena kooli\u201d lavastus\n\t<\/li>\n<\/ul>\n<p>\n\t2. Ajatelje loomine \u2013 luuakse ajatelg, kus on erinevate ainete t\u00e4htsamad daatumid, s\u00fcndmused, tegelased jne. Ajatelge on edaspidi v\u00f5imalik kasutada \u00f5ppevahendina. Ajatelg v\u00f5ib olla koostatud paberkandjal v\u00f5i digitaalselt.\n<\/p>\n<p>\n\t3. V\u00f5rdlusmaterjali koostamine \u2013 \u00f5pilased j\u00e4lgivad ja v\u00f5imalusel v\u00f5rdlevad Kreeka ja Rooma religiooni, kunsti, m\u00fctoloogiat, teatrikunsti arengut. V\u00f5rdlusmaterjal v\u00f5ib olla koostatud paberkandjal v\u00f5i digitaalselt. <\/p><\/div>\n        <\/div>\n        <\/div>\n    <\/div>\n","protected":false},"excerpt":{"rendered":"<p>Selle \u00f5pistsenaariumi autorid on Viljandi G\u00fcmnaasiumi \u00f5petajad Juta Klettenberg, Ene Runing ja Liivi Vislapuu. Teema\u00f5pe \u201eAntiikaeg\u201c on antiikperioodi l\u00f5imitud k\u00e4sitlus kolmes aines \u2013 ajaloos, kirjanduses ja kunsti\u00f5petuses.Sihtr\u00fchmaks on 10. klassi \u00f5pilased. \u00d5ppe mahuks on kavandatud 15 tundi. Mida saab \u00f5petada? &#8230;<\/p>\n","protected":false},"author":31,"featured_media":0,"parent":0,"menu_order":0,"comment_status":"closed","ping_status":"closed","template":"","meta":{"_acf_changed":false,"inline_featured_image":false,"footnotes":""},"class_list":["post-28","page","type-page","status-publish","hentry"],"acf":[],"_links":{"self":[{"href":"https:\/\/sisu.ut.ee\/opistsenaariumid\/wp-json\/wp\/v2\/pages\/28","targetHints":{"allow":["GET"]}}],"collection":[{"href":"https:\/\/sisu.ut.ee\/opistsenaariumid\/wp-json\/wp\/v2\/pages"}],"about":[{"href":"https:\/\/sisu.ut.ee\/opistsenaariumid\/wp-json\/wp\/v2\/types\/page"}],"author":[{"embeddable":true,"href":"https:\/\/sisu.ut.ee\/opistsenaariumid\/wp-json\/wp\/v2\/users\/31"}],"replies":[{"embeddable":true,"href":"https:\/\/sisu.ut.ee\/opistsenaariumid\/wp-json\/wp\/v2\/comments?post=28"}],"version-history":[{"count":1,"href":"https:\/\/sisu.ut.ee\/opistsenaariumid\/wp-json\/wp\/v2\/pages\/28\/revisions"}],"predecessor-version":[{"id":293,"href":"https:\/\/sisu.ut.ee\/opistsenaariumid\/wp-json\/wp\/v2\/pages\/28\/revisions\/293"}],"wp:attachment":[{"href":"https:\/\/sisu.ut.ee\/opistsenaariumid\/wp-json\/wp\/v2\/media?parent=28"}],"curies":[{"name":"wp","href":"https:\/\/api.w.org\/{rel}","templated":true}]}}