{"id":6,"date":"2024-04-03T23:07:23","date_gmt":"2024-04-03T20:07:23","guid":{"rendered":"https:\/\/sisu.ut.ee\/opiobjekt\/3-analuusi-etapp\/"},"modified":"2024-04-09T20:33:58","modified_gmt":"2024-04-09T17:33:58","slug":"3-analuusi-etapp","status":"publish","type":"page","link":"https:\/\/sisu.ut.ee\/opiobjekt\/3-analuusi-etapp\/","title":{"rendered":"2.1. Taaskasutatavus"},"content":{"rendered":"<p><span data-mce-mark=\"1\">\u00d5ppematerjali taaskasutatavust (ingl <em>reusability<\/em>)\u00a0v\u00f5ime lugeda \u00f5piobjekti t\u00e4htsaimaks omaduseks. See tagab laia kasutajaskonna nii \u00f5petajate kui \u00f5ppijate seas ning \u00a0aitab kokku hoida \u00f5petajate aega, mis kulub \u00f5ppematerjalide loomiseks ja \u00f5petamiseks. Taaskasutatavat \u00f5ppematerjali v\u00f5ib iseloomustada s\u00f5naga universaalne. See on \u00f5ppematerjal, mis sobib kasutamiseks paljudele. Kaudselt toetavad \u00f5piobjekti taaskasutatavust ka tema teised omadused: terviklikkus, \u00fchilduvus, \u00f5ppimise toetamine.<\/span><\/p>\n\n\n\n<p><span data-mce-mark=\"1\">Milliste tegevustega saab \u00f5petaja kindlustada oma \u00f5ppematerjali taaskasutatavuse? Kohe \u00f5piobjekti loomise algfaasis tuleks m\u00f5elda, kes on selle l\u00f5ppkasutaja. Silmas v\u00f5iks pidada v\u00e4hemalt kahte-kolme sihtr\u00fchma. Sihtr\u00fchma v\u00f5iksid kuuluda \u00f5ppijad v\u00e4hemalt samalt haridustasemelt (n\u00e4iteks k\u00f5ik 9. klassi \u00f5pilased \u00fcle Eesti) ning v\u00f5imaluse korral erinevatelt \u00a0haridustasemetelt (n\u00e4iteks \u00fcld- ja kutseharidusest).\u00a0<\/span><\/p>\n\n\n\n<p><span data-mce-mark=\"1\">Sisu kavandades peaks \u00f5petaja arvestama sihtr\u00fchma eelteadmistega ning v\u00f5imaldama \u00f5ppijal teatud teemasid vajadusel korrata. Taaskasutatavuse suurendamisele m\u00f5eldes tuleks t\u00e4helepanu p\u00f6\u00f6rata mitmetele teistelegi aspektidele. Hea \u00f5piobjekt arvestab erinevate \u00f5ppijate t\u00fc\u00fcpidega, sisaldab k\u00f5iki \u00f5ppijale ja \u00f5petajale vajalikke juhiseid jms. \u00d5piobjektis sisalduvad n\u00e4ited ja \u00fclesanded peaksid olema kontekstivabad ning seotud \u00fcldarusaadavate olukordadega erinevatest valdkondadest. <\/span><\/p>\n\n\n\n<p><span data-mce-mark=\"1\">\u00d5piobjekti taaskasutatavust m\u00f5jutab suurel m\u00e4\u00e4ral litsents, millega autor oma loodud \u00f5ppematerjali litsenseerib. Litsentsi valides \u00f5petaja \u00a0lubab v\u00f5i keelab oma \u00f5ppematerjali kasutamise, levitamise ja muutmise teiste kasutajate poolt. Taaskasutatavust suurendavad need litsentsid, mis lubavad \u00f5piobjekti levitada ja muuta (n\u00e4iteks <\/span><a style=\"line-height: 1.5;\" href=\"http:\/\/creativecommons.org\/licenses\/by-sa\/3.0\/ee\/\" target=\"_blank\" rel=\"noopener\"><span data-mce-mark=\"1\">CC:BY-SA<\/span><\/a><span data-mce-mark=\"1\">). Soovi korral loe \u00f5ppematerjalide levitamise ja kasutamise kohta t\u00e4iendavalt juurde <\/span><a style=\"line-height: 1.5;\" href=\"http:\/\/www.autor.ee\/est\" target=\"_blank\" rel=\"noopener\"><span data-mce-mark=\"1\">http:\/\/www.autor.ee\/est<\/span><\/a><span data-mce-mark=\"1\"> ja \u00a0<\/span><a style=\"line-height: 1.5;\" href=\"http:\/\/www.creativecommons.ee\/\" target=\"_blank\" rel=\"noopener\"><span data-mce-mark=\"1\">http:\/\/www.creativecommons.ee\/<\/span><\/a><span data-mce-mark=\"1\">.<\/span><\/p>\n\n\n\n<figure class=\"wp-block-table is-style-stripes\"><table class=\"table table-hover\"><tbody><tr><td>Otsi <a href=\"http:\/\/e-ope.ee\/repositoorium\/\" target=\"_blank\" rel=\"noopener\">HITSA\u00a0Innovatsioonikeskuse repositooriumist<\/a>\u00a0(kutse- ja k\u00f5rgkoolidele sobivad \u00f5piobjektid) \u00f5piobjekt v\u00f5i\u00a0<a href=\"http:\/\/www.koolielu.ee\/waramu\" target=\"_blank\" rel=\"noopener\">Koolielu portaalist<\/a>\u00a0sobiv \u00f5ppematerjal, mida saaksid oma \u00f5ppeaines kasutada. Kuidas lubavad litsentsitingimused antud \u00f5piobjekti kasutada?<\/td><\/tr><\/tbody><\/table><\/figure>\n\n\n\n<p><span id=\"docs-internal-guid-2415cbb6-ba31-12ac-19f4-9e35bd3e2d62\">Lisaks sisulistele omadustele m\u00f5jutavad \u00f5piobjekti taaskasutatavust olulisel m\u00e4\u00e4ral tema tehnilised omadused. Kui \u00f5piobjekt t\u00f6\u00f6tab ainult \u00fche kindla seadme (n\u00e4iteks iPhone), arvuti OP-s\u00fcsteemi (n\u00e4iteks Windows) v\u00f5i veebilehitsejaga (n\u00e4iteks Internet Explorer), siis on sellele ligip\u00e4\u00e4s piiratud, mis kokkuv\u00f5ttes v\u00e4hendab selle taaskasutatavust. Seet\u00f5ttu tuleks \u00f5petajal \u00f5piobjekti tehnilist platvormi valides eelistada levinud vabavaralisi formaate ja multimeediumm\u00e4ngijaid. Kui \u00f5petaja lubab teistel kasutajatel oma \u00f5piobjekti muuta (n\u00e4iteks muuta pilte, \u00fclesande kirjeldust), siis tasub l\u00e4bi m\u00f5elda, kuidas teha seda v\u00f5imalikult lihtsaks ja mugavaks. Lahenduseks on l\u00e4htefaili (projektifaili) v\u00e4ljajagamine repositooriumis. Kindlasti suurendavad \u00f5piobjekti kasutust teiste \u00f5petajate seas ka muude abimaterjalide \u00fcleslaadimine repositooriumisse (nt hindelise testi k\u00fcsimused, \u00f5petajajuhis) jms.\u00a0<\/span><\/p>\n\n\n\n<div id=\"accordion\" class=\"accordion\">\n<h3><a href=\"#\">\u00d5piobjekti \u201cPositsioonilised arvus\u00fcsteemid\u201d\u00a0anal\u00fc\u00fcs taaskasutatavuse seisukohast<\/a><\/h3>\n<div>\n<ul>\n<li><span style=\"line-height: 1.5;\" data-mce-mark=\"1\">\u00d5piobjekt \u201c<a href=\"http:\/\/dspace.utlib.ee\/dspace\/bitstream\/handle\/10062\/22560\/index.html\" target=\"_blank\" rel=\"noopener\">Positsioonilised arvus\u00fcsteemid<\/a>\u201d on kasutatav erinevate sihtr\u00fchmade poolt. \u00d5piobjekti avalehel on toodud sihtr\u00fchma kirjeldus:\u00a0<\/span><span style=\"line-height: 1.5;\" data-mce-mark=\"1\">\u00d5piobjekt on loodud pidades silmas k\u00f5rgharidust andvate \u00f5ppeasutuste reaalharu bakalaureuse taseme tudengite vajadusi ja eelteadmisi. Lisaks v\u00f5ib sisu sobida reaal- v\u00f5i matemaatika kallakuga keskkooli \u00f5pilastele.<\/span><\/li>\n<li><span style=\"line-height: 1.5;\" data-mce-mark=\"1\">\u00d5piobjekt on vaadeldav levinumate veebilehitsejatega (nt Google Chrome,\u00a0Mozilla Firefox, Internet Explorer).<\/span><\/li>\n<li><span style=\"line-height: 1.5;\" data-mce-mark=\"1\">\u00d5piobjekt sisaldab \u00fcldlevinud failiformaate. Sisuosa on veebilehtedena (HTML), pildid JPG, GIF v\u00f5i PNG-formaadis. <\/span><\/li>\n<li><span style=\"line-height: 1.5;\" data-mce-mark=\"1\">\u00d5piobjekti kasutamine on v\u00f5imalik erinevate operatsioonis\u00fcsteemidega ja erinevatel platvormidel (personaal- ja tahvelarvutitel, mobiilidel).<\/span><\/li>\n<li><span style=\"line-height: 1.5;\" data-mce-mark=\"1\">\u00d5piobjekti saab l\u00e4bida iseseisvalt ilma auditoorsel \u00f5ppet\u00f6\u00f6l osalemata.<\/span><\/li>\n<\/ul>\n<\/div>\n<\/div>\n\n\n\n<figure class=\"wp-block-table is-style-stripes\"><table class=\"table table-hover\"><tbody><tr><td><span data-mce-mark=\"1\">M\u00f5tle enda loodud v\u00f5i loodavale \u00f5piobjektile. Kas see vastab k\u00f5igile allpool loetletud kriteeriumitele? Tegemist on tingimustega, millele vastamine garanteerib taaskasutatavuse.<\/span>\n<ul>\n<li><span data-mce-mark=\"1\">\u00d5piobjekt on <\/span><span data-mce-mark=\"1\">kasutatav erinevates \u00f5piolukordades<\/span> <span data-mce-mark=\"1\">ja erinevate sihtr\u00fchmade poolt<\/span><span data-mce-mark=\"1\"> \u2013 erinevate \u00f5ppeainete raames, erinevates \u00f5ppeasutustes, haridustasemetel, huvihariduses ja eneset\u00e4iendamiseks;<\/span><\/li>\n<li><span style=\"line-height: 1.5;\">\u00d5piobjekt on <\/span><span style=\"line-height: 1.5;\">tehniliselt universaalne<\/span><span style=\"line-height: 1.5;\"> \u2013 see t\u00e4hendab, et selle kasutamiseks ei ole vaja piiratud ligip\u00e4\u00e4suga spetsiaalset tarkvara, see on vaadeldav levinumate veebilehitsejatega ja multimeediumm\u00e4ngijatega, sisaldab \u00fcldlevinud failiformaate (nt HTML, PDF, MP3, MP4, JPG, GIF) ning selle kasutamine on v\u00f5imalik erinevate operatsioonis\u00fcsteemidega ja erinevatel platvormidel (personaal- ja tahvelarvutitel, mobiilidel jms);<\/span><\/li>\n<li><span style=\"line-height: 1.5;\">\u00d5piobjekt <\/span><span style=\"line-height: 1.5;\">sobib kasutamiseks s\u00f5ltumata ajast ja kohast<\/span><span style=\"line-height: 1.5;\"> ning selle l\u00e4bimine ei eelda auditoorsel \u00f5ppet\u00f6\u00f6l osalemist.<\/span><\/li>\n<\/ul>\n<\/td><\/tr><\/tbody><\/table><\/figure>\n","protected":false},"excerpt":{"rendered":"<p>\u00d5ppematerjali taaskasutatavust (ingl reusability)\u00a0v\u00f5ime lugeda \u00f5piobjekti t\u00e4htsaimaks omaduseks. See tagab laia kasutajaskonna nii \u00f5petajate kui \u00f5ppijate seas ning \u00a0aitab kokku hoida \u00f5petajate aega, mis kulub \u00f5ppematerjalide loomiseks ja \u00f5petamiseks. Taaskasutatavat \u00f5ppematerjali v\u00f5ib iseloomustada s\u00f5naga universaalne. See on \u00f5ppematerjal, mis sobib &#8230;<\/p>\n","protected":false},"author":6,"featured_media":0,"parent":0,"menu_order":0,"comment_status":"closed","ping_status":"closed","template":"","meta":{"_acf_changed":false,"inline_featured_image":false,"footnotes":""},"class_list":["post-6","page","type-page","status-publish","hentry"],"acf":[],"_links":{"self":[{"href":"https:\/\/sisu.ut.ee\/opiobjekt\/wp-json\/wp\/v2\/pages\/6","targetHints":{"allow":["GET"]}}],"collection":[{"href":"https:\/\/sisu.ut.ee\/opiobjekt\/wp-json\/wp\/v2\/pages"}],"about":[{"href":"https:\/\/sisu.ut.ee\/opiobjekt\/wp-json\/wp\/v2\/types\/page"}],"author":[{"embeddable":true,"href":"https:\/\/sisu.ut.ee\/opiobjekt\/wp-json\/wp\/v2\/users\/6"}],"replies":[{"embeddable":true,"href":"https:\/\/sisu.ut.ee\/opiobjekt\/wp-json\/wp\/v2\/comments?post=6"}],"version-history":[{"count":3,"href":"https:\/\/sisu.ut.ee\/opiobjekt\/wp-json\/wp\/v2\/pages\/6\/revisions"}],"predecessor-version":[{"id":60,"href":"https:\/\/sisu.ut.ee\/opiobjekt\/wp-json\/wp\/v2\/pages\/6\/revisions\/60"}],"wp:attachment":[{"href":"https:\/\/sisu.ut.ee\/opiobjekt\/wp-json\/wp\/v2\/media?parent=6"}],"curies":[{"name":"wp","href":"https:\/\/api.w.org\/{rel}","templated":true}]}}