{"id":93,"date":"2024-04-04T07:15:58","date_gmt":"2024-04-04T04:15:58","guid":{"rendered":"https:\/\/sisu.ut.ee\/ope\/doktoritoo-monograafiana\/"},"modified":"2024-04-16T15:31:19","modified_gmt":"2024-04-16T12:31:19","slug":"doktoritoo-monograafiana","status":"publish","type":"page","link":"https:\/\/sisu.ut.ee\/ope\/doktoritoo-monograafiana\/","title":{"rendered":"III.4.3. Doktorit\u00f6\u00f6 monograafiana"},"content":{"rendered":"<p><strong><br>\n113. <\/strong>Monograafia peab vastama <a title=\"\" href=\"https:\/\/sisu.ut.ee\/ope\/doktoritoo-ulesehitus\/#121\" target=\"_blank\" rel=\"noopener\" data-url=\"https:\/\/sisu.ut.ee\/ope\/doktorit%C3%B6%C3%B6-%C3%BClesehitus?lang=et#121\">punktis 121<\/a> esitatud n\u00f5uetele ja seda peavad olema rahvusvahelisel tasemel positiivselt eelretsenseerinud v\u00e4hemalt kaks asjaomase eriala s\u00f5ltumatut ja tunnustatud teadlast.<\/p>\n<p><strong>114. <\/strong>\u00dclikooli doktorit\u00f6\u00f6de seerias avaldatava monograafia autoril peab olema avaldatud v\u00f5i avaldamiseks vastu v\u00f5etud v\u00e4hemalt \u00fcks <a title=\"\" href=\"https:\/\/sisu.ut.ee\/ope\/teaduspublikatsioonide-ja-katuspeatuki-nouded\/#116.1\" target=\"_blank\" rel=\"noopener\" data-url=\"https:\/\/sisu.ut.ee\/ope\/teaduspublikatsioonide-ja-katuspeat%C3%BCki-n%C3%B5uded?lang=et#116.1\">punktidele 116.1 v\u00f5i 116.2<\/a> vastav teaduspublikatsioon doktorit\u00f6\u00f6 teemal.<\/p>\n<p><strong>115. <\/strong>V\u00e4ljaspool \u00fclikooli doktorit\u00f6\u00f6de seeriat avaldatud v\u00f5i avaldamiseks vastu v\u00f5etud monograafia peab vastama <a title=\"\" href=\"https:\/\/sisu.ut.ee\/ope\/teaduspublikatsioonide-ja-katuspeatuki-nouded\/#116.3\" target=\"_blank\" rel=\"noopener\" data-url=\"https:\/\/sisu.ut.ee\/ope\/teaduspublikatsioonide-ja-katuspeat%C3%BCki-n%C3%B5uded?lang=et#116.3\">punktis 116.3<\/a> nimetatud n\u00f5uetele. Sellele tuleb lisada katuspeat\u00fckk, mis vastab <a title=\"\" href=\"https:\/\/sisu.ut.ee\/ope\/teaduspublikatsioonide-ja-katuspeatuki-nouded\/#118\" target=\"_blank\" rel=\"noopener\" data-url=\"https:\/\/sisu.ut.ee\/ope\/teaduspublikatsioonide-ja-katuspeat%C3%BCki-n%C3%B5uded?lang=et#118\">punktis 118<\/a> nimetatud n\u00f5uetele ja vastab <a title=\"\" href=\"https:\/\/sisu.ut.ee\/ope\/doktoritoo-ulesehitus\/#121\" target=\"_blank\" rel=\"noopener\" data-url=\"https:\/\/sisu.ut.ee\/ope\/doktorit%C3%B6%C3%B6-%C3%BClesehitus?lang=et#121\">punktis 121<\/a> kirjeldatud doktorit\u00f6\u00f6 \u00fclesehitusele.<\/p>\n","protected":false},"excerpt":{"rendered":"<p>113. Monograafia peab vastama punktis 121 esitatud n\u00f5uetele ja seda peavad olema rahvusvahelisel tasemel positiivselt eelretsenseerinud v\u00e4hemalt kaks asjaomase eriala s\u00f5ltumatut ja tunnustatud teadlast. 114. \u00dclikooli doktorit\u00f6\u00f6de seerias avaldatava monograafia autoril peab olema avaldatud v\u00f5i avaldamiseks vastu v\u00f5etud v\u00e4hemalt \u00fcks &#8230;<\/p>\n","protected":false},"author":228,"featured_media":0,"parent":0,"menu_order":0,"comment_status":"closed","ping_status":"closed","template":"","meta":{"_acf_changed":false,"inline_featured_image":false,"footnotes":""},"class_list":["post-93","page","type-page","status-publish","hentry"],"acf":[],"_links":{"self":[{"href":"https:\/\/sisu.ut.ee\/ope\/wp-json\/wp\/v2\/pages\/93","targetHints":{"allow":["GET"]}}],"collection":[{"href":"https:\/\/sisu.ut.ee\/ope\/wp-json\/wp\/v2\/pages"}],"about":[{"href":"https:\/\/sisu.ut.ee\/ope\/wp-json\/wp\/v2\/types\/page"}],"author":[{"embeddable":true,"href":"https:\/\/sisu.ut.ee\/ope\/wp-json\/wp\/v2\/users\/228"}],"replies":[{"embeddable":true,"href":"https:\/\/sisu.ut.ee\/ope\/wp-json\/wp\/v2\/comments?post=93"}],"version-history":[{"count":3,"href":"https:\/\/sisu.ut.ee\/ope\/wp-json\/wp\/v2\/pages\/93\/revisions"}],"predecessor-version":[{"id":1423,"href":"https:\/\/sisu.ut.ee\/ope\/wp-json\/wp\/v2\/pages\/93\/revisions\/1423"}],"wp:attachment":[{"href":"https:\/\/sisu.ut.ee\/ope\/wp-json\/wp\/v2\/media?parent=93"}],"curies":[{"name":"wp","href":"https:\/\/api.w.org\/{rel}","templated":true}]}}