{"id":90,"date":"2024-04-04T07:15:58","date_gmt":"2024-04-04T04:15:58","guid":{"rendered":"https:\/\/sisu.ut.ee\/ope\/nouded-doktorikraadi-taotlejale\/"},"modified":"2024-04-16T11:18:32","modified_gmt":"2024-04-16T08:18:32","slug":"nouded-doktorikraadi-taotlejale","status":"publish","type":"page","link":"https:\/\/sisu.ut.ee\/ope\/nouded-doktorikraadi-taotlejale\/","title":{"rendered":"III.3. N\u00f5uded doktorikraadi taotlejale"},"content":{"rendered":"<p style=\"text-align: justify;\"><span lang=\"ET\"><span style=\"line-height: 107%;\"><strong><br>\n<a id=\"103\" name=\"103\"><\/a>103. <\/strong>Doktorikraadi taotlejal peab olema magistrikraad v\u00f5i sellele vastav kvalifikatsioon ning ta peab olema t\u00e4itnud doktori\u00f5ppe programmi t\u00e4ies ulatuses, v\u00e4lja arvatud doktorit\u00f6\u00f6 kaitsmine.<\/span><\/span><\/p>\n<p style=\"text-align: justify;\"><\/p><div class=\"accordion mb-3\">\n        <div class=\"accordion-item accordion-item--white\">\n        <h2 class=\"accordion-header\" id=\"accordion-69d4f1f0d7150-heading\">\n            <button class=\"accordion-button collapsed\" type=\"button\" data-bs-toggle=\"collapse\" data-bs-target=\"#accordion-69d4f1f0d7150-collapse\" aria-expanded=\"true\" aria-controls=\"accordion-69d4f1f0d7150-collapse\">Lisainfo<\/button>\n        <\/h2>\n        <div id=\"accordion-69d4f1f0d7150-collapse\" class=\"accordion-collapse collapse\" aria-labelledby=\"accordion-69d4f1f0d7150-heading\">\n            <div class=\"accordion-body\">Doktorikraadi taotlemiseks peavad olema t\u00e4idetud j\u00e4rgmised eeldused (enne 2022\/2023. \u00f5ppeaastat avatud \u00f5ppekavadel \u00f5ppijad):\n<ol>\n<li style=\"text-align: justify;\">Doktori\u00f5ppekava on t\u00e4idetud \u2013 st\u00a0k\u00f5ik doktori\u00f5ppekava kohustuslikud moodulid ning ained on l\u00e4bitud ja mahud t\u00e4is, v\u00e4lja arvatud doktorit\u00f6\u00f6 maht. Kontroll toimub \u00f5ppeinfos\u00fcsteemis olevate andmete alusel. Doktorit\u00f6\u00f6 kaitsmine on \u00f5ppet\u00f6\u00f6 osa ning kaitsmisega sisestatakse vastavalt niipalju punkte, kui t\u00f6\u00f6 mahust puudu on.<\/li>\n<li style=\"text-align: justify;\">On olemas n\u00f5uetele vastav ja tr\u00fckivalmis v\u00e4itekirja k\u00e4sikiri, sealjuures artiklite baasil koostatud doktorit\u00f6\u00f6 puhul on v\u00e4hemalt kaks artiklit n\u00f5utud kolmest artiklist avaldatud v\u00f5i ametlikult avaldamiseks vastuv\u00f5etud (<em>accepted<\/em>) ja kolmanda on eelretsenseerinud rahvusvahelise juhtiva teadusajakirja v\u00f5i kogumiku toimetus v\u00f5i n\u00f5ukogu valitud kaks s\u00f5ltumatut rahvusvaheliselt tunnustatud teadlast. Monograafia puhul on v\u00e4hemalt \u00fcks doktorit\u00f6\u00f6ga seotud artikkel avaldatud v\u00f5i avaldamiseks vastuv\u00f5etud (<em>accepted<\/em>).<\/li><\/ol><\/div>\n        <\/div>\n        <\/div>\n    <\/div>\n\n","protected":false},"excerpt":{"rendered":"<p>103. Doktorikraadi taotlejal peab olema magistrikraad v\u00f5i sellele vastav kvalifikatsioon ning ta peab olema t\u00e4itnud doktori\u00f5ppe programmi t\u00e4ies ulatuses, v\u00e4lja arvatud doktorit\u00f6\u00f6 kaitsmine. Lisainfo Doktorikraadi taotlemiseks peavad olema t\u00e4idetud j\u00e4rgmised eeldused (enne 2022\/2023. \u00f5ppeaastat avatud \u00f5ppekavadel \u00f5ppijad): Doktori\u00f5ppekava on t\u00e4idetud &#8230;<\/p>\n","protected":false},"author":228,"featured_media":0,"parent":0,"menu_order":0,"comment_status":"closed","ping_status":"closed","template":"","meta":{"_acf_changed":false,"inline_featured_image":false,"footnotes":""},"class_list":["post-90","page","type-page","status-publish","hentry"],"acf":[],"_links":{"self":[{"href":"https:\/\/sisu.ut.ee\/ope\/wp-json\/wp\/v2\/pages\/90","targetHints":{"allow":["GET"]}}],"collection":[{"href":"https:\/\/sisu.ut.ee\/ope\/wp-json\/wp\/v2\/pages"}],"about":[{"href":"https:\/\/sisu.ut.ee\/ope\/wp-json\/wp\/v2\/types\/page"}],"author":[{"embeddable":true,"href":"https:\/\/sisu.ut.ee\/ope\/wp-json\/wp\/v2\/users\/228"}],"replies":[{"embeddable":true,"href":"https:\/\/sisu.ut.ee\/ope\/wp-json\/wp\/v2\/comments?post=90"}],"version-history":[{"count":4,"href":"https:\/\/sisu.ut.ee\/ope\/wp-json\/wp\/v2\/pages\/90\/revisions"}],"predecessor-version":[{"id":1383,"href":"https:\/\/sisu.ut.ee\/ope\/wp-json\/wp\/v2\/pages\/90\/revisions\/1383"}],"wp:attachment":[{"href":"https:\/\/sisu.ut.ee\/ope\/wp-json\/wp\/v2\/media?parent=90"}],"curies":[{"name":"wp","href":"https:\/\/api.w.org\/{rel}","templated":true}]}}