{"id":9,"date":"2024-04-04T07:15:49","date_gmt":"2024-04-04T04:15:49","guid":{"rendered":"https:\/\/sisu.ut.ee\/ope\/oppeained\/"},"modified":"2024-04-04T07:17:34","modified_gmt":"2024-04-04T04:17:34","slug":"oppeained","status":"publish","type":"page","link":"https:\/\/sisu.ut.ee\/ope\/oppeained\/","title":{"rendered":"II.1. \u00d5ppeained"},"content":{"rendered":"<p style=\"text-align: justify\">\n\t<br><strong>II.1. \u00d5ppeained<\/strong><\/p>\n<p>7. \u00d5ppeaine on mingi teadmiste valdkonna \u00f5petamise, \u00f5ppetegevuse ning \u00f5piv\u00e4ljundite hindamise organiseeritud \u00fchik. Vastutava \u00f5ppej\u00f5u \u00fclesanne on tagada, et \u00f5ppeaine \u00f5piv\u00e4ljundid, sisu, \u00f5ppimise ja \u00f5petamise meetodid, hindamismeetodid ja -kriteeriumid on omavahel koosk\u00f5las.\n<\/p>\n<p style=\"text-align: justify\">\n\t8. \u00d5ppeaines planeeritakse \u00f5ppet\u00f6\u00f6 igaks \u00f5ppeaine toimumise semestriks koostatavas \u00f5ppeaine versioonis.\n<\/p>\n<p style=\"text-align: justify\">\n\t9. Semestri \u00f5ppeaine versiooni koostab vastutav \u00f5ppej\u00f5ud ja kinnitab programmijuht. \u00d5ppekavasse mittekuuluva \u00f5ppeaine versiooni kinnitab instituudi juht, valdkonna \u00f5ppeaine korral \u00f5ppeprodekaan. Valdkonnav\u00e4lise asutuse ja tugi\u00fcksuse koostatud \u00f5ppeaine versiooni kinnitab \u00f5ppeprorektori moodustatud \u00f5ppekomisjoni n\u00f5usolekul asutuse v\u00f5i struktuuri\u00fcksuse juht.\n<\/p>\n<p style=\"text-align: justify\">\n\t10. \u00d5ppeaine info toimumise semestril peab sisaldama allj\u00e4rgnevat:\n<\/p>\n<p style=\"text-align: justify;margin-left: 40px\">\n\t10.1. \u00f5ppeaine nimetus eesti ja inglise keeles;\n<\/p>\n<p style=\"text-align: justify;margin-left: 40px\">\n\t10.2. \u00f5ppeaine kood;\n<\/p>\n<p style=\"text-align: justify;margin-left: 40px\">\n\t10.3. vastutava \u00f5ppej\u00f5u nimi ja v\u00f5imaluse korral teiste \u00f5ppej\u00f5udude nimed;\n<\/p>\n<p style=\"text-align: justify;margin-left: 40px\">\n\t10.4. \u00f5ppeaine maht;\n<\/p>\n<p style=\"text-align: justify;margin-left: 40px\">\n\t10.5. \u00f5ppeaine sisu l\u00fchikirjeldus eesti ja inglise keeles;\n<\/p>\n<p style=\"text-align: justify;margin-left: 40px\">\n\t10.6. \u00f5ppet\u00f6\u00f6vormid ja nende osakaal;\n<\/p>\n<p style=\"text-align: justify;margin-left: 40px\">\n\t10.7. \u00f5ppeaine \u00f5piv\u00e4ljundid eesti ja inglise keeles;\n<\/p>\n<p style=\"text-align: justify;margin-left: 40px\">\n\t10.8. \u00f5piv\u00e4ljundite hindamise skaala (eristav v\u00f5i eristamata hindamine);\n<\/p>\n<p style=\"text-align: justify;margin-left: 40px\">\n\t10.9. hindamismeetodid ja -kriteeriumid;\n<\/p>\n<p style=\"text-align: justify;margin-left: 40px\">\n\t10.10. hinde kujunemise p\u00f5him\u00f5tted;\n<\/p>\n<p style=\"text-align: justify;margin-left: 40px\">\n\t10.11. k\u00e4sitletavate teemade loetelu;\n<\/p>\n<p style=\"text-align: justify;margin-left: 40px\">\n\t10.12. hindamistulemustest teatamise aeg;\n<\/p>\n<p style=\"text-align: justify;margin-left: 40px\">\n\t10.13. v\u00f5lgnevuste likvideerimise kord;\n<\/p>\n<p style=\"text-align: justify;margin-left: 40px\">\n\t10.14. \u00f5ppeaine toimumiseks vajalik osalejate miinimumarv;\n<\/p>\n<p style=\"text-align: justify;margin-left: 40px\">\n\t10.15. kohustuslike ja soovitatavate \u00f5ppematerjalide, kui need on olemas, loetelu v\u00f5i asukohaviide veebiaadressina;\n<\/p>\n<p style=\"text-align: justify;margin-left: 40px\">\n\t10.16. \u00f5ppeainesse registreerumise t\u00fchistamise t\u00e4htaeg, mis on v\u00e4hemalt kaks n\u00e4dalat alates esimesest kontakt\u00f5ppe toimumisest, v\u00f5i muu \u00f5ppeaines kehtestatud t\u00e4htaeg, mis ei ole v\u00e4hem kui 10% kontakt\u00f5ppe kestusest;\n<\/p>\n<p style=\"text-align: justify;margin-left: 40px\">\n\t10.17. vajaduse korral muu teave, mida on \u00f5ppeaine l\u00e4bimiseks tarvis.\n<\/p>\n<p style=\"text-align: justify\">\n\t11. Punktides 10.11\u201310.16 nimetatud andmeid ei tule lisada praktika, l\u00f5put\u00f6\u00f6 ja lopueksami kohta.\n<\/p>\n<p style=\"text-align: justify\">\n\t12. \u00d5ppeaine infos esitatakse vajaduse korral \u00f5ppeaines osalemise piirangud, milleks v\u00f5ivad olla kohustuslikud eeldusained, l\u00e4bitud \u00f5ppekava(d), l\u00e4bitud \u00f5ppeaine(d), \u00f5ppeaste, \u00f5ppekava, omandatud kvalifikatsioon, osalejate piirarv, \u00f5ppevorm ja\/v\u00f5i \u00fcli\u00f5pilase \u00f5ppet\u00f6\u00f6 asukoht. Kolme n\u00e4dala jooksul p\u00e4rast \u00f5ppeainesse registreerimise algust v\u00f5ib kohustuslikesse ainetesse registreerimist piirata valdkonna, instituudi v\u00f5i kolled\u017ei j\u00e4rgi.\n<\/p>\n<p style=\"text-align: justify\">\n\t13. J\u00e4rgmisel \u00f5ppeaastal \u00f5petatavate \u00f5ppeainete info avalikustatakse \u00f5ppeinfos\u00fcsteemis akadeemilises kalendris kehtestatud t\u00e4htp\u00e4evaks. Semestriks avalikustatud \u00f5ppeaine infot saab p\u00e4rast kinnitamist muuta \u00f5ppeainesse registreerunud \u00fcli\u00f5pilaste n\u00f5usolekul, mis on esitatud kirjalikku taasesitamist v\u00f5imaldavas vormis.\n<\/p>\n<p style=\"text-align: justify\">\n\t14. \u00d5ppeaine koodi v\u00f5i mahu muutumisel tuleb avada uus \u00f5ppeaine.\n<\/p>\n<p style=\"text-align: justify\">\n\t15. Tunniplaani sisestatakse iga \u00f5ppeaine kohta j\u00e4rgmised andmed: \u00f5ppeaine nimetus, maht ja kood, \u00f5ppej\u00f5u(dude) nimi v\u00f5i nimed, kontakt\u00f5ppe kellaajad, koht ja aeg (n\u00e4dalap\u00e4ev, toimumisn\u00e4dalad), \u00f5piv\u00e4ljundite hindamise aeg. Veebi\u00f5ppe puhul ei m\u00e4rgita toimumise kellaaega, koht n\u00e4idatakse veebiaadressina.\n<\/p>\n<p style=\"text-align: justify\">\n\t16. \u00d5ppeaine info ajakohastamise ja \u00f5igeaegse sisestamise eest \u00f5ppeinfos\u00fcsteemi vastutavad \u00f5ppeaine vastutav \u00f5ppej\u00f5ud ning programmijuht. Kontakt\u00f5ppe toimumist puudutava info ja selle muudatuste sisestamise eest \u00f5ppeinfos\u00fcsteemi ning \u00f5ppeainetesse registreerunute muudatustest teavitamise eest vastutab programmijuht.<\/p>\n","protected":false},"excerpt":{"rendered":"<p>II.1. \u00d5ppeained 7. \u00d5ppeaine on mingi teadmiste valdkonna \u00f5petamise, \u00f5ppetegevuse ning \u00f5piv\u00e4ljundite hindamise organiseeritud \u00fchik. Vastutava \u00f5ppej\u00f5u \u00fclesanne on tagada, et \u00f5ppeaine \u00f5piv\u00e4ljundid, sisu, \u00f5ppimise ja \u00f5petamise meetodid, hindamismeetodid ja -kriteeriumid on omavahel koosk\u00f5las. 8. \u00d5ppeaines planeeritakse \u00f5ppet\u00f6\u00f6 igaks \u00f5ppeaine &#8230;<\/p>\n","protected":false},"author":228,"featured_media":0,"parent":0,"menu_order":0,"comment_status":"closed","ping_status":"closed","template":"","meta":{"_acf_changed":false,"inline_featured_image":false,"footnotes":""},"class_list":["post-9","page","type-page","status-publish","hentry"],"acf":[],"_links":{"self":[{"href":"https:\/\/sisu.ut.ee\/ope\/wp-json\/wp\/v2\/pages\/9","targetHints":{"allow":["GET"]}}],"collection":[{"href":"https:\/\/sisu.ut.ee\/ope\/wp-json\/wp\/v2\/pages"}],"about":[{"href":"https:\/\/sisu.ut.ee\/ope\/wp-json\/wp\/v2\/types\/page"}],"author":[{"embeddable":true,"href":"https:\/\/sisu.ut.ee\/ope\/wp-json\/wp\/v2\/users\/228"}],"replies":[{"embeddable":true,"href":"https:\/\/sisu.ut.ee\/ope\/wp-json\/wp\/v2\/comments?post=9"}],"version-history":[{"count":1,"href":"https:\/\/sisu.ut.ee\/ope\/wp-json\/wp\/v2\/pages\/9\/revisions"}],"predecessor-version":[{"id":734,"href":"https:\/\/sisu.ut.ee\/ope\/wp-json\/wp\/v2\/pages\/9\/revisions\/734"}],"wp:attachment":[{"href":"https:\/\/sisu.ut.ee\/ope\/wp-json\/wp\/v2\/media?parent=9"}],"curies":[{"name":"wp","href":"https:\/\/api.w.org\/{rel}","templated":true}]}}