{"id":72,"date":"2024-04-04T07:15:56","date_gmt":"2024-04-04T04:15:56","guid":{"rendered":"https:\/\/sisu.ut.ee\/ope\/doktorant\/"},"modified":"2024-04-15T15:46:39","modified_gmt":"2024-04-15T12:46:39","slug":"doktorant","status":"publish","type":"page","link":"https:\/\/sisu.ut.ee\/ope\/doktorant\/","title":{"rendered":"II.1.1. Doktorant"},"content":{"rendered":"<p><\/p>\n\n\n\n<p><strong>6. <\/strong>Doktorant on \u00fcli\u00f5pilane, kes on immatrikuleeritud \u00fclikooli doktori\u00f5ppe programmi alusel. Doktorandid jagunevad nooremteaduriteks ja t\u00f6\u00f6lepinguta doktorantideks. Nooremteadur on doktorant, kellega \u00fclikool on s\u00f5lminud t\u00f6\u00f6lepingu doktori\u00f5ppe programmi t\u00e4itmiseks.<\/p>\n\n\n\n<p><strong>7. <\/strong>V\u00e4lisdoktorant on doktorant, kellel ei ole Eesti kodakondsust, pikaajalise elaniku elamisluba ega alalist elamis\u00f5igust.<\/p>\n\n\n\n<p><strong>8. <\/strong>Doktorant immatrikuleeritakse teadusprorektori korraldusega. Korralduses n\u00e4idatakse \u00e4ra doktori\u00f5ppe programmi l\u00e4bimiseks kehtestatud aeg. Korraga on lubatud olla immatrikuleeritud \u00fche \u00f5ppekava v\u00f5i doktori\u00f5ppe programmi alusel.<\/p>\n","protected":false},"excerpt":{"rendered":"<p>6. Doktorant on \u00fcli\u00f5pilane, kes on immatrikuleeritud \u00fclikooli doktori\u00f5ppe programmi alusel. Doktorandid jagunevad nooremteaduriteks ja t\u00f6\u00f6lepinguta doktorantideks. Nooremteadur on doktorant, kellega \u00fclikool on s\u00f5lminud t\u00f6\u00f6lepingu doktori\u00f5ppe programmi t\u00e4itmiseks. 7. V\u00e4lisdoktorant on doktorant, kellel ei ole Eesti kodakondsust, pikaajalise elaniku elamisluba &#8230;<\/p>\n","protected":false},"author":228,"featured_media":0,"parent":0,"menu_order":0,"comment_status":"closed","ping_status":"closed","template":"","meta":{"_acf_changed":false,"inline_featured_image":false,"footnotes":""},"class_list":["post-72","page","type-page","status-publish","hentry"],"acf":[],"_links":{"self":[{"href":"https:\/\/sisu.ut.ee\/ope\/wp-json\/wp\/v2\/pages\/72","targetHints":{"allow":["GET"]}}],"collection":[{"href":"https:\/\/sisu.ut.ee\/ope\/wp-json\/wp\/v2\/pages"}],"about":[{"href":"https:\/\/sisu.ut.ee\/ope\/wp-json\/wp\/v2\/types\/page"}],"author":[{"embeddable":true,"href":"https:\/\/sisu.ut.ee\/ope\/wp-json\/wp\/v2\/users\/228"}],"replies":[{"embeddable":true,"href":"https:\/\/sisu.ut.ee\/ope\/wp-json\/wp\/v2\/comments?post=72"}],"version-history":[{"count":3,"href":"https:\/\/sisu.ut.ee\/ope\/wp-json\/wp\/v2\/pages\/72\/revisions"}],"predecessor-version":[{"id":1297,"href":"https:\/\/sisu.ut.ee\/ope\/wp-json\/wp\/v2\/pages\/72\/revisions\/1297"}],"wp:attachment":[{"href":"https:\/\/sisu.ut.ee\/ope\/wp-json\/wp\/v2\/media?parent=72"}],"curies":[{"name":"wp","href":"https:\/\/api.w.org\/{rel}","templated":true}]}}