{"id":69,"date":"2024-04-04T07:15:55","date_gmt":"2024-04-04T04:15:55","guid":{"rendered":"https:\/\/sisu.ut.ee\/ope\/i-uldsatted\/"},"modified":"2024-04-17T14:10:28","modified_gmt":"2024-04-17T11:10:28","slug":"i-uldsatted","status":"publish","type":"page","link":"https:\/\/sisu.ut.ee\/ope\/i-uldsatted\/","title":{"rendered":"I. \u00dclds\u00e4tted"},"content":{"rendered":"<p style=\"text-align: justify;\"><strong>I. \u00dclds\u00e4tted<\/strong><\/p>\n<p>1. \u00d5ppekorralduseeskiri (edaspidi: eeskiri) reguleerib \u00f5ppet\u00f6\u00f6 korraldust Tartu \u00dclikooli (edaspidi: \u00fclikool) taseme\u00f5ppe esimesel ja teisel \u00f5ppeastmel. Eeskirja j\u00e4rgimine on kohustuslik k\u00f5igile \u00f5ppet\u00f6\u00f6 osalistele.<\/p>\n<p style=\"text-align: justify; margin-left: 40px;\">1.1. Valdkonna \u00f5ppet\u00f6\u00f6 \u00f5igusp\u00e4rase ja otstarbeka korralduse eest vastutab dekaan.<\/p>\n<p style=\"text-align: justify; margin-left: 40px;\">1.2. \u00d5ppekorralduslike otsuste tegemiseks valdkonnas m\u00e4\u00e4rab dekaan \u00f5ppeprodekaani. Kui dekaan ei ole \u00f5ppeprodekaani m\u00e4\u00e4ranud, t\u00e4idab ta eeskirjaga \u00f5ppeprodekaanile pandud kohustusi ise.<\/p>\n<p style=\"text-align: justify; margin-left: 40px;\">1.3. \u00d5ppet\u00f6\u00f6 korraldamise eest vastutab \u00f5ppekava programmijuht.<\/p>\n<p style=\"text-align: justify; margin-left: 40px;\">1.4. \u00d5ppet\u00f6\u00f6 toimumise \u00f5ppeaines vastavalt semestri \u00f5ppeaine versioonile tagab \u00f5ppeaine vastutav \u00f5ppej\u00f5ud.<\/p>\n<p style=\"text-align: justify; margin-left: 40px;\">1.5. Eeskirjaga instituudi juhile antud \u00f5igused ja kohustused on kolled\u017eis direktoril.<\/p>\n<p style=\"text-align: justify; margin-left: 40px;\">1.6. Kui rektor ei ole \u00f5ppeprorektorit m\u00e4\u00e4ranud, siis t\u00e4idab \u00f5ppeprorektori \u00fclesandeid rektori m\u00e4\u00e4ratud prorektor.<\/p>\n<p style=\"text-align: justify; margin-left: 40px;\">1.7. \u00dchis\u00f5ppekavade \u00f5ppekorralduse erisused s\u00e4testatakse k\u00f5rgkoolide koost\u00f6\u00f6lepingus.<\/p>\n<p style=\"text-align: justify;\">2. \u00dclikooli taseme\u00f5ppes on v\u00f5imalik \u00f5ppida \u00fcli\u00f5pilase, k\u00fclalis\u00fcli\u00f5pilase ja eksternina.<\/p>\n<p style=\"text-align: justify; margin-left: 40px;\">2.1. \u00dcli\u00f5pilane on isik, kes on immatrikuleerimisega arvatud \u00fcli\u00f5pilaste nimekirja \u00fclikooli taseme\u00f5ppe \u00f5ppekava j\u00e4rgi. \u00dcli\u00f5pilane immatrikuleeritakse \u00f5ppeprorektori korraldusega, milles on kehtestatud \u00f5ppeaja algus ja l\u00f5pp \u00f5ppekava nominaalkestuse kohaselt. \u00dcli\u00f5pilasel on \u00f5igus olla immatrikuleeritud korraga \u00fche \u00f5ppekava alusel.<\/p>\n<p style=\"text-align: justify; margin-left: 40px;\">2.2. K\u00fclalis\u00fcli\u00f5pilane on m\u00f5ne teise k\u00f5rgkooli \u00fcli\u00f5pilane, kes arvatakse \u00fcli\u00f5pilase avalduse alusel \u00f5ppeprorektori korraldusega \u00fclikooli \u00f5ppima kuni \u00fcheks \u00f5ppeaastaks. V\u00e4lisk\u00fclalis\u00fcli\u00f5pilase koduk\u00f5rgkool on v\u00e4lisriigi k\u00f5rgkool. K\u00fclalis\u00fcli\u00f5pilasena \u00f5ppimine on s\u00e4testatud <a href=\"https:\/\/sisu.ut.ee\/ope\/kulalisuliopilasena-oppimine\/\" target=\"_blank\" rel=\"noopener\">lisa 1 peat\u00fckis I<\/a>.<\/p>\n<p style=\"text-align: justify; margin-left: 40px;\">2.3. Ekstern on isik, kellele on antud \u00f5igus t\u00e4ita \u00f5ppekava, sealhulgas sooritada eksameid ja arvestusi kuni 30 ainepunkti (edaspidi: EAP) ulatuses \u00f5ppeaastas ja\/v\u00f5i sooritada praktika ja\/v\u00f5i sooritada lopueksam v\u00f5i kaitsta l\u00f5put\u00f6\u00f6. Eksternina \u00f5ppimine on s\u00e4testatud <a href=\"https:\/\/sisu.ut.ee\/ope\/eksternina-oppimine\/\" target=\"_blank\" rel=\"noopener\">lisa 1 peat\u00fckis II.<\/a><\/p>\n<p style=\"text-align: justify;\">3. \u00dclikooli ametlik \u00f5ppekorralduse infovahetuskeskkond on \u00f5ppeinfos\u00fcsteem. <a href=\"https:\/\/adr.ut.ee\/?page=pub_get_ttxt_dokv_file&amp;pid=126386&amp;lang=est&amp;u=20240417134921&amp;desktop=57835&amp;r_url=%2F%3Fpage%3Dpub_list_dynobj%26pid%3D%26tid%3D69329%26u%3D20240417134921\" target=\"_blank\" rel=\"noopener\">\u00d5ppeinfos\u00fcsteemi korralduse<\/a> kehtestab rektor.<\/p>\n<p style=\"text-align: justify;\">4. \u00dclikoolis toimuva \u00f5ppet\u00f6\u00f6 ajalise arvestuse \u00fchik on \u00f5ppeaasta. \u00dche \u00f5ppeaasta arvestuslik maht on 60 EAP-d. \u00d5ppeaasta jaguneb kaheks 20-n\u00e4dalaseks semestriks, millest kumbki kestab 140 p\u00e4eva. \u00d5ppeaasta algab s\u00fcgissemestril 1. septembrile l\u00e4himal esmasp\u00e4eval. Semestrite algus ja l\u00f5pp ning muud olulised \u00f5ppetegevuse t\u00e4htajad m\u00e4\u00e4ratakse kuup\u00e4evaliselt kindlaks iga \u00f5ppeaasta <a href=\"https:\/\/ois2.ut.ee\/#\/academic-calendar\">akadeemilises kalendris<\/a>, mille kinnitab rektor.<\/p>\n<p style=\"text-align: justify;\">5. \u00d5ppet\u00f6\u00f6 ajalise ja rahalise arvestuse \u00fchik on \u00f5ppekoht, mis luuakse vastuv\u00f5tueeskirja alusel rektori korraldusega.<\/p>\n<p style=\"text-align: justify;\">6. \u00d5ppet\u00f6\u00f6 toimub kontakt\u00f5ppe, praktika ja iseseisva t\u00f6\u00f6na. Kontakt\u00f5pe on \u00f5ppet\u00f6\u00f6, milles osalevad samal ajal nii \u00fcli\u00f5pilane kui ka \u00f5ppej\u00f5ud, sealhulgas reaalajas kahesuunalist pilti ja heli v\u00f5imaldava side abil toimuv \u00f5ppet\u00f6\u00f6. P\u00e4eva\u00f5pe on \u00f5ppevorm, kus kontakt\u00f5pet korraldatakse peamiselt t\u00f6\u00f6p\u00e4evadel. Sessioon\u00f5pe on \u00f5ppevorm, kus kontakt\u00f5pet korraldatakse paindlikult \u00f5ppesessioonidena, mis v\u00f5ivad toimuda n\u00e4dalavahetustel.<\/p>\n<p><\/p><div class=\"accordion mb-3\">\n        <div class=\"accordion-item accordion-item--white\">\n        <h2 class=\"accordion-header\" id=\"accordion-69d508a7cd1f0-heading\">\n            <button class=\"accordion-button collapsed\" type=\"button\" data-bs-toggle=\"collapse\" data-bs-target=\"#accordion-69d508a7cd1f0-collapse\" aria-expanded=\"true\" aria-controls=\"accordion-69d508a7cd1f0-collapse\">Vaata lisaks<\/button>\n        <\/h2>\n        <div id=\"accordion-69d508a7cd1f0-collapse\" class=\"accordion-collapse collapse\" aria-labelledby=\"accordion-69d508a7cd1f0-heading\">\n            <div class=\"accordion-body\">K\u00f5rgharidusstandard:<br>\n<span style=\"color: #0000ff;\">https:\/\/www.riigiteataja.ee\/akt\/112072019017<\/span>\n<p>\u00d5ppekorralduse s\u00f5naraamat:<br>\n<span style=\"color: #0000ff;\">https:\/\/wiki.ut.ee\/pages\/viewpage.action?pageId=15106123<\/span><br>\n<\/p><\/div>\n        <\/div>\n        <\/div>\n    <\/div>\n<p style=\"text-align: justify;\">\n<\/p>","protected":false},"excerpt":{"rendered":"<p>I. \u00dclds\u00e4tted 1. \u00d5ppekorralduseeskiri (edaspidi: eeskiri) reguleerib \u00f5ppet\u00f6\u00f6 korraldust Tartu \u00dclikooli (edaspidi: \u00fclikool) taseme\u00f5ppe esimesel ja teisel \u00f5ppeastmel. Eeskirja j\u00e4rgimine on kohustuslik k\u00f5igile \u00f5ppet\u00f6\u00f6 osalistele. 1.1. Valdkonna \u00f5ppet\u00f6\u00f6 \u00f5igusp\u00e4rase ja otstarbeka korralduse eest vastutab dekaan. 1.2. \u00d5ppekorralduslike otsuste tegemiseks valdkonnas &#8230;<\/p>\n","protected":false},"author":383,"featured_media":0,"parent":0,"menu_order":0,"comment_status":"closed","ping_status":"closed","template":"","meta":{"_acf_changed":false,"inline_featured_image":false,"footnotes":""},"class_list":["post-69","page","type-page","status-publish","hentry"],"acf":[],"_links":{"self":[{"href":"https:\/\/sisu.ut.ee\/ope\/wp-json\/wp\/v2\/pages\/69","targetHints":{"allow":["GET"]}}],"collection":[{"href":"https:\/\/sisu.ut.ee\/ope\/wp-json\/wp\/v2\/pages"}],"about":[{"href":"https:\/\/sisu.ut.ee\/ope\/wp-json\/wp\/v2\/types\/page"}],"author":[{"embeddable":true,"href":"https:\/\/sisu.ut.ee\/ope\/wp-json\/wp\/v2\/users\/383"}],"replies":[{"embeddable":true,"href":"https:\/\/sisu.ut.ee\/ope\/wp-json\/wp\/v2\/comments?post=69"}],"version-history":[{"count":3,"href":"https:\/\/sisu.ut.ee\/ope\/wp-json\/wp\/v2\/pages\/69\/revisions"}],"predecessor-version":[{"id":1445,"href":"https:\/\/sisu.ut.ee\/ope\/wp-json\/wp\/v2\/pages\/69\/revisions\/1445"}],"wp:attachment":[{"href":"https:\/\/sisu.ut.ee\/ope\/wp-json\/wp\/v2\/media?parent=69"}],"curies":[{"name":"wp","href":"https:\/\/api.w.org\/{rel}","templated":true}]}}