{"id":60,"date":"2024-04-04T07:15:55","date_gmt":"2024-04-04T04:15:55","guid":{"rendered":"https:\/\/sisu.ut.ee\/ope\/atesteerimiskoosolek-0\/"},"modified":"2024-04-16T11:09:44","modified_gmt":"2024-04-16T08:09:44","slug":"atesteerimiskoosolek-0","status":"publish","type":"page","link":"https:\/\/sisu.ut.ee\/ope\/atesteerimiskoosolek-0\/","title":{"rendered":"II.5.4. Atesteerimiskoosolek"},"content":{"rendered":"<p style=\"text-align: justify;\"><strong><br>\n<a id=\"73\" name=\"73\"><\/a>73. <\/strong>Atesteerimiskoosolekul atesteerib atesteerimiskomisjon doktori\u00f5ppes \u00f5ppijat ja annab tagasisidet juhendamisele vastavalt k\u00e4esolevale eeskirjale ja valdkonna atesteerimiskorrale.<\/p>\n<p style=\"text-align: justify;\"><strong>74. <\/strong>Atesteerimiskoosolekul osalemine on doktori\u00f5ppes \u00f5ppijale kohustuslik. M\u00f5juval p\u00f5hjusel v\u00f5ib atesteerimiskomisjon doktori\u00f5ppes \u00f5ppija taotlusel anda talle loa koosolekul mitte osaleda.<\/p>\n<p style=\"text-align: justify;\"><strong>75. <\/strong>Atesteerimiskomisjoni esimehe otsusel v\u00f5ib m\u00f5juval p\u00f5hjusel pidada atesteerimiskoosolekut reaalajas kahesuunalist pilti ja heli v\u00f5imaldava side abil.<\/p>\n","protected":false},"excerpt":{"rendered":"<p>73. Atesteerimiskoosolekul atesteerib atesteerimiskomisjon doktori\u00f5ppes \u00f5ppijat ja annab tagasisidet juhendamisele vastavalt k\u00e4esolevale eeskirjale ja valdkonna atesteerimiskorrale. 74. Atesteerimiskoosolekul osalemine on doktori\u00f5ppes \u00f5ppijale kohustuslik. M\u00f5juval p\u00f5hjusel v\u00f5ib atesteerimiskomisjon doktori\u00f5ppes \u00f5ppija taotlusel anda talle loa koosolekul mitte osaleda. 75. Atesteerimiskomisjoni esimehe otsusel &#8230;<\/p>\n","protected":false},"author":228,"featured_media":0,"parent":0,"menu_order":0,"comment_status":"closed","ping_status":"closed","template":"","meta":{"_acf_changed":false,"inline_featured_image":false,"footnotes":""},"class_list":["post-60","page","type-page","status-publish","hentry"],"acf":[],"_links":{"self":[{"href":"https:\/\/sisu.ut.ee\/ope\/wp-json\/wp\/v2\/pages\/60","targetHints":{"allow":["GET"]}}],"collection":[{"href":"https:\/\/sisu.ut.ee\/ope\/wp-json\/wp\/v2\/pages"}],"about":[{"href":"https:\/\/sisu.ut.ee\/ope\/wp-json\/wp\/v2\/types\/page"}],"author":[{"embeddable":true,"href":"https:\/\/sisu.ut.ee\/ope\/wp-json\/wp\/v2\/users\/228"}],"replies":[{"embeddable":true,"href":"https:\/\/sisu.ut.ee\/ope\/wp-json\/wp\/v2\/comments?post=60"}],"version-history":[{"count":2,"href":"https:\/\/sisu.ut.ee\/ope\/wp-json\/wp\/v2\/pages\/60\/revisions"}],"predecessor-version":[{"id":1371,"href":"https:\/\/sisu.ut.ee\/ope\/wp-json\/wp\/v2\/pages\/60\/revisions\/1371"}],"wp:attachment":[{"href":"https:\/\/sisu.ut.ee\/ope\/wp-json\/wp\/v2\/media?parent=60"}],"curies":[{"name":"wp","href":"https:\/\/api.w.org\/{rel}","templated":true}]}}