{"id":5,"date":"2024-04-04T07:15:49","date_gmt":"2024-04-04T04:15:49","guid":{"rendered":"https:\/\/sisu.ut.ee\/ope\/atesteerimine\/"},"modified":"2024-04-17T16:16:18","modified_gmt":"2024-04-17T13:16:18","slug":"atesteerimine","status":"publish","type":"page","link":"https:\/\/sisu.ut.ee\/ope\/atesteerimine\/","title":{"rendered":"Atesteerimine"},"content":{"rendered":"<p style=\"text-align: justify\">\n\t<br><b><span lang=\"ET\"><span style=\"line-height:107%\"><span style=\",serif\">II.5. Atesteerimine<\/span><\/span><\/span><\/b>\n<\/p>\n<p style=\"text-align: justify\">\n\t<span lang=\"ET\"><span style=\"line-height:107%\"><span style=\",serif\">37. Doktori\u00f5ppekava t\u00e4itmist hinnatakse atesteerimisel. Doktorant arvatakse oma \u00f5ppekava j\u00e4rgmise aasta \u00fcli\u00f5pilaseks \u00fche nominaalse \u00f5ppeaasta (kahe \u00f5pitud semestri) m\u00f6\u00f6dumisel immatrikuleerimisest v\u00f5i viimasest \u00fcleviimisest \u00f5ppekorralduseeskirja punktis 40 kirjeldatud korras, kui ta on n\u00f5utud mahus \u00f5ppekava t\u00e4itnud. Doktorandi oppekoormus m\u00e4\u00e4ratakse \u00f5ppekorralduseeskirja punkti 42 kohaselt.<\/span><\/span><\/span>\n<\/p>\n<p style=\"text-align: justify\">\n\t<span lang=\"ET\"><span style=\"line-height:107%\"><span style=\",serif\">38. \u00d5pitud semester on semester, mille jooksul \u00f5ppijal on \u00f5ppekohal \u00f5ppimise p\u00e4evi \u00fcle poole semestrist (\u00fcle 70 p\u00e4eva) ja mil \u00f5ppija akadeemiline puhkus v\u00f5i pikendatud nominaalne \u00f5ppeaeg kestab alla poole semestrist.<\/span><\/span><\/span>\n<\/p>\n<p style=\"text-align: justify\">\n\t<span lang=\"ET\"><span style=\"line-height:107%\"><span style=\",serif\">39. Atesteerimine on atesteerimiskomisjoni hinnangu andmine doktori\u00f5ppes \u00f5ppija edasij\u00f5udmisele oma \u00f5ppekava \u00f5ppe- ja teadust\u00f6\u00f6s. Atesteerimisel hinnatakse doktori\u00f5ppes \u00f5ppija individuaalplaani t\u00e4itmist, sealhulgas antakse tagasisidet juhendamisele. <\/span><\/span><\/span>\n<\/p>\n<p style=\"text-align: justify\">\n\t<span lang=\"ET\"><span style=\"line-height:107%\"><span style=\",serif\">40. Atesteerimisel arvestatakse \u00f5ppeainete l\u00e4bimisel saadud ainepunkte ja atesteerimisel teadust\u00f6\u00f6 eest antavaid ainepunkte.<\/span><\/span><\/span><\/p>\n","protected":false},"excerpt":{"rendered":"<p>II.5. Atesteerimine 37. Doktori\u00f5ppekava t\u00e4itmist hinnatakse atesteerimisel. Doktorant arvatakse oma \u00f5ppekava j\u00e4rgmise aasta \u00fcli\u00f5pilaseks \u00fche nominaalse \u00f5ppeaasta (kahe \u00f5pitud semestri) m\u00f6\u00f6dumisel immatrikuleerimisest v\u00f5i viimasest \u00fcleviimisest \u00f5ppekorralduseeskirja punktis 40 kirjeldatud korras, kui ta on n\u00f5utud mahus \u00f5ppekava t\u00e4itnud. Doktorandi oppekoormus m\u00e4\u00e4ratakse &#8230;<\/p>\n","protected":false},"author":228,"featured_media":0,"parent":0,"menu_order":0,"comment_status":"closed","ping_status":"closed","template":"","meta":{"_acf_changed":false,"inline_featured_image":false,"footnotes":""},"class_list":["post-5","page","type-page","status-publish","hentry"],"acf":[],"_links":{"self":[{"href":"https:\/\/sisu.ut.ee\/ope\/wp-json\/wp\/v2\/pages\/5","targetHints":{"allow":["GET"]}}],"collection":[{"href":"https:\/\/sisu.ut.ee\/ope\/wp-json\/wp\/v2\/pages"}],"about":[{"href":"https:\/\/sisu.ut.ee\/ope\/wp-json\/wp\/v2\/types\/page"}],"author":[{"embeddable":true,"href":"https:\/\/sisu.ut.ee\/ope\/wp-json\/wp\/v2\/users\/228"}],"replies":[{"embeddable":true,"href":"https:\/\/sisu.ut.ee\/ope\/wp-json\/wp\/v2\/comments?post=5"}],"version-history":[{"count":1,"href":"https:\/\/sisu.ut.ee\/ope\/wp-json\/wp\/v2\/pages\/5\/revisions"}],"predecessor-version":[{"id":730,"href":"https:\/\/sisu.ut.ee\/ope\/wp-json\/wp\/v2\/pages\/5\/revisions\/730"}],"wp:attachment":[{"href":"https:\/\/sisu.ut.ee\/ope\/wp-json\/wp\/v2\/media?parent=5"}],"curies":[{"name":"wp","href":"https:\/\/api.w.org\/{rel}","templated":true}]}}